|FAILURE| pw108966-108974 [PATCH] [v3, 9/9] net/ice: add warning log for unsupported configuration

dpdklab at iol.unh.edu dpdklab at iol.unh.edu
Tue Mar 29 07:51:00 CEST 2022


Test-Label: iol-aarch64-unit-testing
Test-Status: FAILURE
http://dpdk.org/patch/108974

_Testing issues_

Submitter: Wenjun Wu <wenjun1.wu at intel.com>
Date: Tuesday, March 29 2022 03:06:57 
DPDK git baseline: Repo:dpdk
  Branch: master
  CommitID:1d5e58e9b6962cb00fc5c7369cbf4e3b932a9b8e

108966-108974 --> testing fail

Test environment and result as below:

+-------------------------------+----------------+--------------+
|          Environment          | dpdk_unit_test | lpm_autotest |
+===============================+================+==============+
| Ubuntu 20.04 ARM GCC Native   | PASS           | SKIPPED      |
+-------------------------------+----------------+--------------+
| Ubuntu 20.04 ARM Clang Native | FAIL           | SKIPPED      |
+-------------------------------+----------------+--------------+
| Ubuntu 20.04 ARM SVE          | SKIPPED        | PASS         |
+-------------------------------+----------------+--------------+

==== 20 line log output for Ubuntu 20.04 ARM Clang Native (dpdk_unit_test): ====
[2101/3486] Generating drivers/rte_net_ring.sym_chk with a custom command (wrapped by meson to capture output)
[2102/3486] Generating drivers/rte_net_nfp.sym_chk with a custom command (wrapped by meson to capture output)
[2103/3486] Generating drivers/rte_net_qede.sym_chk with a custom command (wrapped by meson to capture output)
[2104/3486] Generating drivers/rte_net_thunderx.sym_chk with a custom command (wrapped by meson to capture output)
[2105/3486] Generating drivers/rte_net_tap.sym_chk with a custom command (wrapped by meson to capture output)
[2106/3486] Generating drivers/rte_net_vdev_netvsc.sym_chk with a custom command (wrapped by meson to capture output)
[2107/3486] Generating drivers/rte_net_vhost.sym_chk with a custom command (wrapped by meson to capture output)
[2108/3486] Generating drivers/rte_net_softnic.sym_chk with a custom command (wrapped by meson to capture output)
[2109/3486] Generating drivers/rte_net_vmxnet3.sym_chk with a custom command (wrapped by meson to capture output)
[2110/3486] Generating lib/pipeline.sym_chk with a custom command (wrapped by meson to capture output)
[2111/3486] Generating drivers/rte_net_i40e.sym_chk with a custom command (wrapped by meson to capture output)
[2112/3486] Generating drivers/rte_net_ixgbe.sym_chk with a custom command (wrapped by meson to capture output)
[2113/3486] Generating drivers/rte_bus_dpaa.sym_chk with a custom command (wrapped by meson to capture output)
[2114/3486] Generating drivers/rte_bus_fslmc.sym_chk with a custom command (wrapped by meson to capture output)
[2115/3486] Generating drivers/rte_common_mlx5.sym_chk with a custom command (wrapped by meson to capture output)
[2116/3486] Generating lib/ethdev.sym_chk with a custom command (wrapped by meson to capture output)
[2117/3486] Generating lib/eal.sym_chk with a custom command (wrapped by meson to capture output)
[2118/3486] Generating drivers/rte_common_sfc_efx.sym_chk with a custom command (wrapped by meson to capture output)
[2119/3486] Generating drivers/rte_common_cnxk.sym_chk with a custom command (wrapped by meson to capture output)
ninja: build stopped: subcommand failed.
==== End log output ====

Ubuntu 20.04 ARM GCC Native
	Kernel: 5.4.0-53-generic
	Compiler: gcc 9.3

Ubuntu 20.04 ARM Clang Native
	Kernel: 5.4.0-53-generic
	Compiler: clang 10.0.0-4ubuntu1

Ubuntu 20.04 ARM SVE
	Kernel: 5.4.0-80-generic
	Compiler: gcc 10.3.0 (Ubuntu 10.3.0-1ubuntu1~20.04)

To view detailed results, visit:
https://lab.dpdk.org/results/dashboard/patchsets/21602/

UNH-IOL DPDK Community Lab

To manage your email subscriptions, visit: 
https://lab.dpdk.org/results/dashboard/preferences/subscriptions/


More information about the test-report mailing list