|FAILURE| pw109023 [PATCH] eal: add seqlock

dpdklab at iol.unh.edu dpdklab at iol.unh.edu
Wed Mar 30 14:50:34 CEST 2022


Test-Label: iol-x86_64-unit-testing
Test-Status: FAILURE
http://dpdk.org/patch/109023

_Testing issues_

Submitter: Mattias Rönnblom <mattias.ronnblom at ericsson.com>
Date: Wednesday, March 30 2022 10:07:10 
DPDK git baseline: Repo:dpdk
  Branch: master
  CommitID:ccd4c4094d18c720dafb6d18a331b4b66da4edb9

109023 --> testing fail

Test environment and result as below:

+------------------+----------------+
|   Environment    | dpdk_unit_test |
+==================+================+
| Ubuntu 18.04     | FAIL           |
+------------------+----------------+
| Fedora 31        | FAIL           |
+------------------+----------------+
| Arch Linux       | FAIL           |
+------------------+----------------+
| openSUSE Leap 15 | FAIL           |
+------------------+----------------+
| CentOS Stream 8  | FAIL           |
+------------------+----------------+
| Fedora 32        | FAIL           |
+------------------+----------------+
| Ubuntu 20.04     | FAIL           |
+------------------+----------------+
| RHEL 7           | FAIL           |
+------------------+----------------+
| Fedora 33        | FAIL           |
+------------------+----------------+
| RHEL8            | FAIL           |
+------------------+----------------+
| Fedora 34        | FAIL           |
+------------------+----------------+
| Fedora 34 clang  | FAIL           |
+------------------+----------------+

==== 20 line log output for Fedora 34 clang (dpdk_unit_test): ====
90/100 DPDK:fast-tests / metrics_autotest      OK       0.17 s
91/100 DPDK:fast-tests / telemetry_json_autotest  OK       0.17 s
92/100 DPDK:fast-tests / telemetry_data_autotest  OK       0.17 s
93/100 DPDK:fast-tests / table_autotest        OK       5.98 s
94/100 DPDK:fast-tests / ring_pmd_autotest     OK       0.17 s
95/100 DPDK:fast-tests / event_eth_tx_adapter_autotest  OK       0.47 s
96/100 DPDK:fast-tests / bitratestats_autotest  OK       0.17 s
97/100 DPDK:fast-tests / latencystats_autotest  OK       0.17 s
98/100 DPDK:fast-tests / pdump_autotest        OK       5.19 s
99/100 DPDK:fast-tests / vdev_autotest         OK       0.17 s
100/100 DPDK:fast-tests / compressdev_autotest  SKIP     0.17 s

Ok:                   93
Expected Fail:         0
Fail:                  1
Unexpected Pass:       0
Skipped:               6
Timeout:               0

Full log written to /home-local/jenkins-local/jenkins-agent/workspace/Generic-Unit-Test-DPDK at 2/dpdk/build/meson-logs/testlog.txt
==== End log output ====

Ubuntu 18.04
	Kernel: 4.18.0-240.10.1.el8_3.x86_64
	Compiler: gcc 7.5.0-3ubuntu1~18.04

Fedora 31
	Kernel: 4.18.0-240.10.1.el8_3.x86_64
	Compiler: gcc 9.3.1

Arch Linux
	Kernel: 5.4.0-73-generic
	Compiler: gcc 11.1.0

openSUSE Leap 15
	Kernel: 4.18.0-240.10.1.el8_3.x86_64
	Compiler: gcc 7.5.0

CentOS Stream 8
	Kernel: 4.18.0-240.10.1.el8_3.x86_64
	Compiler: gcc 8.4.1 20200928

Fedora 32
	Kernel: 4.18.0-240.10.1.el8_3.x86_64
	Compiler: gcc 10.2.1

Ubuntu 20.04
	Kernel: 4.18.0-240.10.1.el8_3.x86_64
	Compiler: gcc 9.3.0-17ubuntu1~20.04

RHEL 7
	Kernel: 4.18.0-240.10.1.el8_3.x86_64
	Compiler: gcc 4.8.5 20150623 (Red Hat 4.8.5-44)

Fedora 33
	Kernel: 5.4.0-72-generic
	Compiler: gcc 10.3.1 20210422 (Red Hat 10.3.1-1)

RHEL8
	Kernel: 4.18.0-240.10.1.el8_3.x86_64
	Compiler: gcc 8.3.1 20191121 (Red Hat 8.3.1-5)

Fedora 34
	Kernel: 5.4.0-72-generic
	Compiler: gcc 11.1.1 20210428 (Red Hat 11.1.1-1)

Fedora 34 clang
	Kernel: 5.4.0-72-generic
	Compiler: clang 12.0.0 (Fedora 12.0.0-0.3.rc1.fc34)

To view detailed results, visit:
https://lab.dpdk.org/results/dashboard/patchsets/21617/

UNH-IOL DPDK Community Lab

To manage your email subscriptions, visit: 
https://lab.dpdk.org/results/dashboard/preferences/subscriptions/


More information about the test-report mailing list