|FAILURE| [GIT MASTER] 73655c6414914c99a33010e9e7bdae9cafd24404
dpdklab at iol.unh.edu
dpdklab at iol.unh.edu
Thu Sep 1 07:37:02 CEST 2022
_Testing issues_
Branch: tags/v20.11
73655c6414914c99a33010e9e7bdae9cafd24404 --> testing fail
Test environment and result as below:
+------------------+----------------+
| Environment | dpdk_unit_test |
+==================+================+
| RHEL 7 | PASS |
+------------------+----------------+
| Ubuntu 18.04 | PASS |
+------------------+----------------+
| RHEL8 | PASS |
+------------------+----------------+
| Fedora 32 | PASS |
+------------------+----------------+
| Ubuntu 20.04 | PASS |
+------------------+----------------+
| Fedora 34 | PASS |
+------------------+----------------+
| Fedora 33 | PASS |
+------------------+----------------+
| Fedora 31 | FAIL |
+------------------+----------------+
| Fedora 34 clang | PASS |
+------------------+----------------+
| openSUSE Leap 15 | FAIL |
+------------------+----------------+
==== 20 line log output for openSUSE Leap 15 (dpdk_unit_test): ====
21/94 DPDK:fast-tests / eal_flags_file_prefix_autotest OK 4.13 s
22/94 DPDK:fast-tests / eal_flags_misc_autotest OK 1.58 s
23/94 DPDK:fast-tests / eal_fs_autotest OK 0.27 s
24/94 DPDK:fast-tests / errno_autotest OK 0.32 s
25/94 DPDK:fast-tests / ethdev_link_status OK 0.27 s
26/94 DPDK:fast-tests / event_ring_autotest OK 0.27 s
27/94 DPDK:fast-tests / fib_autotest OK 1.17 s
28/94 DPDK:fast-tests / fib6_autotest OK 1.22 s
29/94 DPDK:fast-tests / func_reentrancy_autotest OK 6.17 s
30/94 DPDK:fast-tests / flow_classify_autotest OK 0.27 s
31/94 DPDK:fast-tests / hash_autotest OK 0.52 s
32/94 DPDK:fast-tests / interrupt_autotest OK 1.37 s
33/94 DPDK:fast-tests / ipfrag_autotest OK 0.27 s
34/94 DPDK:fast-tests / lcores_autotest OK 2.23 s
35/94 DPDK:fast-tests / logs_autotest OK 0.27 s
36/94 DPDK:fast-tests / lpm_autotest OK 6.34 s
37/94 DPDK:fast-tests / lpm6_autotest OK 8.00 s
38/94 DPDK:fast-tests / malloc_autotest OK 5.79 s
39/94 DPDK:fast-tests / mbuf_autotest OK 20.08 s
40/94 DPDK:fast-tests / mcslock_autotest TIMEOUT 602.01 s
==== End log output ====
RHEL 7
Kernel: 4.18.0-240.10.1.el8_3.x86_64
Compiler: gcc 4.8.5 20150623 (Red Hat 4.8.5-44)
Ubuntu 18.04
Kernel: 4.18.0-240.10.1.el8_3.x86_64
Compiler: gcc 7.5.0-3ubuntu1~18.04
RHEL8
Kernel: 4.18.0-240.10.1.el8_3.x86_64
Compiler: gcc 8.3.1 20191121 (Red Hat 8.3.1-5)
Fedora 32
Kernel: 4.18.0-240.10.1.el8_3.x86_64
Compiler: gcc 10.2.1
Ubuntu 20.04
Kernel: 4.18.0-240.10.1.el8_3.x86_64
Compiler: gcc 9.3.0-17ubuntu1~20.04
Fedora 34
Kernel: 5.4.0-72-generic
Compiler: gcc 11.1.1 20210428 (Red Hat 11.1.1-1)
Fedora 33
Kernel: 5.4.0-72-generic
Compiler: gcc 10.3.1 20210422 (Red Hat 10.3.1-1)
Fedora 31
Kernel: 4.18.0-240.10.1.el8_3.x86_64
Compiler: gcc 9.3.1
Fedora 34 clang
Kernel: 5.4.0-72-generic
Compiler: clang 12.0.0 (Fedora 12.0.0-0.3.rc1.fc34)
openSUSE Leap 15
Kernel: 4.18.0-240.10.1.el8_3.x86_64
Compiler: gcc 7.5.0
To view detailed results, visit:
https://lab.dpdk.org/results/dashboard/tarballs/21197/
UNH-IOL DPDK Community Lab
To manage your email subscriptions, visit:
https://lab.dpdk.org/results/dashboard/preferences/subscriptions/
More information about the test-report
mailing list