|FAILURE| pw115702-115705 [PATCH] [4/4] net/axgbe: fix scattered Rx function

dpdklab at iol.unh.edu dpdklab at iol.unh.edu
Thu Sep 1 11:07:29 CEST 2022


Test-Label: iol-aarch64-unit-testing
Test-Status: FAILURE
http://dpdk.org/patch/115705

_Testing issues_

Submitter: Bhagyada Modali <bhagyada.modali at amd.com>
Date: Thursday, September 01 2022 05:33:11 
DPDK git baseline: Repo:dpdk
  Branch: master
  CommitID:4aee6110bb10b0225fa9562f2e48af233a9058a1

115702-115705 --> testing fail

Test environment and result as below:

+-------------------------------+--------------+----------------+
|          Environment          | lpm_autotest | dpdk_unit_test |
+===============================+==============+================+
| Ubuntu 20.04 ARM SVE          | PASS         | SKIPPED        |
+-------------------------------+--------------+----------------+
| Ubuntu 20.04 ARM GCC Native   | SKIPPED      | FAIL           |
+-------------------------------+--------------+----------------+
| Ubuntu 20.04 ARM Clang Native | SKIPPED      | PASS           |
+-------------------------------+--------------+----------------+

==== 20 line log output for Ubuntu 20.04 ARM GCC Native (dpdk_unit_test): ====
[2162/3507] Generating drivers/rte_net_ice.sym_chk with a custom command (wrapped by meson to capture output)
[2163/3507] Generating drivers/rte_net_qede.sym_chk with a custom command (wrapped by meson to capture output)
[2164/3507] Generating drivers/rte_net_vdev_netvsc.sym_chk with a custom command (wrapped by meson to capture output)
[2165/3507] Generating drivers/rte_net_tap.sym_chk with a custom command (wrapped by meson to capture output)
[2166/3507] Generating drivers/rte_net_thunderx.sym_chk with a custom command (wrapped by meson to capture output)
[2167/3507] Generating drivers/rte_net_vhost.sym_chk with a custom command (wrapped by meson to capture output)
[2168/3507] Generating drivers/rte_net_softnic.sym_chk with a custom command (wrapped by meson to capture output)
[2169/3507] Generating drivers/rte_net_i40e.sym_chk with a custom command (wrapped by meson to capture output)
[2170/3507] Generating drivers/rte_net_vmxnet3.sym_chk with a custom command (wrapped by meson to capture output)
[2171/3507] Generating drivers/rte_net_mlx5.sym_chk with a custom command (wrapped by meson to capture output)
[2172/3507] Generating lib/pipeline.sym_chk with a custom command (wrapped by meson to capture output)
[2173/3507] Generating drivers/rte_net_ixgbe.sym_chk with a custom command (wrapped by meson to capture output)
[2174/3507] Generating drivers/rte_bus_dpaa.sym_chk with a custom command (wrapped by meson to capture output)
[2175/3507] Generating drivers/rte_bus_fslmc.sym_chk with a custom command (wrapped by meson to capture output)
[2176/3507] Generating drivers/rte_common_mlx5.sym_chk with a custom command (wrapped by meson to capture output)
[2177/3507] Generating lib/ethdev.sym_chk with a custom command (wrapped by meson to capture output)
[2178/3507] Generating drivers/rte_common_sfc_efx.sym_chk with a custom command (wrapped by meson to capture output)
[2179/3507] Generating lib/eal.sym_chk with a custom command (wrapped by meson to capture output)
[2180/3507] Generating drivers/rte_common_cnxk.sym_chk with a custom command (wrapped by meson to capture output)
ninja: build stopped: subcommand failed.
==== End log output ====

Ubuntu 20.04 ARM SVE
	Kernel: 5.4.0-80-generic
	Compiler: gcc 10.3.0 (Ubuntu 10.3.0-1ubuntu1~20.04)

Ubuntu 20.04 ARM GCC Native
	Kernel: 5.4.0-53-generic
	Compiler: gcc 9.3

Ubuntu 20.04 ARM Clang Native
	Kernel: 5.4.0-53-generic
	Compiler: clang 10.0.0-4ubuntu1

To view detailed results, visit:
https://lab.dpdk.org/results/dashboard/patchsets/23369/

UNH-IOL DPDK Community Lab

To manage your email subscriptions, visit: 
https://lab.dpdk.org/results/dashboard/preferences/subscriptions/


More information about the test-report mailing list