|WARNING| [GIT MASTER] 7bcd45ce824d0ea2a9f30d16855613a93521851b
    dpdklab at iol.unh.edu 
    dpdklab at iol.unh.edu
       
    Fri Sep  2 07:57:20 CEST 2022
    
    
  
_Testing issues_
Branch: tags/v21.11
7bcd45ce824d0ea2a9f30d16855613a93521851b --> testing fail
Test environment and result as below:
+-----------------------------+----------+
|         Environment         | abi_test |
+=============================+==========+
| Ubuntu 20.04 ARM GCC Native | PASS     |
+-----------------------------+----------+
| openSUSE Leap 15            | FAIL     |
+-----------------------------+----------+
| Ubuntu 18.04                | PASS     |
+-----------------------------+----------+
| RHEL 7                      | FAIL     |
+-----------------------------+----------+
| Fedora 31                   | PASS     |
+-----------------------------+----------+
| Fedora 32                   | FAIL     |
+-----------------------------+----------+
| Fedora 34 clang             | FAIL     |
+-----------------------------+----------+
| Ubuntu 20.04                | PASS     |
+-----------------------------+----------+
| Fedora 34                   | FAIL     |
+-----------------------------+----------+
| Fedora 33                   | FAIL     |
+-----------------------------+----------+
| RHEL8                       | PASS     |
+-----------------------------+----------+
==== 20 line log output for Fedora 33 (abi_test): ====
==== Finished
==== Checking ABI
Functions changes summary: 0 Removed, 0 Changed, 0 Added (1 filtered out) function
Variables changes summary: 0 Removed, 0 Changed, 0 Added variable
Segmentation fault (core dumped)
Error: ABI issue reported for 'abidiff --suppr dpdk/devtools/libabigail.abignore --no-added-syms --headers-dir1 reference/include --headers-dir2 build_install/include reference/dump/librte_crypto_bcmfs.dump build_install/dump/librte_crypto_bcmfs.dump'
ABIDIFF_ERROR|ABIDIFF_USAGE_ERROR, this could be a script or environment issue.
ABIDIFF_ABI_INCOMPATIBLE_CHANGE, this change breaks the ABI.
Functions changes summary: 0 Removed, 0 Changed, 0 Added (1 filtered out) function
Variables changes summary: 0 Removed, 0 Changed, 0 Added variable
Functions changes summary: 0 Removed, 0 Changed (20 filtered out), 0 Added functions
Variables changes summary: 0 Removed, 0 Changed, 0 Added variable
Functions changes summary: 0 Removed, 0 Changed (5 filtered out), 0 Added functions
Variables changes summary: 0 Removed, 0 Changed, 0 Added variable
==== End log output ====
Ubuntu 20.04 ARM GCC Native
	Kernel: 5.4.0-53-generic
	Compiler: gcc 9.3
openSUSE Leap 15
	Kernel: 4.18.0-240.10.1.el8_3.x86_64
	Compiler: gcc 7.5.0
Ubuntu 18.04
	Kernel: 4.18.0-240.10.1.el8_3.x86_64
	Compiler: gcc 7.5.0-3ubuntu1~18.04
RHEL 7
	Kernel: 4.18.0-240.10.1.el8_3.x86_64
	Compiler: gcc 4.8.5 20150623 (Red Hat 4.8.5-44)
Fedora 31
	Kernel: 4.18.0-240.10.1.el8_3.x86_64
	Compiler: gcc 9.3.1
Fedora 32
	Kernel: 4.18.0-240.10.1.el8_3.x86_64
	Compiler: gcc 10.2.1
Fedora 34 clang
	Kernel: 5.4.0-72-generic
	Compiler: clang 12.0.0 (Fedora 12.0.0-0.3.rc1.fc34)
Ubuntu 20.04
	Kernel: 4.18.0-240.10.1.el8_3.x86_64
	Compiler: gcc 9.3.0-17ubuntu1~20.04
Fedora 34
	Kernel: 5.4.0-72-generic
	Compiler: gcc 11.1.1 20210428 (Red Hat 11.1.1-1)
Fedora 33
	Kernel: 5.4.0-72-generic
	Compiler: gcc 10.3.1 20210422 (Red Hat 10.3.1-1)
RHEL8
	Kernel: 4.18.0-240.10.1.el8_3.x86_64
	Compiler: gcc 8.3.1 20191121 (Red Hat 8.3.1-5)
To view detailed results, visit:
https://lab.dpdk.org/results/dashboard/tarballs/21220/
UNH-IOL DPDK Community Lab
To manage your email subscriptions, visit: 
https://lab.dpdk.org/results/dashboard/preferences/subscriptions/
    
    
More information about the test-report
mailing list