|WARNING| [GIT MASTER] 7bcd45ce824d0ea2a9f30d16855613a93521851b
dpdklab at iol.unh.edu
dpdklab at iol.unh.edu
Sun Sep 4 07:52:59 CEST 2022
_Testing issues_
Branch: tags/v21.11
7bcd45ce824d0ea2a9f30d16855613a93521851b --> testing fail
Test environment and result as below:
+-----------------------------+----------+
| Environment | abi_test |
+=============================+==========+
| Ubuntu 20.04 ARM GCC Native | PASS |
+-----------------------------+----------+
| Ubuntu 18.04 | PASS |
+-----------------------------+----------+
| Fedora 32 | FAIL |
+-----------------------------+----------+
| Fedora 34 clang | FAIL |
+-----------------------------+----------+
| RHEL8 | PASS |
+-----------------------------+----------+
| Fedora 31 | PASS |
+-----------------------------+----------+
| Fedora 33 | FAIL |
+-----------------------------+----------+
| Ubuntu 20.04 | PASS |
+-----------------------------+----------+
| Fedora 34 | FAIL |
+-----------------------------+----------+
| RHEL 7 | FAIL |
+-----------------------------+----------+
| openSUSE Leap 15 | FAIL |
+-----------------------------+----------+
==== 20 line log output for openSUSE Leap 15 (abi_test): ====
Error: ABI issue reported for 'abidiff --suppr dpdk/devtools/libabigail.abignore --no-added-syms --headers-dir1 reference/include --headers-dir2 build_install/include reference/dump/librte_common_qat.dump build_install/dump/librte_common_qat.dump'
ABIDIFF_ERROR|ABIDIFF_USAGE_ERROR, this could be a script or environment issue.
abidiff: incompatible format version between the two input files:
'reference/dump/librte_port.dump'
and
'build_install/dump/librte_port.dump'
Error: ABI issue reported for 'abidiff --suppr dpdk/devtools/libabigail.abignore --no-added-syms --headers-dir1 reference/include --headers-dir2 build_install/include reference/dump/librte_port.dump build_install/dump/librte_port.dump'
ABIDIFF_ERROR|ABIDIFF_USAGE_ERROR, this could be a script or environment issue.
abidiff: incompatible format version between the two input files:
'reference/dump/librte_pdump.dump'
and
'build_install/dump/librte_pdump.dump'
Error: ABI issue reported for 'abidiff --suppr dpdk/devtools/libabigail.abignore --no-added-syms --headers-dir1 reference/include --headers-dir2 build_install/include reference/dump/librte_pdump.dump build_install/dump/librte_pdump.dump'
ABIDIFF_ERROR|ABIDIFF_USAGE_ERROR, this could be a script or environment issue.
==== End log output ====
Ubuntu 20.04 ARM GCC Native
Kernel: 5.4.0-53-generic
Compiler: gcc 9.3
Ubuntu 18.04
Kernel: 4.18.0-240.10.1.el8_3.x86_64
Compiler: gcc 7.5.0-3ubuntu1~18.04
Fedora 32
Kernel: 4.18.0-240.10.1.el8_3.x86_64
Compiler: gcc 10.2.1
Fedora 34 clang
Kernel: 5.4.0-72-generic
Compiler: clang 12.0.0 (Fedora 12.0.0-0.3.rc1.fc34)
RHEL8
Kernel: 4.18.0-240.10.1.el8_3.x86_64
Compiler: gcc 8.3.1 20191121 (Red Hat 8.3.1-5)
Fedora 31
Kernel: 4.18.0-240.10.1.el8_3.x86_64
Compiler: gcc 9.3.1
Fedora 33
Kernel: 5.4.0-72-generic
Compiler: gcc 10.3.1 20210422 (Red Hat 10.3.1-1)
Ubuntu 20.04
Kernel: 4.18.0-240.10.1.el8_3.x86_64
Compiler: gcc 9.3.0-17ubuntu1~20.04
Fedora 34
Kernel: 5.4.0-72-generic
Compiler: gcc 11.1.1 20210428 (Red Hat 11.1.1-1)
RHEL 7
Kernel: 4.18.0-240.10.1.el8_3.x86_64
Compiler: gcc 4.8.5 20150623 (Red Hat 4.8.5-44)
openSUSE Leap 15
Kernel: 4.18.0-240.10.1.el8_3.x86_64
Compiler: gcc 7.5.0
To view detailed results, visit:
https://lab.dpdk.org/results/dashboard/tarballs/21235/
UNH-IOL DPDK Community Lab
To manage your email subscriptions, visit:
https://lab.dpdk.org/results/dashboard/preferences/subscriptions/
More information about the test-report
mailing list