|FAILURE| pw116184 [PATCH] [v2] dumpcap: add the mutiprocess fileprefix support.

dpdklab at iol.unh.edu dpdklab at iol.unh.edu
Mon Sep 12 15:20:24 CEST 2022


Test-Label: iol-aarch64-compile-testing
Test-Status: FAILURE
http://dpdk.org/patch/116184

_Testing issues_

Submitter: Arshdeep Kaur <arshdeep.kaur at intel.com>
Date: Monday, September 12 2022 12:43:09 
DPDK git baseline: Repo:dpdk
  Branch: master
  CommitID:4aee6110bb10b0225fa9562f2e48af233a9058a1

116184 --> testing fail

Test environment and result as below:

+----------------------------------------+--------------------+
|              Environment               | dpdk_meson_compile |
+========================================+====================+
| Ubuntu 20.04 ARM Clang Cross Compile   | PASS               |
+----------------------------------------+--------------------+
| Ubuntu 20.04 aarch32 GCC Cross Compile | PASS               |
+----------------------------------------+--------------------+
| Ubuntu 20.04 ARM GCC Cross Compile     | PASS               |
+----------------------------------------+--------------------+
| Ubuntu 20.04 ARM SVE                   | PASS               |
+----------------------------------------+--------------------+
| Ubuntu 20.04 ARM Clang Native          | PASS               |
+----------------------------------------+--------------------+
| Ubuntu 20.04 ARM GCC Native            | FAIL               |
+----------------------------------------+--------------------+

==== 20 line log output for Ubuntu 20.04 ARM GCC Native (dpdk_meson_compile): ====
[3242/3506] Generating drivers/rte_event_sw.sym_chk with a custom command (wrapped by meson to capture output)
[3243/3506] Generating drivers/rte_event_octeontx.sym_chk with a custom command (wrapped by meson to capture output)
[3244/3506] Compiling C object app/dpdk-dumpcap.p/dumpcap_main.c.o
FAILED: app/dpdk-dumpcap.p/dumpcap_main.c.o
ccache cc -Iapp/dpdk-dumpcap.p -Iapp -I../app -Ilib/ethdev -I../lib/ethdev -I. -I.. -Iconfig -I../config -Ilib/eal/include -I../lib/eal/include -Ilib/eal/linux/include -I../lib/eal/linux/include -Ilib/eal/arm/include -I../lib/eal/arm/include -Ilib/eal/common -I../lib/eal/common -Ilib/eal -I../lib/eal -Ilib/kvargs -I../lib/kvargs -Ilib/metrics -I../lib/metrics -Ilib/telemetry -I../lib/telemetry -Ilib/net -I../lib/net -Ilib/mbuf -I../lib/mbuf -Ilib/mempool -I../lib/mempool -Ilib/ring -I../lib/ring -Ilib/meter -I../lib/meter -Ilib/pdump -I../lib/pdump -Ilib/bpf -I../lib/bpf -Ilib/pcapng -I../lib/pcapng -fdiagnostics-color=always -D_FILE_OFFSET_BITS=64 -Wall -Winvalid-pch -Wextra -Werror -O3 -include rte_config.h -Wcast-qual -Wdeprecated -Wformat -Wformat-nonliteral -Wformat-security -Wmissing-declarations -Wmissing-prototypes -Wnested-externs -Wold-style-definition -Wpointer-arith -Wsign-compare -Wstrict-prototypes -Wundef -Wwrite-strings -Wno-address-of-packed-member -Wno-packed-not-aligned -Wno-missing-field-initializers -D_GNU_SOURCE -march=armv8.1-a+crc+crypto -mcpu=thunderx2t99 -DALLOW_EXPERIMENTAL_API -MD -MQ app/dpdk-dumpcap.p/dumpcap_main.c.o -MF app/dpdk-dumpcap.p/dumpcap_main.c.o.d -o app/dpdk-dumpcap.p/dumpcap_main.c.o -c ../app/dumpcap/main.c
In file included from /usr/include/string.h:495,
from ../app/dumpcap/main.c:19:
In function ‘strncpy’,
inlined from ‘main’ at ../app/dumpcap/main.c:800:4:
/usr/include/aarch64-linux-gnu/bits/string_fortified.h:106:10: error: ‘__builtin_strncpy’ specified bound 256 equals destination size [-Werror=stringop-truncation]
106 |   return __builtin___strncpy_chk (__dest, __src, __len, __bos (__dest));
|          ^~~~~~~~~~~~~~~~~~~~~~~~~~~~~~~~~~~~~~~~~~~~~~~~~~~~~~~~~~~~~~
cc1: all warnings being treated as errors
[3245/3506] Generating drivers/rte_common_mlx5.sym_chk with a custom command (wrapped by meson to capture output)
[3246/3506] Generating lib/ethdev.sym_chk with a custom command (wrapped by meson to capture output)
[3247/3506] Generating drivers/rte_common_sfc_efx.sym_chk with a custom command (wrapped by meson to capture output)
[3248/3506] Generating lib/eal.sym_chk with a custom command (wrapped by meson to capture output)
[3249/3506] Generating drivers/rte_event_cnxk.pmd.c with a custom command
[3250/3506] Generating drivers/rte_common_cnxk.sym_chk with a custom command (wrapped by meson to capture output)
ninja: build stopped: subcommand failed.
==== End log output ====

Ubuntu 20.04 ARM Clang Cross Compile
	Kernel: 5.4.0-72-generic
	Compiler: clang version 10.0.0-4ubuntu1

Ubuntu 20.04 aarch32 GCC Cross Compile
	Kernel: 5.4.0-72-generic
	Compiler: gcc 9.3.0

Ubuntu 20.04 ARM GCC Cross Compile
	Kernel: 5.4.0-72-generic
	Compiler: aarch64-linux-gnu-gcc (Ubuntu 9.3.0-17ubuntu1~20.04) 9.3.0

Ubuntu 20.04 ARM SVE
	Kernel: 5.4.0-80-generic
	Compiler: gcc 10.3.0 (Ubuntu 10.3.0-1ubuntu1~20.04)

Ubuntu 20.04 ARM Clang Native
	Kernel: 5.4.0-53-generic
	Compiler: clang 10.0.0-4ubuntu1

Ubuntu 20.04 ARM GCC Native
	Kernel: 5.4.0-53-generic
	Compiler: gcc 9.3

To view detailed results, visit:
https://lab.dpdk.org/results/dashboard/patchsets/23474/

UNH-IOL DPDK Community Lab

To manage your email subscriptions, visit: 
https://lab.dpdk.org/results/dashboard/preferences/subscriptions/


More information about the test-report mailing list