|FAILURE| [GIT MASTER] 7bcd45ce824d0ea2a9f30d16855613a93521851b

dpdklab at iol.unh.edu dpdklab at iol.unh.edu
Wed Sep 14 08:06:37 CEST 2022


_Testing issues_

Branch: tags/v21.11

7bcd45ce824d0ea2a9f30d16855613a93521851b --> testing fail

Test environment and result as below:

+---------------------+----------------+
|     Environment     | dpdk_unit_test |
+=====================+================+
| Windows Server 2019 | PASS           |
+---------------------+----------------+
| RHEL 7              | FAIL           |
+---------------------+----------------+
| Fedora 32           | FAIL           |
+---------------------+----------------+
| Fedora 33           | PASS           |
+---------------------+----------------+
| Fedora 31           | PASS           |
+---------------------+----------------+
| Ubuntu 18.04        | PASS           |
+---------------------+----------------+
| openSUSE Leap 15    | PASS           |
+---------------------+----------------+
| RHEL8               | PASS           |
+---------------------+----------------+
| Fedora 34           | PASS           |
+---------------------+----------------+
| Ubuntu 20.04        | PASS           |
+---------------------+----------------+
| Fedora 34 clang     | PASS           |
+---------------------+----------------+

==== 20 line log output for Fedora 32 (dpdk_unit_test): ====
55/65 DPDK:fast-tests / service_autotest      FAIL     3.11 s (exit status 255 or signal 127 SIGinvalid)
56/65 DPDK:fast-tests / thash_autotest        OK       0.61 s
57/65 DPDK:fast-tests / trace_autotest        OK       0.37 s
58/65 DPDK:fast-tests / metrics_autotest      OK       0.37 s
59/65 DPDK:fast-tests / telemetry_json_autotest  OK       0.38 s
60/65 DPDK:fast-tests / telemetry_data_autotest  OK       0.44 s
61/65 DPDK:fast-tests / ring_pmd_autotest     OK       0.36 s
62/65 DPDK:fast-tests / bitratestats_autotest  OK       0.41 s
63/65 DPDK:fast-tests / latencystats_autotest  OK       0.36 s
64/65 DPDK:fast-tests / pdump_autotest        OK       0.46 s
65/65 DPDK:fast-tests / vdev_autotest         OK       0.26 s

Ok:                   63
Expected Fail:         0
Fail:                  1
Unexpected Pass:       0
Skipped:               1
Timeout:               0

Full log written to /home-local/jenkins-local/jenkins-agent/workspace/Generic-Unit-Test-DPDK at 4/dpdk/build/meson-logs/testlog.txt
==== End log output ====

Windows Server 2019
	Kernel: 10.0
	Compiler: clang 14.0 and gcc 8.1.0 (MinGW)

RHEL 7
	Kernel: 4.18.0-240.10.1.el8_3.x86_64
	Compiler: gcc 4.8.5 20150623 (Red Hat 4.8.5-44)

Fedora 32
	Kernel: 4.18.0-240.10.1.el8_3.x86_64
	Compiler: gcc 10.2.1

Fedora 33
	Kernel: 5.4.0-72-generic
	Compiler: gcc 10.3.1 20210422 (Red Hat 10.3.1-1)

Fedora 31
	Kernel: 4.18.0-240.10.1.el8_3.x86_64
	Compiler: gcc 9.3.1

Ubuntu 18.04
	Kernel: 4.18.0-240.10.1.el8_3.x86_64
	Compiler: gcc 7.5.0-3ubuntu1~18.04

openSUSE Leap 15
	Kernel: 4.18.0-240.10.1.el8_3.x86_64
	Compiler: gcc 7.5.0

RHEL8
	Kernel: 4.18.0-240.10.1.el8_3.x86_64
	Compiler: gcc 8.3.1 20191121 (Red Hat 8.3.1-5)

Fedora 34
	Kernel: 5.4.0-72-generic
	Compiler: gcc 11.1.1 20210428 (Red Hat 11.1.1-1)

Ubuntu 20.04
	Kernel: 4.18.0-240.10.1.el8_3.x86_64
	Compiler: gcc 9.3.0-17ubuntu1~20.04

Fedora 34 clang
	Kernel: 5.4.0-72-generic
	Compiler: clang 12.0.0 (Fedora 12.0.0-0.3.rc1.fc34)

To view detailed results, visit:
https://lab.dpdk.org/results/dashboard/tarballs/21325/

UNH-IOL DPDK Community Lab

To manage your email subscriptions, visit: 
https://lab.dpdk.org/results/dashboard/preferences/subscriptions/


More information about the test-report mailing list