|FAILURE| [GIT MASTER] 73655c6414914c99a33010e9e7bdae9cafd24404

dpdklab at iol.unh.edu dpdklab at iol.unh.edu
Sun Sep 18 07:25:26 CEST 2022


_Testing issues_

Branch: tags/v20.11

73655c6414914c99a33010e9e7bdae9cafd24404 --> testing fail

Test environment and result as below:

+------------------+----------------+
|   Environment    | dpdk_unit_test |
+==================+================+
| openSUSE Leap 15 | PASS           |
+------------------+----------------+
| RHEL8            | PASS           |
+------------------+----------------+
| RHEL 7           | FAIL           |
+------------------+----------------+
| Ubuntu 18.04     | FAIL           |
+------------------+----------------+
| Fedora 32        | PASS           |
+------------------+----------------+
| Ubuntu 20.04     | PASS           |
+------------------+----------------+
| Fedora 34        | PASS           |
+------------------+----------------+
| Fedora 34 clang  | PASS           |
+------------------+----------------+
| Fedora 31        | PASS           |
+------------------+----------------+
| Fedora 33        | PASS           |
+------------------+----------------+

==== 20 line log output for Ubuntu 18.04 (dpdk_unit_test): ====
49/59 DPDK:fast-tests / power_autotest        OK       0.22 s
50/59 DPDK:fast-tests / reorder_autotest      OK       0.50 s
51/59 DPDK:fast-tests / service_autotest      OK       3.98 s
52/59 DPDK:fast-tests / thash_autotest        OK       0.22 s
53/59 DPDK:fast-tests / trace_autotest        OK       0.42 s
54/59 DPDK:fast-tests / telemetry_json_autotest  OK       0.36 s
55/59 DPDK:fast-tests / telemetry_data_autotest  OK       0.34 s
56/59 DPDK:fast-tests / ring_pmd_autotest     OK       0.24 s
57/59 DPDK:fast-tests / bitratestats_autotest  OK       0.22 s
58/59 DPDK:fast-tests / latencystats_autotest  OK       0.22 s
59/59 DPDK:fast-tests / pdump_autotest        OK       0.36 s

Ok:                   57
Expected Fail:         0
Fail:                  1
Unexpected Pass:       0
Skipped:               1
Timeout:               0

Full log written to /home-local/jenkins-local/jenkins-agent/workspace/Generic-Unit-Test-DPDK at 4/dpdk/build/meson-logs/testlog.txt
==== End log output ====

openSUSE Leap 15
	Kernel: 4.18.0-240.10.1.el8_3.x86_64
	Compiler: gcc 7.5.0

RHEL8
	Kernel: 4.18.0-240.10.1.el8_3.x86_64
	Compiler: gcc 8.3.1 20191121 (Red Hat 8.3.1-5)

RHEL 7
	Kernel: 4.18.0-240.10.1.el8_3.x86_64
	Compiler: gcc 4.8.5 20150623 (Red Hat 4.8.5-44)

Ubuntu 18.04
	Kernel: 4.18.0-240.10.1.el8_3.x86_64
	Compiler: gcc 7.5.0-3ubuntu1~18.04

Fedora 32
	Kernel: 4.18.0-240.10.1.el8_3.x86_64
	Compiler: gcc 10.2.1

Ubuntu 20.04
	Kernel: 4.18.0-240.10.1.el8_3.x86_64
	Compiler: gcc 9.3.0-17ubuntu1~20.04

Fedora 34
	Kernel: 5.4.0-72-generic
	Compiler: gcc 11.1.1 20210428 (Red Hat 11.1.1-1)

Fedora 34 clang
	Kernel: 5.4.0-72-generic
	Compiler: clang 12.0.0 (Fedora 12.0.0-0.3.rc1.fc34)

Fedora 31
	Kernel: 4.18.0-240.10.1.el8_3.x86_64
	Compiler: gcc 9.3.1

Fedora 33
	Kernel: 5.4.0-72-generic
	Compiler: gcc 10.3.1 20210422 (Red Hat 10.3.1-1)

To view detailed results, visit:
https://lab.dpdk.org/results/dashboard/tarballs/21366/

UNH-IOL DPDK Community Lab

To manage your email subscriptions, visit: 
https://lab.dpdk.org/results/dashboard/preferences/subscriptions/


More information about the test-report mailing list