|FAILURE| pw116415 [PATCH] net/iavf: fix error of virtchnl command

dpdklab at iol.unh.edu dpdklab at iol.unh.edu
Mon Sep 19 08:40:00 CEST 2022


Test-Label: iol-aarch64-unit-testing
Test-Status: FAILURE
http://dpdk.org/patch/116415

_Testing issues_

Submitter: Yiding Zhou <yidingx.zhou at intel.com>
Date: Monday, September 19 2022 06:06:54 
DPDK git baseline: Repo:dpdk
  Branch: master
  CommitID:f8f6b1c1744e12d8d6877464a613acd1231db1a1

116415 --> testing fail

Test environment and result as below:

+-------------------------------+--------------+----------------+
|          Environment          | lpm_autotest | dpdk_unit_test |
+===============================+==============+================+
| Ubuntu 20.04 ARM SVE          | PASS         | SKIPPED        |
+-------------------------------+--------------+----------------+
| Ubuntu 20.04 ARM GCC Native   | SKIPPED      | FAIL           |
+-------------------------------+--------------+----------------+
| Ubuntu 20.04 ARM Clang Native | SKIPPED      | PASS           |
+-------------------------------+--------------+----------------+

==== 20 line log output for Ubuntu 20.04 ARM GCC Native (dpdk_unit_test): ====
[2392/3507] Generating drivers/rte_crypto_ccp.sym_chk with a custom command (wrapped by meson to capture output)
[2393/3507] Generating drivers/rte_net_cnxk.sym_chk with a custom command (wrapped by meson to capture output)
[2394/3507] Generating drivers/rte_crypto_bcmfs.sym_chk with a custom command (wrapped by meson to capture output)
[2395/3507] Generating drivers/rte_raw_ifpga.sym_chk with a custom command (wrapped by meson to capture output)
[2396/3507] Generating drivers/rte_crypto_null.sym_chk with a custom command (wrapped by meson to capture output)
[2397/3507] Generating drivers/rte_crypto_mlx5.sym_chk with a custom command (wrapped by meson to capture output)
[2398/3507] Generating drivers/rte_crypto_nitrox.sym_chk with a custom command (wrapped by meson to capture output)
[2399/3507] Generating drivers/rte_bus_dpaa.sym_chk with a custom command (wrapped by meson to capture output)
[2400/3507] Generating drivers/rte_crypto_dpaa2_sec.sym_chk with a custom command (wrapped by meson to capture output)
[2401/3507] Generating drivers/rte_crypto_dpaa_sec.sym_chk with a custom command (wrapped by meson to capture output)
[2402/3507] Generating drivers/rte_crypto_cnxk.sym_chk with a custom command (wrapped by meson to capture output)
[2403/3507] Generating drivers/rte_bus_fslmc.sym_chk with a custom command (wrapped by meson to capture output)
[2404/3507] Generating drivers/rte_crypto_octeontx.sym_chk with a custom command (wrapped by meson to capture output)
[2405/3507] Generating drivers/rte_common_mlx5.sym_chk with a custom command (wrapped by meson to capture output)
[2406/3507] Generating lib/ethdev.sym_chk with a custom command (wrapped by meson to capture output)
[2407/3507] Compiling C object drivers/libtmp_rte_net_iavf.a.p/net_iavf_iavf_rxtx.c.o
[2408/3507] Generating lib/eal.sym_chk with a custom command (wrapped by meson to capture output)
[2409/3507] Generating drivers/rte_common_sfc_efx.sym_chk with a custom command (wrapped by meson to capture output)
[2410/3507] Generating drivers/rte_common_cnxk.sym_chk with a custom command (wrapped by meson to capture output)
ninja: build stopped: subcommand failed.
==== End log output ====

Ubuntu 20.04 ARM SVE
	Kernel: 5.4.0-80-generic
	Compiler: gcc 10.3.0 (Ubuntu 10.3.0-1ubuntu1~20.04)

Ubuntu 20.04 ARM GCC Native
	Kernel: 5.4.0-53-generic
	Compiler: gcc 9.3

Ubuntu 20.04 ARM Clang Native
	Kernel: 5.4.0-53-generic
	Compiler: clang 10.0.0-4ubuntu1

To view detailed results, visit:
https://lab.dpdk.org/results/dashboard/patchsets/23532/

UNH-IOL DPDK Community Lab

To manage your email subscriptions, visit: 
https://lab.dpdk.org/results/dashboard/preferences/subscriptions/


More information about the test-report mailing list