|FAILURE| pw116553 [PATCH] drivers/net: remove alias for virtual devices

dpdklab at iol.unh.edu dpdklab at iol.unh.edu
Wed Sep 21 16:39:35 CEST 2022


Test-Label: iol-aarch64-unit-testing
Test-Status: FAILURE
http://dpdk.org/patch/116553

_Testing issues_

Submitter: Ferruh Yigit <ferruh.yigit at amd.com>
Date: Wednesday, September 21 2022 13:34:51 
DPDK git baseline: Repo:dpdk
  Branch: master
  CommitID:1c9a7fba5c90e0422b517404499ed106f647bcff

116553 --> testing fail

Test environment and result as below:

+-------------------------------+--------------+----------------+
|          Environment          | lpm_autotest | dpdk_unit_test |
+===============================+==============+================+
| Ubuntu 20.04 ARM SVE          | PASS         | SKIPPED        |
+-------------------------------+--------------+----------------+
| Ubuntu 20.04 ARM GCC Native   | SKIPPED      | FAIL           |
+-------------------------------+--------------+----------------+
| Ubuntu 20.04 ARM Clang Native | SKIPPED      | FAIL           |
+-------------------------------+--------------+----------------+

==== 20 line log output for Ubuntu 20.04 ARM Clang Native (dpdk_unit_test): ====
96/103 DPDK:fast-tests / ring_pmd_autotest              OK               0.15s
97/103 DPDK:fast-tests / event_eth_tx_adapter_autotest  FAIL             1.01s   (exit status 255 or signal 127 SIGinvalid)
>>> MALLOC_PERTURB_=157 DPDK_TEST=event_eth_tx_adapter_autotest /home-local/jenkins-local/jenkins-agent/workspace/Generic-VM-Unit-Test-DPDK/dpdk/build/app/test/dpdk-test --file-prefix=event_eth_tx_adapter_autotest '-l 0-3'

98/103 DPDK:fast-tests / bitratestats_autotest          OK               0.14s
99/103 DPDK:fast-tests / latencystats_autotest          OK               0.15s
100/103 DPDK:fast-tests / pdump_autotest                 OK               5.23s
101/103 DPDK:fast-tests / vdev_autotest                  OK               0.14s
102/103 DPDK:fast-tests / compressdev_autotest           SKIP             0.24s   exit status 77
103/103 DPDK:fast-tests / telemetry_all                  OK              12.23s


Ok:                 97
Expected Fail:      0
Fail:               1
Unexpected Pass:    0
Skipped:            5
Timeout:            0

Full log written to /home-local/jenkins-local/jenkins-agent/workspace/Generic-VM-Unit-Test-DPDK/dpdk/build/meson-logs/testlog.txt
==== End log output ====

Ubuntu 20.04 ARM SVE
	Kernel: 5.4.0-80-generic
	Compiler: gcc 10.3.0 (Ubuntu 10.3.0-1ubuntu1~20.04)

Ubuntu 20.04 ARM GCC Native
	Kernel: 5.4.0-53-generic
	Compiler: gcc 9.3

Ubuntu 20.04 ARM Clang Native
	Kernel: 5.4.0-53-generic
	Compiler: clang 10.0.0-4ubuntu1

To view detailed results, visit:
https://lab.dpdk.org/results/dashboard/patchsets/23566/

UNH-IOL DPDK Community Lab

To manage your email subscriptions, visit: 
https://lab.dpdk.org/results/dashboard/preferences/subscriptions/


More information about the test-report mailing list