|FAILURE| pw116631-116632 [PATCH] [2/2] net/ice: check illegal packets

dpdklab at iol.unh.edu dpdklab at iol.unh.edu
Thu Sep 22 09:47:04 CEST 2022


Test-Label: iol-aarch64-unit-testing
Test-Status: FAILURE
http://dpdk.org/patch/116632

_Testing issues_

Submitter: Kevin Liu <kevinx.liu at intel.com>
Date: Thursday, September 22 2022 07:04:26 
DPDK git baseline: Repo:dpdk
  Branch: master
  CommitID:72b452c5f2599f970f47fd17d3e8e5d60bfebe7a

116631-116632 --> testing fail

Test environment and result as below:

+-------------------------------+--------------+----------------+
|          Environment          | lpm_autotest | dpdk_unit_test |
+===============================+==============+================+
| Ubuntu 20.04 ARM SVE          | PASS         | SKIPPED        |
+-------------------------------+--------------+----------------+
| Ubuntu 20.04 ARM GCC Native   | SKIPPED      | PASS           |
+-------------------------------+--------------+----------------+
| Ubuntu 20.04 ARM Clang Native | SKIPPED      | FAIL           |
+-------------------------------+--------------+----------------+

==== 20 line log output for Ubuntu 20.04 ARM Clang Native (dpdk_unit_test): ====
[2100/3500] Generating drivers/rte_net_softnic.sym_chk with a custom command (wrapped by meson to capture output)
[2101/3500] Generating drivers/rte_net_tap.sym_chk with a custom command (wrapped by meson to capture output)
[2102/3500] Generating drivers/rte_net_ixgbe.sym_chk with a custom command (wrapped by meson to capture output)
[2103/3500] Generating drivers/rte_net_thunderx.sym_chk with a custom command (wrapped by meson to capture output)
[2104/3500] Generating lib/pipeline.sym_chk with a custom command (wrapped by meson to capture output)
[2105/3500] Generating drivers/rte_net_mlx5.sym_chk with a custom command (wrapped by meson to capture output)
[2106/3500] Generating drivers/rte_net_vdev_netvsc.sym_chk with a custom command (wrapped by meson to capture output)
[2107/3500] Generating drivers/rte_net_vhost.sym_chk with a custom command (wrapped by meson to capture output)
[2108/3500] Generating drivers/rte_bus_dpaa.sym_chk with a custom command (wrapped by meson to capture output)
[2109/3500] Compiling C object drivers/libtmp_rte_net_iavf.a.p/net_iavf_iavf_ethdev.c.o
[2110/3500] Compiling C object drivers/libtmp_rte_net_ice.a.p/net_ice_ice_dcf_ethdev.c.o
[2111/3500] Compiling C object drivers/libtmp_rte_net_ice.a.p/net_ice_ice_fdir_filter.c.o
[2112/3500] Generating drivers/rte_bus_fslmc.sym_chk with a custom command (wrapped by meson to capture output)
[2113/3500] Generating drivers/rte_common_mlx5.sym_chk with a custom command (wrapped by meson to capture output)
[2114/3500] Compiling C object drivers/libtmp_rte_net_ice.a.p/net_ice_ice_ethdev.c.o
[2115/3500] Generating lib/ethdev.sym_chk with a custom command (wrapped by meson to capture output)
[2116/3500] Generating drivers/rte_common_sfc_efx.sym_chk with a custom command (wrapped by meson to capture output)
[2117/3500] Generating lib/eal.sym_chk with a custom command (wrapped by meson to capture output)
[2118/3500] Generating drivers/rte_common_cnxk.sym_chk with a custom command (wrapped by meson to capture output)
ninja: build stopped: subcommand failed.
==== End log output ====

Ubuntu 20.04 ARM SVE
	Kernel: 5.4.0-80-generic
	Compiler: gcc 10.3.0 (Ubuntu 10.3.0-1ubuntu1~20.04)

Ubuntu 20.04 ARM GCC Native
	Kernel: 5.4.0-53-generic
	Compiler: gcc 9.3

Ubuntu 20.04 ARM Clang Native
	Kernel: 5.4.0-53-generic
	Compiler: clang 10.0.0-4ubuntu1

To view detailed results, visit:
https://lab.dpdk.org/results/dashboard/patchsets/23583/

UNH-IOL DPDK Community Lab

To manage your email subscriptions, visit: 
https://lab.dpdk.org/results/dashboard/preferences/subscriptions/


More information about the test-report mailing list