|FAILURE| pw116631-116632 [PATCH] [2/2] net/ice: check illegal packets
dpdklab at iol.unh.edu
dpdklab at iol.unh.edu
Thu Sep 22 09:49:46 CEST 2022
Test-Label: iol-aarch64-compile-testing
Test-Status: FAILURE
http://dpdk.org/patch/116632
_Testing issues_
Submitter: Kevin Liu <kevinx.liu at intel.com>
Date: Thursday, September 22 2022 07:04:26
DPDK git baseline: Repo:dpdk
Branch: master
CommitID:72b452c5f2599f970f47fd17d3e8e5d60bfebe7a
116631-116632 --> testing fail
Test environment and result as below:
+----------------------------------------+--------------------+
| Environment | dpdk_meson_compile |
+========================================+====================+
| Ubuntu 20.04 ARM SVE | PASS |
+----------------------------------------+--------------------+
| Ubuntu 20.04 ARM GCC Cross Compile | PASS |
+----------------------------------------+--------------------+
| Ubuntu 20.04 aarch32 GCC Cross Compile | PASS |
+----------------------------------------+--------------------+
| Ubuntu 20.04 ARM GCC Native | PASS |
+----------------------------------------+--------------------+
| Ubuntu 20.04 ARM Clang Native | FAIL |
+----------------------------------------+--------------------+
| Ubuntu 20.04 ARM Clang Cross Compile | FAIL |
+----------------------------------------+--------------------+
==== 20 line log output for Ubuntu 20.04 ARM Clang Cross Compile (dpdk_meson_compile): ====
[1572/3289] Compiling C object 'drivers/a715181@@rte_net_i40e at sha/meson-generated_.._rte_net_i40e.pmd.c.o'.
[1573/3289] Linking static target drivers/librte_net_i40e.a.
[1574/3289] Generating rte_net_i40e_def with a custom command.
[1575/3289] Generating rte_net_i40e_mingw with a custom command.
[1576/3289] Compiling C object 'drivers/a715181@@tmp_rte_net_iavf at sta/net_iavf_iavf_generic_flow.c.o'.
[1577/3289] Compiling C object 'drivers/a715181@@tmp_rte_net_iavf at sta/net_iavf_iavf_rxtx.c.o'.
FAILED: drivers/a715181@@tmp_rte_net_iavf at sta/net_iavf_iavf_rxtx.c.o
ccache clang -Idrivers/a715181@@tmp_rte_net_iavf at sta -Idrivers -I../drivers -Idrivers/net/iavf -I../drivers/net/iavf -Idrivers/net/iavf/../../common/iavf -I../drivers/net/iavf/../../common/iavf -Ilib/ethdev -I../lib/ethdev -I. -I../ -Iconfig -I../config -Ilib/eal/include -I../lib/eal/include -Ilib/eal/linux/include -I../lib/eal/linux/include -Ilib/eal/arm/include -I../lib/eal/arm/include -Ilib/eal/common -I../lib/eal/common -Ilib/eal -I../lib/eal -Ilib/kvargs -I../lib/kvargs -Ilib/telemetry/../metrics -I../lib/telemetry/../metrics -Ilib/telemetry -I../lib/telemetry -Ilib/net -I../lib/net -Ilib/mbuf -I../lib/mbuf -Ilib/mempool -I../lib/mempool -Ilib/ring -I../lib/ring -Ilib/meter -I../lib/meter -Idrivers/bus/pci -I../drivers/bus/pci -I../drivers/bus/pci/linux -Ilib/pci -I../lib/pci -Idrivers/bus/vdev -I../drivers/bus/vdev -Idrivers/common/iavf -I../drivers/common/iavf -Ilib/security -I../lib/security -Ilib/cryptodev -I../lib/cryptodev -Ilib/rcu -I../lib/rcu -Xclang -fcolor-diagnostics -pipe -D_FILE_OFFSET_BITS=64 -Wall -Winvalid-pch -Wextra -Werror -O3 -include rte_config.h -Wcast-qual -Wdeprecated -Wformat -Wformat-nonliteral -Wformat-security -Wmissing-declarations -Wmissing-prototypes -Wnested-externs -Wold-style-definition -Wpointer-arith -Wsign-compare -Wstrict-prototypes -Wundef -Wwrite-strings -Wno-address-of-packed-member -Wno-missing-field-initializers -D_GNU_SOURCE -fPIC -march=armv8-a+crc -DALLOW_EXPERIMENTAL_API -DALLOW_INTERNAL_API -Wno-strict-aliasing -DRTE_LOG_DEFAULT_LOGTYPE=pmd.net.iavf -target aarch64-linux-gnu --sysroot /usr/aarch64-linux-gnu -MD -MQ 'drivers/a715181@@tmp_rte_net_iavf at sta/net_iavf_iavf_rxtx.c.o' -MF 'drivers/a715181@@tmp_rte_net_iavf at sta/net_iavf_iavf_rxtx.c.o.d' -o 'drivers/a715181@@tmp_rte_net_iavf at sta/net_iavf_iavf_rxtx.c.o' -c ../drivers/net/iavf/iavf_rxtx.c
../drivers/net/iavf/iavf_rxtx.c:2898:56: error: format specifies type 'unsigned short' but the argument has type 'uint32_t' (aka 'unsigned int') [-Werror,-Wformat]
PMD_DRV_LOG(ERR, "INVALID mbuf: bad pkt_len=[%hu]", m->pkt_len);
~~~ ^~~~~~~~~~
%u
../drivers/net/iavf/iavf_log.h:20:38: note: expanded from macro 'PMD_DRV_LOG'
PMD_DRV_LOG_RAW(level, fmt "\n", ## args)
~~~ ^~~~
../drivers/net/iavf/iavf_log.h:17:16: note: expanded from macro 'PMD_DRV_LOG_RAW'
__func__, ## args)
^~~~
1 error generated.
ninja: build stopped: subcommand failed.
==== End log output ====
Ubuntu 20.04 ARM SVE
Kernel: 5.4.0-80-generic
Compiler: gcc 10.3.0 (Ubuntu 10.3.0-1ubuntu1~20.04)
Ubuntu 20.04 ARM GCC Cross Compile
Kernel: 5.4.0-72-generic
Compiler: aarch64-linux-gnu-gcc (Ubuntu 9.3.0-17ubuntu1~20.04) 9.3.0
Ubuntu 20.04 aarch32 GCC Cross Compile
Kernel: 5.4.0-72-generic
Compiler: gcc 9.3.0
Ubuntu 20.04 ARM GCC Native
Kernel: 5.4.0-53-generic
Compiler: gcc 9.3
Ubuntu 20.04 ARM Clang Native
Kernel: 5.4.0-53-generic
Compiler: clang 10.0.0-4ubuntu1
Ubuntu 20.04 ARM Clang Cross Compile
Kernel: 5.4.0-72-generic
Compiler: clang version 10.0.0-4ubuntu1
To view detailed results, visit:
https://lab.dpdk.org/results/dashboard/patchsets/23583/
UNH-IOL DPDK Community Lab
To manage your email subscriptions, visit:
https://lab.dpdk.org/results/dashboard/preferences/subscriptions/
More information about the test-report
mailing list