|FAILURE| pw116832 [PATCH] dumpcap: fix list interfaces
dpdklab at iol.unh.edu
dpdklab at iol.unh.edu
Mon Sep 26 02:05:35 CEST 2022
Test-Label: iol-aarch64-unit-testing
Test-Status: FAILURE
http://dpdk.org/patch/116832
_Testing issues_
Submitter: Stephen Hemminger <stephen at networkplumber.org>
Date: Sunday, September 25 2022 23:34:10
DPDK git baseline: Repo:dpdk
Branch: master
CommitID:abea8974c7a6647585596348245ed7011d0a5104
116832 --> testing fail
Test environment and result as below:
+-------------------------------+--------------+----------------+
| Environment | lpm_autotest | dpdk_unit_test |
+===============================+==============+================+
| Ubuntu 20.04 ARM SVE | PASS | SKIPPED |
+-------------------------------+--------------+----------------+
| Ubuntu 20.04 ARM GCC Native | SKIPPED | FAIL |
+-------------------------------+--------------+----------------+
| Ubuntu 20.04 ARM Clang Native | SKIPPED | FAIL |
+-------------------------------+--------------+----------------+
==== 20 line log output for Ubuntu 20.04 ARM Clang Native (dpdk_unit_test): ====
[1974/3502] Compiling C object drivers/libtmp_rte_net_cnxk.a.p/net_cnxk_tx_cn10k_tx_32_47_vec.c.o
[1975/3502] Compiling C object drivers/libtmp_rte_net_cnxk.a.p/net_cnxk_tx_cn10k_tx_112_127_vec.c.o
[1976/3502] Compiling C object drivers/libtmp_rte_net_cnxk.a.p/net_cnxk_tx_cn10k_tx_16_31_vec_mseg.c.o
[1977/3502] Compiling C object drivers/libtmp_rte_net_cnxk.a.p/net_cnxk_tx_cn10k_tx_64_79_vec.c.o
[1978/3502] Compiling C object drivers/libtmp_rte_net_cnxk.a.p/net_cnxk_tx_cn10k_tx_48_63_vec_mseg.c.o
[1979/3502] Compiling C object drivers/libtmp_rte_net_cnxk.a.p/net_cnxk_tx_cn10k_tx_96_111_vec.c.o
[1980/3502] Compiling C object drivers/libtmp_rte_net_cnxk.a.p/net_cnxk_tx_cn10k_tx_80_95_vec_mseg.c.o
[1981/3502] Compiling C object drivers/libtmp_rte_net_cnxk.a.p/net_cnxk_tx_cn10k_tx_112_127_vec_mseg.c.o
[1982/3502] Compiling C object drivers/libtmp_rte_net_cnxk.a.p/net_cnxk_tx_cn10k_tx_32_47_vec_mseg.c.o
[1983/3502] Compiling C object drivers/libtmp_rte_net_cnxk.a.p/net_cnxk_tx_cn10k_tx_0_15_vec_mseg.c.o
[1984/3502] Compiling C object drivers/libtmp_rte_net_cnxk.a.p/net_cnxk_tx_cn10k_tx_64_79_vec_mseg.c.o
[1985/3502] Compiling C object drivers/libtmp_rte_net_cnxk.a.p/net_cnxk_tx_cn10k_tx_96_111_vec_mseg.c.o
[1986/3502] Compiling C object drivers/libtmp_rte_event_cnxk.a.p/event_cnxk_tx_cn10k_tx_0_15.c.o
[1987/3502] Compiling C object drivers/libtmp_rte_event_cnxk.a.p/event_cnxk_tx_cn10k_tx_32_47.c.o
[1988/3502] Compiling C object drivers/libtmp_rte_event_cnxk.a.p/event_cnxk_tx_cn10k_tx_16_31.c.o
[1989/3502] Compiling C object drivers/libtmp_rte_event_cnxk.a.p/event_cnxk_tx_cn10k_tx_48_63.c.o
[1990/3502] Compiling C object drivers/libtmp_rte_event_cnxk.a.p/event_cnxk_tx_cn10k_tx_96_111.c.o
[1991/3502] Compiling C object drivers/libtmp_rte_event_cnxk.a.p/event_cnxk_tx_cn10k_tx_112_127.c.o
[1992/3502] Compiling C object drivers/libtmp_rte_event_cnxk.a.p/event_cnxk_tx_cn10k_tx_0_15_seg.c.o
ninja: build stopped: subcommand failed.
==== End log output ====
Ubuntu 20.04 ARM SVE
Kernel: 5.4.0-80-generic
Compiler: gcc 10.3.0 (Ubuntu 10.3.0-1ubuntu1~20.04)
Ubuntu 20.04 ARM GCC Native
Kernel: 5.4.0-53-generic
Compiler: gcc 9.3
Ubuntu 20.04 ARM Clang Native
Kernel: 5.4.0-53-generic
Compiler: clang 10.0.0-4ubuntu1
To view detailed results, visit:
https://lab.dpdk.org/results/dashboard/patchsets/23620/
UNH-IOL DPDK Community Lab
To manage your email subscriptions, visit:
https://lab.dpdk.org/results/dashboard/preferences/subscriptions/
More information about the test-report
mailing list