|FAILURE| pw116834-116837 [PATCH] [v5, 4/4] net/ice: support buffer split in Rx path

dpdklab at iol.unh.edu dpdklab at iol.unh.edu
Mon Sep 26 04:35:06 CEST 2022


Test-Label: iol-aarch64-unit-testing
Test-Status: FAILURE
http://dpdk.org/patch/116837

_Testing issues_

Submitter: Yuan Wang <yuanx.wang at intel.com>
Date: Monday, September 26 2022 09:40:39 
DPDK git baseline: Repo:dpdk
  Branch: master
  CommitID:abea8974c7a6647585596348245ed7011d0a5104

116834-116837 --> testing fail

Test environment and result as below:

+-------------------------------+----------------+--------------+
|          Environment          | dpdk_unit_test | lpm_autotest |
+===============================+================+==============+
| Ubuntu 20.04 ARM Clang Native | FAIL           | SKIPPED      |
+-------------------------------+----------------+--------------+
| Ubuntu 20.04 ARM GCC Native   | FAIL           | SKIPPED      |
+-------------------------------+----------------+--------------+
| Ubuntu 20.04 ARM SVE          | SKIPPED        | PASS         |
+-------------------------------+----------------+--------------+

==== 20 line log output for Ubuntu 20.04 ARM GCC Native (dpdk_unit_test): ====
[1963/3502] Compiling C object drivers/libtmp_rte_net_cnxk.a.p/net_cnxk_tx_cn10k_tx_96_111_vec_mseg.c.o
[1964/3502] Compiling C object drivers/libtmp_rte_event_cnxk.a.p/event_cnxk_tx_cn10k_tx_32_47.c.o
[1965/3502] Compiling C object drivers/libtmp_rte_net_mlx5.a.p/net_mlx5_mlx5_flow_dv.c.o
../drivers/net/mlx5/mlx5_flow_dv.c: In function ‘validate_integrity_bits.isra.0’:
../drivers/net/mlx5/mlx5_flow_dv.c:6697:1: note: parameter passing for argument of type ‘const struct <anonymous>’ changed in GCC 9.1
6697 | validate_integrity_bits(const struct rte_flow_item_integrity *mask,
| ^~~~~~~~~~~~~~~~~~~~~~~
../drivers/net/mlx5/mlx5_flow_dv.c: In function ‘flow_dv_translate_integrity_l3.isra.0’:
../drivers/net/mlx5/mlx5_flow_dv.c:12582:1: note: parameter passing for argument of type ‘const struct <anonymous>’ changed in GCC 9.1
12582 | flow_dv_translate_integrity_l3(const struct rte_flow_item_integrity *mask,
| ^~~~~~~~~~~~~~~~~~~~~~~~~~~~~~
[1966/3502] Compiling C object drivers/libtmp_rte_net_mlx5.a.p/net_mlx5_mlx5_tx_nompw.c.o
[1967/3502] Compiling C object drivers/libtmp_rte_net_mlx5.a.p/net_mlx5_mlx5_tx_empw.c.o
[1968/3502] Compiling C object drivers/libtmp_rte_event_cnxk.a.p/event_cnxk_tx_cn10k_tx_16_31.c.o
[1969/3502] Compiling C object drivers/libtmp_rte_net_mlx5.a.p/net_mlx5_mlx5_tx_txpp.c.o
[1970/3502] Compiling C object drivers/libtmp_rte_event_cnxk.a.p/event_cnxk_tx_cn10k_tx_48_63.c.o
[1971/3502] Compiling C object drivers/libtmp_rte_event_cnxk.a.p/event_cnxk_deq_cn10k_deq_96_111_ca_tmo_seg.c.o
[1972/3502] Compiling C object drivers/libtmp_rte_event_cnxk.a.p/event_cnxk_deq_cn10k_deq_80_95_ca_tmo_seg.c.o
[1973/3502] Compiling C object drivers/libtmp_rte_event_cnxk.a.p/event_cnxk_deq_cn10k_deq_112_127_ca_tmo_seg.c.o
ninja: build stopped: subcommand failed.
==== End log output ====

Ubuntu 20.04 ARM Clang Native
	Kernel: 5.4.0-53-generic
	Compiler: clang 10.0.0-4ubuntu1

Ubuntu 20.04 ARM GCC Native
	Kernel: 5.4.0-53-generic
	Compiler: gcc 9.3

Ubuntu 20.04 ARM SVE
	Kernel: 5.4.0-80-generic
	Compiler: gcc 10.3.0 (Ubuntu 10.3.0-1ubuntu1~20.04)

To view detailed results, visit:
https://lab.dpdk.org/results/dashboard/patchsets/23621/

UNH-IOL DPDK Community Lab

To manage your email subscriptions, visit: 
https://lab.dpdk.org/results/dashboard/preferences/subscriptions/


More information about the test-report mailing list