|FAILURE| pw116840 [PATCH] [v2] net/iavf: fix TSO offload for tunnel case
dpdklab at iol.unh.edu
dpdklab at iol.unh.edu
Mon Sep 26 07:56:47 CEST 2022
Test-Label: iol-aarch64-compile-testing
Test-Status: FAILURE
http://dpdk.org/patch/116840
_Testing issues_
Submitter: Zhichao Zeng <zhichaox.zeng at intel.com>
Date: Monday, September 26 2022 05:17:25
DPDK git baseline: Repo:dpdk
Branch: master
CommitID:abea8974c7a6647585596348245ed7011d0a5104
116840 --> testing fail
Test environment and result as below:
+----------------------------------------+--------------------+
| Environment | dpdk_meson_compile |
+========================================+====================+
| Ubuntu 20.04 ARM GCC Native | FAIL |
+----------------------------------------+--------------------+
| Ubuntu 20.04 ARM Clang Native | FAIL |
+----------------------------------------+--------------------+
| Ubuntu 20.04 ARM Clang Cross Compile | FAIL |
+----------------------------------------+--------------------+
| Ubuntu 20.04 aarch32 GCC Cross Compile | FAIL |
+----------------------------------------+--------------------+
| Ubuntu 20.04 ARM GCC Cross Compile | FAIL |
+----------------------------------------+--------------------+
| Ubuntu 20.04 ARM SVE | PASS |
+----------------------------------------+--------------------+
==== 20 line log output for Ubuntu 20.04 ARM GCC Cross Compile (dpdk_meson_compile): ====
[1820/3291] Compiling C object 'drivers/a715181@@rte_net_octeontx at sha/meson-generated_.._rte_net_octeontx.pmd.c.o'.
[1821/3291] Compiling C object 'drivers/a715181@@tmp_rte_net_octeon_ep at sta/net_octeon_ep_otx_ep_rxtx.c.o'.
[1822/3291] Compiling C object 'drivers/a715181@@tmp_rte_net_octeon_ep at sta/net_octeon_ep_otx_ep_vf.c.o'.
[1823/3291] Compiling C object 'drivers/a715181@@tmp_rte_net_octeon_ep at sta/net_octeon_ep_otx_ep_ethdev.c.o'.
[1824/3291] Compiling C object 'drivers/a715181@@tmp_rte_net_octeon_ep at sta/net_octeon_ep_otx2_ep_vf.c.o'.
[1825/3291] Linking target drivers/librte_net_octeontx.so.23.0.
[1826/3291] Generating symbol file 'drivers/a715181@@rte_net_octeontx at sha/librte_net_octeontx.so.23.0.symbols'.
[1827/3291] Compiling C object 'drivers/a715181@@tmp_rte_net_octeon_ep at sta/net_octeon_ep_cnxk_ep_vf.c.o'.
FAILED: drivers/a715181@@tmp_rte_net_octeon_ep at sta/net_octeon_ep_cnxk_ep_vf.c.o
ccache aarch64-linux-gnu-gcc -Idrivers/a715181@@tmp_rte_net_octeon_ep at sta -Idrivers -I../drivers -Idrivers/net/octeon_ep -I../drivers/net/octeon_ep -Ilib/ethdev -I../lib/ethdev -I. -I../ -Iconfig -I../config -Ilib/eal/include -I../lib/eal/include -Ilib/eal/linux/include -I../lib/eal/linux/include -Ilib/eal/arm/include -I../lib/eal/arm/include -Ilib/eal/common -I../lib/eal/common -Ilib/eal -I../lib/eal -Ilib/kvargs -I../lib/kvargs -Ilib/telemetry/../metrics -I../lib/telemetry/../metrics -Ilib/telemetry -I../lib/telemetry -Ilib/net -I../lib/net -Ilib/mbuf -I../lib/mbuf -Ilib/mempool -I../lib/mempool -Ilib/ring -I../lib/ring -Ilib/meter -I../lib/meter -Idrivers/bus/pci -I../drivers/bus/pci -I../drivers/bus/pci/linux -Ilib/pci -I../lib/pci -Idrivers/bus/vdev -I../drivers/bus/vdev -fdiagnostics-color=always -pipe -D_FILE_OFFSET_BITS=64 -Wall -Winvalid-pch -Wextra -Werror -O3 -include rte_config.h -Wcast-qual -Wdeprecated -Wformat -Wformat-nonliteral -Wformat-security -Wmissing-declarations -Wmissing-prototypes -Wnested-externs -Wold-style-definition -Wpointer-arith -Wsign-compare -Wstrict-prototypes -Wundef -Wwrite-strings -Wno-address-of-packed-member -Wno-packed-not-aligned -Wno-missing-field-initializers -D_GNU_SOURCE -fPIC -march=armv8-a+crc -moutline-atomics -DALLOW_EXPERIMENTAL_API -DALLOW_INTERNAL_API -Wno-format-truncation -DRTE_LOG_DEFAULT_LOGTYPE=pmd.net.octeon_ep -MD -MQ 'drivers/a715181@@tmp_rte_net_octeon_ep at sta/net_octeon_ep_cnxk_ep_vf.c.o' -MF 'drivers/a715181@@tmp_rte_net_octeon_ep at sta/net_octeon_ep_cnxk_ep_vf.c.o.d' -o 'drivers/a715181@@tmp_rte_net_octeon_ep at sta/net_octeon_ep_cnxk_ep_vf.c.o' -c ../drivers/net/octeon_ep/cnxk_ep_vf.c
../drivers/net/octeon_ep/cnxk_ep_vf.c: In function 'cnxk_ep_vf_enable_iq':
../drivers/net/octeon_ep/cnxk_ep_vf.c:227:11: error: 'EIO' undeclared (first use in this function)
227 | return -EIO;
| ^~~
../drivers/net/octeon_ep/cnxk_ep_vf.c:227:11: note: each undeclared identifier is reported only once for each function it appears in
../drivers/net/octeon_ep/cnxk_ep_vf.c: In function 'cnxk_ep_vf_setup_device':
../drivers/net/octeon_ep/cnxk_ep_vf.c:347:12: error: 'ENOENT' undeclared (first use in this function)
347 | return -ENOENT;
| ^~~~~~
ninja: build stopped: subcommand failed.
==== End log output ====
Ubuntu 20.04 ARM GCC Native
Kernel: 5.4.0-53-generic
Compiler: gcc 9.3
Ubuntu 20.04 ARM Clang Native
Kernel: 5.4.0-53-generic
Compiler: clang 10.0.0-4ubuntu1
Ubuntu 20.04 ARM Clang Cross Compile
Kernel: 5.4.0-72-generic
Compiler: clang version 10.0.0-4ubuntu1
Ubuntu 20.04 aarch32 GCC Cross Compile
Kernel: 5.4.0-72-generic
Compiler: gcc 9.3.0
Ubuntu 20.04 ARM GCC Cross Compile
Kernel: 5.4.0-72-generic
Compiler: aarch64-linux-gnu-gcc (Ubuntu 9.3.0-17ubuntu1~20.04) 9.3.0
Ubuntu 20.04 ARM SVE
Kernel: 5.4.0-80-generic
Compiler: gcc 10.3.0 (Ubuntu 10.3.0-1ubuntu1~20.04)
To view detailed results, visit:
https://lab.dpdk.org/results/dashboard/patchsets/23623/
UNH-IOL DPDK Community Lab
To manage your email subscriptions, visit:
https://lab.dpdk.org/results/dashboard/preferences/subscriptions/
More information about the test-report
mailing list