|FAILURE| pw116842-116854 [PATCH] [v10, 13/13] net/nfp: add the representor port rxtx logic

dpdklab at iol.unh.edu dpdklab at iol.unh.edu
Mon Sep 26 09:42:21 CEST 2022


Test-Label: iol-aarch64-unit-testing
Test-Status: FAILURE
http://dpdk.org/patch/116854

_Testing issues_

Submitter: Chaoyong He <chaoyong.he at corigine.com>
Date: Monday, September 26 2022 06:59:57 
DPDK git baseline: Repo:dpdk
  Branch: master
  CommitID:abea8974c7a6647585596348245ed7011d0a5104

116842-116854 --> testing fail

Test environment and result as below:

+-------------------------------+----------------+--------------+
|          Environment          | dpdk_unit_test | lpm_autotest |
+===============================+================+==============+
| Ubuntu 20.04 ARM GCC Native   | FAIL           | SKIPPED      |
+-------------------------------+----------------+--------------+
| Ubuntu 20.04 ARM Clang Native | FAIL           | SKIPPED      |
+-------------------------------+----------------+--------------+
| Ubuntu 20.04 ARM SVE          | SKIPPED        | PASS         |
+-------------------------------+----------------+--------------+

==== 20 line log output for Ubuntu 20.04 ARM Clang Native (dpdk_unit_test): ====
[1845/3506] Compiling C object drivers/libtmp_rte_net_nfp.a.p/net_nfp_nfpcore_nfp_cpp_pcie_ops.c.o
[1846/3506] Compiling C object drivers/libtmp_rte_net_nfp.a.p/net_nfp_nfp_ethdev.c.o
[1847/3506] Compiling C object drivers/libtmp_rte_net_nfp.a.p/net_nfp_nfp_common.c.o
[1848/3506] Generating drivers/rte_net_i40e.sym_chk with a custom command (wrapped by meson to capture output)
[1849/3506] Compiling C object drivers/libtmp_rte_net_nfp.a.p/net_nfp_nfp_rxtx.c.o
[1850/3506] Compiling C object drivers/libtmp_rte_net_nfp.a.p/net_nfp_flower_nfp_flower.c.o
[1851/3506] Generating lib/pipeline.sym_chk with a custom command (wrapped by meson to capture output)
[1852/3506] Generating drivers/rte_bus_dpaa.sym_chk with a custom command (wrapped by meson to capture output)
[1853/3506] Generating drivers/rte_bus_fslmc.sym_chk with a custom command (wrapped by meson to capture output)
[1854/3506] Compiling C object drivers/libtmp_rte_net_nfp.a.p/net_nfp_flower_nfp_flower_representor.c.o
[1855/3506] Generating drivers/rte_common_mlx5.sym_chk with a custom command (wrapped by meson to capture output)
[1856/3506] Generating lib/ethdev.sym_chk with a custom command (wrapped by meson to capture output)
[1857/3506] Generating drivers/rte_common_sfc_efx.sym_chk with a custom command (wrapped by meson to capture output)
[1858/3506] Generating lib/eal.sym_chk with a custom command (wrapped by meson to capture output)
[1859/3506] Generating drivers/rte_common_cnxk.sym_chk with a custom command (wrapped by meson to capture output)
[1860/3506] Compiling C object drivers/libtmp_rte_event_cnxk.a.p/event_cnxk_deq_cn10k_deq_48_63_ca_tmo_seg.c.o
[1861/3506] Compiling C object drivers/libtmp_rte_event_cnxk.a.p/event_cnxk_deq_cn10k_deq_64_79_ca_tmo_seg.c.o
[1862/3506] Compiling C object drivers/libtmp_rte_event_cnxk.a.p/event_cnxk_deq_cn10k_deq_80_95_ca_tmo_seg.c.o
[1863/3506] Compiling C object drivers/libtmp_rte_event_cnxk.a.p/event_cnxk_tx_cn10k_tx_64_79.c.o
ninja: build stopped: subcommand failed.
==== End log output ====

Ubuntu 20.04 ARM GCC Native
	Kernel: 5.4.0-53-generic
	Compiler: gcc 9.3

Ubuntu 20.04 ARM Clang Native
	Kernel: 5.4.0-53-generic
	Compiler: clang 10.0.0-4ubuntu1

Ubuntu 20.04 ARM SVE
	Kernel: 5.4.0-80-generic
	Compiler: gcc 10.3.0 (Ubuntu 10.3.0-1ubuntu1~20.04)

To view detailed results, visit:
https://lab.dpdk.org/results/dashboard/patchsets/23624/

UNH-IOL DPDK Community Lab

To manage your email subscriptions, visit: 
https://lab.dpdk.org/results/dashboard/preferences/subscriptions/


More information about the test-report mailing list