|FAILURE| pw116897 [PATCH] app/eventdev: fix incorrect cleanup check

dpdklab at iol.unh.edu dpdklab at iol.unh.edu
Mon Sep 26 17:58:39 CEST 2022


Test-Label: iol-x86_64-unit-testing
Test-Status: FAILURE
http://dpdk.org/patch/116897

_Testing issues_

Submitter: Pavan Nikhilesh Bhagavatula <pbhagavatula at marvell.com>
Date: Monday, September 26 2022 15:05:48 
DPDK git baseline: Repo:dpdk
  Branch: master
  CommitID:b9b509246da274cfea47311792ba8400c179c24b

116897 --> testing fail

Test environment and result as below:

+---------------------+----------------+
|     Environment     | dpdk_unit_test |
+=====================+================+
| Fedora 34           | FAIL           |
+---------------------+----------------+
| Fedora 32           | PASS           |
+---------------------+----------------+
| Fedora 31           | PASS           |
+---------------------+----------------+
| Ubuntu 18.04        | PASS           |
+---------------------+----------------+
| RHEL 7              | PASS           |
+---------------------+----------------+
| Ubuntu 20.04        | PASS           |
+---------------------+----------------+
| Windows Server 2019 | PASS           |
+---------------------+----------------+
| Fedora 33           | PASS           |
+---------------------+----------------+
| RHEL8               | PASS           |
+---------------------+----------------+
| openSUSE Leap 15    | PASS           |
+---------------------+----------------+
| Fedora 34 clang     | PASS           |
+---------------------+----------------+

==== 20 line log output for Fedora 34 (dpdk_unit_test): ====
59/69 DPDK:fast-tests / trace_autotest_with_traces  OK       0.50 s
60/69 DPDK:fast-tests / metrics_autotest      OK       1.59 s
61/69 DPDK:fast-tests / telemetry_json_autotest  OK       0.41 s
62/69 DPDK:fast-tests / telemetry_data_autotest  OK       0.42 s
63/69 DPDK:fast-tests / table_autotest        OK      17.25 s
64/69 DPDK:fast-tests / ring_pmd_autotest     OK       0.76 s
65/69 DPDK:fast-tests / bitratestats_autotest  OK       0.46 s
66/69 DPDK:fast-tests / latencystats_autotest  OK       0.69 s
67/69 DPDK:fast-tests / pdump_autotest        OK       0.56 s
68/69 DPDK:fast-tests / vdev_autotest         OK       0.45 s
69/69 DPDK:fast-tests / telemetry_all         SKIP     0.01 s

Ok:                   65
Expected Fail:         0
Fail:                  1
Unexpected Pass:       0
Skipped:               3
Timeout:               0

Full log written to /home-local/jenkins-local/jenkins-agent/workspace/Generic-Unit-Test-DPDK/dpdk/build/meson-logs/testlog.txt
==== End log output ====

Fedora 34
	Kernel: 5.4.0-72-generic
	Compiler: gcc 11.1.1 20210428 (Red Hat 11.1.1-1)

Fedora 32
	Kernel: 4.18.0-240.10.1.el8_3.x86_64
	Compiler: gcc 10.2.1

Fedora 31
	Kernel: 4.18.0-240.10.1.el8_3.x86_64
	Compiler: gcc 9.3.1

Ubuntu 18.04
	Kernel: 4.18.0-240.10.1.el8_3.x86_64
	Compiler: gcc 7.5.0-3ubuntu1~18.04

RHEL 7
	Kernel: 4.18.0-240.10.1.el8_3.x86_64
	Compiler: gcc 4.8.5 20150623 (Red Hat 4.8.5-44)

Ubuntu 20.04
	Kernel: 4.18.0-240.10.1.el8_3.x86_64
	Compiler: gcc 9.3.0-17ubuntu1~20.04

Windows Server 2019
	Kernel: 10.0
	Compiler: clang 14.0 and gcc 8.1.0 (MinGW)

Fedora 33
	Kernel: 5.4.0-72-generic
	Compiler: gcc 10.3.1 20210422 (Red Hat 10.3.1-1)

RHEL8
	Kernel: 4.18.0-240.10.1.el8_3.x86_64
	Compiler: gcc 8.3.1 20191121 (Red Hat 8.3.1-5)

openSUSE Leap 15
	Kernel: 4.18.0-240.10.1.el8_3.x86_64
	Compiler: gcc 7.5.0

Fedora 34 clang
	Kernel: 5.4.0-72-generic
	Compiler: clang 12.0.0 (Fedora 12.0.0-0.3.rc1.fc34)

To view detailed results, visit:
https://lab.dpdk.org/results/dashboard/patchsets/23640/

UNH-IOL DPDK Community Lab

To manage your email subscriptions, visit: 
https://lab.dpdk.org/results/dashboard/preferences/subscriptions/


More information about the test-report mailing list