|FAILURE| pw116974 [PATCH] event/cnxk: fix missing xstats ops registration

dpdklab at iol.unh.edu dpdklab at iol.unh.edu
Tue Sep 27 18:41:02 CEST 2022


Test-Label: iol-x86_64-unit-testing
Test-Status: FAILURE
http://dpdk.org/patch/116974

_Testing issues_

Submitter: Pavan Nikhilesh Bhagavatula <pbhagavatula at marvell.com>
Date: Tuesday, September 27 2022 15:31:51 
DPDK git baseline: Repo:dpdk
  Branch: master
  CommitID:b9b509246da274cfea47311792ba8400c179c24b

116974 --> testing fail

Test environment and result as below:

+---------------------+----------------+
|     Environment     | dpdk_unit_test |
+=====================+================+
| Windows Server 2019 | PASS           |
+---------------------+----------------+
| Fedora 31           | PASS           |
+---------------------+----------------+
| Fedora 32           | PASS           |
+---------------------+----------------+
| RHEL 7              | PASS           |
+---------------------+----------------+
| Ubuntu 20.04        | PASS           |
+---------------------+----------------+
| Ubuntu 18.04        | FAIL           |
+---------------------+----------------+
| Fedora 33           | PASS           |
+---------------------+----------------+
| Fedora 34           | PASS           |
+---------------------+----------------+
| RHEL8               | PASS           |
+---------------------+----------------+
| openSUSE Leap 15    | PASS           |
+---------------------+----------------+
| Fedora 34 clang     | PASS           |
+---------------------+----------------+

==== 20 line log output for Ubuntu 18.04 (dpdk_unit_test): ====
59/69 DPDK:fast-tests / trace_autotest_with_traces  OK       0.74 s
60/69 DPDK:fast-tests / metrics_autotest      OK       0.23 s
61/69 DPDK:fast-tests / telemetry_json_autotest  OK       0.39 s
62/69 DPDK:fast-tests / telemetry_data_autotest  OK       0.35 s
63/69 DPDK:fast-tests / table_autotest        OK      13.39 s
64/69 DPDK:fast-tests / ring_pmd_autotest     OK       0.37 s
65/69 DPDK:fast-tests / bitratestats_autotest  OK       0.49 s
66/69 DPDK:fast-tests / latencystats_autotest  OK       0.26 s
67/69 DPDK:fast-tests / pdump_autotest        OK       0.39 s
68/69 DPDK:fast-tests / vdev_autotest         OK       0.28 s
69/69 DPDK:fast-tests / telemetry_all         SKIP     0.01 s

Ok:                   65
Expected Fail:         0
Fail:                  1
Unexpected Pass:       0
Skipped:               3
Timeout:               0

Full log written to /home-local/jenkins-local/jenkins-agent/workspace/Generic-Unit-Test-DPDK at 4/dpdk/build/meson-logs/testlog.txt
==== End log output ====

Windows Server 2019
	Kernel: 10.0
	Compiler: clang 14.0 and gcc 8.1.0 (MinGW)

Fedora 31
	Kernel: 4.18.0-240.10.1.el8_3.x86_64
	Compiler: gcc 9.3.1

Fedora 32
	Kernel: 4.18.0-240.10.1.el8_3.x86_64
	Compiler: gcc 10.2.1

RHEL 7
	Kernel: 4.18.0-240.10.1.el8_3.x86_64
	Compiler: gcc 4.8.5 20150623 (Red Hat 4.8.5-44)

Ubuntu 20.04
	Kernel: 4.18.0-240.10.1.el8_3.x86_64
	Compiler: gcc 9.3.0-17ubuntu1~20.04

Ubuntu 18.04
	Kernel: 4.18.0-240.10.1.el8_3.x86_64
	Compiler: gcc 7.5.0-3ubuntu1~18.04

Fedora 33
	Kernel: 5.4.0-72-generic
	Compiler: gcc 10.3.1 20210422 (Red Hat 10.3.1-1)

Fedora 34
	Kernel: 5.4.0-72-generic
	Compiler: gcc 11.1.1 20210428 (Red Hat 11.1.1-1)

RHEL8
	Kernel: 4.18.0-240.10.1.el8_3.x86_64
	Compiler: gcc 8.3.1 20191121 (Red Hat 8.3.1-5)

openSUSE Leap 15
	Kernel: 4.18.0-240.10.1.el8_3.x86_64
	Compiler: gcc 7.5.0

Fedora 34 clang
	Kernel: 5.4.0-72-generic
	Compiler: clang 12.0.0 (Fedora 12.0.0-0.3.rc1.fc34)

To view detailed results, visit:
https://lab.dpdk.org/results/dashboard/patchsets/23669/

UNH-IOL DPDK Community Lab

To manage your email subscriptions, visit: 
https://lab.dpdk.org/results/dashboard/preferences/subscriptions/


More information about the test-report mailing list