|FAILURE| pw117067-117068 [PATCH] [2/2] crypto/qat: fix not set rsa lengths
dpdklab at iol.unh.edu
dpdklab at iol.unh.edu
Wed Sep 28 20:04:08 CEST 2022
Test-Label: iol-aarch64-unit-testing
Test-Status: FAILURE
http://dpdk.org/patch/117068
_Testing issues_
Submitter: Arek Kusztal <arkadiuszx.kusztal at intel.com>
Date: Wednesday, September 28 2022 15:58:11
DPDK git baseline: Repo:dpdk
Branch: master
CommitID:3fe71706abc1f13294c82477a0538047f8e4ebbf
117067-117068 --> testing fail
Test environment and result as below:
+-------------------------------+----------------+--------------+
| Environment | dpdk_unit_test | lpm_autotest |
+===============================+================+==============+
| Ubuntu 20.04 ARM GCC Native | FAIL | SKIPPED |
+-------------------------------+----------------+--------------+
| Ubuntu 20.04 ARM Clang Native | FAIL | SKIPPED |
+-------------------------------+----------------+--------------+
| Ubuntu 20.04 ARM SVE | SKIPPED | PASS |
+-------------------------------+----------------+--------------+
==== 20 line log output for Ubuntu 20.04 ARM Clang Native (dpdk_unit_test): ====
[999/3503] Compiling C object drivers/libtmp_rte_mempool_cnxk.a.p/mempool_cnxk_cn10k_mempool_ops.c.o
[1000/3503] Generating drivers/rte_mempool_octeontx.sym_chk with a custom command (wrapped by meson to capture output)
[1001/3503] Generating drivers/rte_mempool_ring.sym_chk with a custom command (wrapped by meson to capture output)
[1002/3503] Generating drivers/rte_mempool_bucket.sym_chk with a custom command (wrapped by meson to capture output)
[1003/3503] Generating drivers/rte_mempool_stack.sym_chk with a custom command (wrapped by meson to capture output)
[1004/3503] Generating drivers/rte_dma_hisilicon.sym_chk with a custom command (wrapped by meson to capture output)
[1005/3503] Compiling C object drivers/libtmp_rte_dma_cnxk.a.p/dma_cnxk_cnxk_dmadev.c.o
[1006/3503] Compiling C object lib/librte_eventdev.a.p/eventdev_rte_event_eth_rx_adapter.c.o
[1007/3503] Compiling C object drivers/libtmp_rte_common_cnxk.a.p/common_cnxk_roc_nix_debug.c.o
[1008/3503] Compiling C object drivers/libtmp_rte_dma_dpaa.a.p/dma_dpaa_dpaa_qdma.c.o
[1009/3503] Compiling C object drivers/libtmp_rte_net_octeontx.a.p/net_octeontx_octeontx_ethdev.c.o
[1010/3503] Generating lib/pipeline.sym_chk with a custom command (wrapped by meson to capture output)
[1011/3503] Generating drivers/rte_bus_fslmc.sym_chk with a custom command (wrapped by meson to capture output)
[1012/3503] Compiling C object drivers/libtmp_rte_net_octeontx.a.p/net_octeontx_octeontx_rxtx.c.o
[1013/3503] Compiling C object drivers/libtmp_rte_dma_dpaa2.a.p/dma_dpaa2_dpaa2_qdma.c.o
[1014/3503] Generating lib/ethdev.sym_chk with a custom command (wrapped by meson to capture output)
[1015/3503] Generating drivers/rte_common_mlx5.sym_chk with a custom command (wrapped by meson to capture output)
[1016/3503] Generating lib/eal.sym_chk with a custom command (wrapped by meson to capture output)
[1017/3503] Generating drivers/rte_common_sfc_efx.sym_chk with a custom command (wrapped by meson to capture output)
ninja: build stopped: subcommand failed.
==== End log output ====
Ubuntu 20.04 ARM GCC Native
Kernel: 5.4.0-53-generic
Compiler: gcc 9.3
Ubuntu 20.04 ARM Clang Native
Kernel: 5.4.0-53-generic
Compiler: clang 10.0.0-4ubuntu1
Ubuntu 20.04 ARM SVE
Kernel: 5.4.0-80-generic
Compiler: gcc 10.3.0 (Ubuntu 10.3.0-1ubuntu1~20.04)
To view detailed results, visit:
https://lab.dpdk.org/results/dashboard/patchsets/23683/
UNH-IOL DPDK Community Lab
To manage your email subscriptions, visit:
https://lab.dpdk.org/results/dashboard/preferences/subscriptions/
More information about the test-report
mailing list