|FAILURE| pw124801 [PATCH] log: add timestamp for log
dpdklab at iol.unh.edu
dpdklab at iol.unh.edu
Sun Mar 5 14:11:22 CET 2023
Test-Label: iol-testing
Test-Status: FAILURE
http://dpdk.org/patch/124801
_Testing issues_
Submitter: luzhipeng <luzhipeng at cestc.cn>
Date: Saturday, March 04 2023 03:04:37
DPDK git baseline: Repo:dpdk
Branch: master
CommitID:4ef69b2877a24ddb89afaf4bb6f4e73bb52a605b
124801 --> testing fail
Test environment and result as below:
+----------------------------------------+----------------+--------------------+----------------------+
| Environment | dpdk_unit_test | dpdk_meson_compile | dpdk_mingw64_compile |
+========================================+================+====================+======================+
| Ubuntu 20.04 ARM Clang Native | FAIL | FAIL | SKIPPED |
+----------------------------------------+----------------+--------------------+----------------------+
| Ubuntu 20.04 ARM GCC Native | FAIL | FAIL | SKIPPED |
+----------------------------------------+----------------+--------------------+----------------------+
| Debian Buster | FAIL | FAIL | SKIPPED |
+----------------------------------------+----------------+--------------------+----------------------+
| Ubuntu 22.04 | FAIL | FAIL | SKIPPED |
+----------------------------------------+----------------+--------------------+----------------------+
| CentOS Stream 8 | FAIL | FAIL | SKIPPED |
+----------------------------------------+----------------+--------------------+----------------------+
| RHEL 7 | FAIL | FAIL | SKIPPED |
+----------------------------------------+----------------+--------------------+----------------------+
| RHEL8 | FAIL | FAIL | SKIPPED |
+----------------------------------------+----------------+--------------------+----------------------+
| CentOS Stream 9 | FAIL | FAIL | SKIPPED |
+----------------------------------------+----------------+--------------------+----------------------+
| Ubuntu 20.04 ARM GCC Cross Compile | SKIPPED | FAIL | SKIPPED |
+----------------------------------------+----------------+--------------------+----------------------+
| Ubuntu 20.04 ARM Clang Cross Compile | SKIPPED | FAIL | SKIPPED |
+----------------------------------------+----------------+--------------------+----------------------+
| Ubuntu 20.04 aarch32 GCC Cross Compile | SKIPPED | FAIL | SKIPPED |
+----------------------------------------+----------------+--------------------+----------------------+
| Ubuntu 20.04 ARM SVE | SKIPPED | FAIL | SKIPPED |
+----------------------------------------+----------------+--------------------+----------------------+
| FreeBSD 13 | SKIPPED | FAIL | SKIPPED |
+----------------------------------------+----------------+--------------------+----------------------+
| Windows Server 2019 | SKIPPED | FAIL | FAIL |
+----------------------------------------+----------------+--------------------+----------------------+
| Debian Bullseye | SKIPPED | FAIL | SKIPPED |
+----------------------------------------+----------------+--------------------+----------------------+
| openSUSE Leap 15 | SKIPPED | FAIL | SKIPPED |
+----------------------------------------+----------------+--------------------+----------------------+
| Ubuntu 20.04 | SKIPPED | FAIL | SKIPPED |
+----------------------------------------+----------------+--------------------+----------------------+
==== 20 line log output for Ubuntu 20.04 (dpdk_meson_compile): ====
[16/3191] Generating symbol file 'lib/76b5a35@@rte_telemetry at sha/librte_telemetry.so.23.1.symbols'.
[17/3191] Compiling C object 'lib/76b5a35@@rte_eal at sta/eal_common_eal_common_class.c.o'.
[18/3191] Compiling C object 'lib/76b5a35@@rte_eal at sta/eal_common_eal_common_config.c.o'.
[19/3191] Compiling C object 'lib/76b5a35@@rte_eal at sta/eal_common_eal_common_debug.c.o'.
[20/3191] Compiling C object 'lib/76b5a35@@rte_eal at sta/eal_common_eal_common_dev.c.o'.
[21/3191] Compiling C object 'lib/76b5a35@@rte_eal at sta/eal_common_eal_common_devargs.c.o'.
[22/3191] Compiling C object 'lib/76b5a35@@rte_eal at sta/eal_common_eal_common_errno.c.o'.
[23/3191] Compiling C object 'lib/76b5a35@@rte_eal at sta/eal_common_eal_common_fbarray.c.o'.
[24/3191] Compiling C object 'lib/76b5a35@@rte_eal at sta/eal_common_eal_common_hexdump.c.o'.
[25/3191] Compiling C object 'lib/76b5a35@@rte_eal at sta/eal_common_eal_common_interrupts.c.o'.
[26/3191] Compiling C object 'lib/76b5a35@@rte_eal at sta/eal_common_eal_common_launch.c.o'.
[27/3191] Compiling C object 'lib/76b5a35@@rte_eal at sta/eal_common_eal_common_lcore.c.o'.
[28/3191] Compiling C object 'lib/76b5a35@@rte_eal at sta/eal_common_eal_common_log.c.o'.
FAILED: lib/76b5a35@@rte_eal at sta/eal_common_eal_common_log.c.o
ccache cc -Ilib/76b5a35@@rte_eal at sta -Ilib -I../lib -I. -I../ -Iconfig -I../config -Ilib/eal/include -I../lib/eal/include -Ilib/eal/linux/include -I../lib/eal/linux/include -Ilib/eal/x86/include -I../lib/eal/x86/include -Ilib/eal/common -I../lib/eal/common -Ilib/eal -I../lib/eal -Ilib/kvargs -I../lib/kvargs -Ilib/telemetry/../metrics -I../lib/telemetry/../metrics -Ilib/telemetry -I../lib/telemetry -fdiagnostics-color=always -pipe -D_FILE_OFFSET_BITS=64 -Wall -Winvalid-pch -Wextra -Werror -O3 -include rte_config.h -Wcast-qual -Wdeprecated -Wformat -Wformat-nonliteral -Wformat-security -Wmissing-declarations -Wmissing-prototypes -Wnested-externs -Wold-style-definition -Wpointer-arith -Wsign-compare -Wstrict-prototypes -Wundef -Wwrite-strings -Wno-address-of-packed-member -Wno-packed-not-aligned -Wno-missing-field-initializers -D_GNU_SOURCE -fPIC -march=native -DALLOW_EXPERIMENTAL_API -DALLOW_INTERNAL_API -Wno-format-truncation '-DABI_VERSION="23.1"' -DRTE_LIBEAL_USE_GETENTROPY -DRTE_LO
G_DEFAULT_LOGTYPE=lib.eal -MD -MQ 'lib/76b5a35@@rte_eal at sta/eal_common_eal_common_log.c.o' -MF 'lib/76b5a35@@rte_eal at sta/eal_common_eal_common_log.c.o.d' -o 'lib/76b5a35@@rte_eal at sta/eal_common_eal_common_log.c.o' -c ../lib/eal/common/eal_common_log.c
../lib/eal/common/eal_common_log.c:485:1: error: no previous prototype for 'rte_log_get_timestamp_prefix' [-Werror=missing-prototypes]
485 | rte_log_get_timestamp_prefix(char *buf, int buf_size)
| ^~~~~~~~~~~~~~~~~~~~~~~~~~~~
cc1: all warnings being treated as errors
ninja: build stopped: subcommand failed.
==== End log output ====
Ubuntu 20.04 ARM Clang Native
Kernel: 5.4.0-53-generic
Compiler: clang 10.0.0-4ubuntu1
Ubuntu 20.04 ARM GCC Native
Kernel: 5.4.0-53-generic
Compiler: gcc 9.3
Debian Buster
Kernel: 5.4.0-122-generic
Compiler: gcc 8.3.0-6
Ubuntu 22.04
Kernel: Container Host Kernel
Compiler: gcc 12.2.1-2
CentOS Stream 8
Kernel: 4.18.0-240.10.1.el8_3.x86_64
Compiler: gcc 8.4.1 20200928
RHEL 7
Kernel: 4.18.0-240.10.1.el8_3.x86_64
Compiler: gcc 4.8.5 20150623 (Red Hat 4.8.5-44)
RHEL8
Kernel: 4.18.0-240.10.1.el8_3.x86_64
Compiler: gcc 8.3.1 20191121 (Red Hat 8.3.1-5)
CentOS Stream 9
Kernel: 4.18.0-240.10.1.el8_3.x86_64
Compiler: gcc 11.3.1 20220421
Ubuntu 20.04 ARM GCC Cross Compile
Kernel: 5.4.0-72-generic
Compiler: aarch64-linux-gnu-gcc (Ubuntu 9.3.0-17ubuntu1~20.04) 9.3.0
Ubuntu 20.04 ARM Clang Cross Compile
Kernel: 5.4.0-72-generic
Compiler: clang version 10.0.0-4ubuntu1
Ubuntu 20.04 aarch32 GCC Cross Compile
Kernel: 5.4.0-72-generic
Compiler: gcc 9.3.0
Ubuntu 20.04 ARM SVE
Kernel: 5.4.0-80-generic
Compiler: gcc 10.3.0 (Ubuntu 10.3.0-1ubuntu1~20.04)
FreeBSD 13
Kernel: 13.0
Compiler: clang 11.0.1
Windows Server 2019
Kernel: 10.0
Compiler: clang 14.0 and gcc 8.1.0 (MinGW)
Debian Bullseye
Kernel: 5.4.0-122-generic
Compiler: gcc 10.2.1-6
openSUSE Leap 15
Kernel: 4.18.0-240.10.1.el8_3.x86_64
Compiler: gcc 7.5.0
Ubuntu 20.04
Kernel: 4.18.0-240.10.1.el8_3.x86_64
Compiler: gcc 9.3.0-17ubuntu1~20.04
To view detailed results, visit:
https://lab.dpdk.org/results/dashboard/patchsets/25611/
UNH-IOL DPDK Community Lab
To manage your email subscriptions, visit:
https://lab.dpdk.org/results/dashboard/preferences/subscriptions/
More information about the test-report
mailing list