|FAILURE| pw124809 [PATCH] log: add timestamp for log

dpdklab at iol.unh.edu dpdklab at iol.unh.edu
Mon Mar 6 10:14:18 CET 2023


Test-Label: iol-testing
Test-Status: FAILURE
http://dpdk.org/patch/124809

_Testing issues_

Submitter: luzhipeng <luzhipeng at cestc.cn>
Date: Friday, March 03 2023 09:54:35 
DPDK git baseline: Repo:dpdk
  Branch: master
  CommitID:4ef69b2877a24ddb89afaf4bb6f4e73bb52a605b

124809 --> testing fail

Test environment and result as below:

+----------------------------------------+--------------------+----------------------+----------------+
|              Environment               | dpdk_meson_compile | dpdk_mingw64_compile | dpdk_unit_test |
+========================================+====================+======================+================+
| Windows Server 2019                    | FAIL               | FAIL                 | SKIPPED        |
+----------------------------------------+--------------------+----------------------+----------------+
| Ubuntu 20.04 ARM GCC Cross Compile     | FAIL               | SKIPPED              | SKIPPED        |
+----------------------------------------+--------------------+----------------------+----------------+
| Ubuntu 20.04 ARM GCC Native            | FAIL               | SKIPPED              | FAIL           |
+----------------------------------------+--------------------+----------------------+----------------+
| Ubuntu 20.04 ARM Clang Native          | FAIL               | SKIPPED              | FAIL           |
+----------------------------------------+--------------------+----------------------+----------------+
| Ubuntu 20.04 ARM Clang Cross Compile   | FAIL               | SKIPPED              | SKIPPED        |
+----------------------------------------+--------------------+----------------------+----------------+
| Ubuntu 20.04 aarch32 GCC Cross Compile | FAIL               | SKIPPED              | SKIPPED        |
+----------------------------------------+--------------------+----------------------+----------------+
| Ubuntu 20.04 ARM SVE                   | FAIL               | SKIPPED              | SKIPPED        |
+----------------------------------------+--------------------+----------------------+----------------+
| CentOS Stream 8                        | FAIL               | SKIPPED              | FAIL           |
+----------------------------------------+--------------------+----------------------+----------------+
| Debian Buster                          | FAIL               | SKIPPED              | FAIL           |
+----------------------------------------+--------------------+----------------------+----------------+
| CentOS Stream 9                        | FAIL               | SKIPPED              | FAIL           |
+----------------------------------------+--------------------+----------------------+----------------+
| Ubuntu 22.04                           | FAIL               | SKIPPED              | FAIL           |
+----------------------------------------+--------------------+----------------------+----------------+
| Debian Bullseye                        | FAIL               | SKIPPED              | FAIL           |
+----------------------------------------+--------------------+----------------------+----------------+
| openSUSE Leap 15                       | FAIL               | SKIPPED              | FAIL           |
+----------------------------------------+--------------------+----------------------+----------------+
| Ubuntu 20.04                           | FAIL               | SKIPPED              | SKIPPED        |
+----------------------------------------+--------------------+----------------------+----------------+
| RHEL 7                                 | FAIL               | SKIPPED              | SKIPPED        |
+----------------------------------------+--------------------+----------------------+----------------+
| RHEL8                                  | FAIL               | SKIPPED              | SKIPPED        |
+----------------------------------------+--------------------+----------------------+----------------+
| FreeBSD 13                             | FAIL               | SKIPPED              | SKIPPED        |
+----------------------------------------+--------------------+----------------------+----------------+

==== 20 line log output for FreeBSD 13 (dpdk_meson_compile): ====
[33/1734] Compiling C object lib/librte_eal.a.p/eal_common_eal_common_uuid.c.o
[34/1734] Compiling C object lib/librte_eal.a.p/eal_common_malloc_elem.c.o
[35/1734] Compiling C object lib/librte_eal.a.p/eal_common_rte_random.c.o
[36/1734] Compiling C object lib/librte_eal.a.p/eal_common_eal_common_log.c.o
FAILED: lib/librte_eal.a.p/eal_common_eal_common_log.c.o
ccache cc -Ilib/librte_eal.a.p -Ilib -I../lib -I. -I.. -Iconfig -I../config -Ilib/eal/include -I../lib/eal/include -Ilib/eal/freebsd/include -I../lib/eal/freebsd/include -Ilib/eal/x86/include -I../lib/eal/x86/include -Ilib/eal/common -I../lib/eal/common -Ilib/eal -I../lib/eal -Ilib/kvargs -I../lib/kvargs -Ilib/metrics -I../lib/metrics -Ilib/telemetry -I../lib/telemetry -fcolor-diagnostics -D_FILE_OFFSET_BITS=64 -Wall -Winvalid-pch -Wextra -Werror -O3 -include rte_config.h -Wcast-qual -Wdeprecated -Wformat -Wformat-nonliteral -Wformat-security -Wmissing-declarations -Wmissing-prototypes -Wnested-externs -Wold-style-definition -Wpointer-arith -Wsign-compare -Wstrict-prototypes -Wundef -Wwrite-strings -Wno-address-of-packed-member -Wno-missing-field-initializers -D_GNU_SOURCE -D__BSD_VISIBLE -fPIC -march=native -DALLOW_EXPERIMENTAL_API -DALLOW_INTERNAL_API '-DABI_VERSION="23.1"' -DRTE_LIBEAL_USE_GETENTROPY -DRTE_LOG_DEFAULT_LOGTYPE=lib.eal -MD -MQ lib/librte_eal.a.p/eal_common_eal_commo
 n_log.c.o -MF lib/librte_eal.a.p/eal_common_eal_common_log.c.o.d -o lib/librte_eal.a.p/eal_common_eal_common_log.c.o -c ../lib/eal/common/eal_common_log.c
../lib/eal/common/eal_common_log.c:485:1: error: no previous prototype for function 'rte_log_get_timestamp_prefix' [-Werror,-Wmissing-prototypes]
rte_log_get_timestamp_prefix(char *buf, int buf_size)
^
../lib/eal/common/eal_common_log.c:484:1: note: declare 'static' if the function is not intended to be used outside of this translation unit
void
^
static
1 error generated.
[37/1734] Compiling C object lib/librte_eal.a.p/eal_common_rte_malloc.c.o
[38/1734] Compiling C object lib/librte_eal.a.p/eal_common_rte_reciprocal.c.o
[39/1734] Compiling C object lib/librte_eal.a.p/eal_common_rte_service.c.o
[40/1734] Generating lib/kvargs.sym_chk with a custom command (wrapped by meson to capture output)
[41/1734] Generating lib/telemetry.sym_chk with a custom command (wrapped by meson to capture output)
ninja: build stopped: subcommand failed.
==== End log output ====

Windows Server 2019
	Kernel: 10.0
	Compiler: clang 14.0 and gcc 8.1.0 (MinGW)

Ubuntu 20.04 ARM GCC Cross Compile
	Kernel: 5.4.0-72-generic
	Compiler: aarch64-linux-gnu-gcc (Ubuntu 9.3.0-17ubuntu1~20.04) 9.3.0

Ubuntu 20.04 ARM GCC Native
	Kernel: 5.4.0-53-generic
	Compiler: gcc 9.3

Ubuntu 20.04 ARM Clang Native
	Kernel: 5.4.0-53-generic
	Compiler: clang 10.0.0-4ubuntu1

Ubuntu 20.04 ARM Clang Cross Compile
	Kernel: 5.4.0-72-generic
	Compiler: clang version 10.0.0-4ubuntu1

Ubuntu 20.04 aarch32 GCC Cross Compile
	Kernel: 5.4.0-72-generic
	Compiler: gcc 9.3.0

Ubuntu 20.04 ARM SVE
	Kernel: 5.4.0-80-generic
	Compiler: gcc 10.3.0 (Ubuntu 10.3.0-1ubuntu1~20.04)

CentOS Stream 8
	Kernel: 4.18.0-240.10.1.el8_3.x86_64
	Compiler: gcc 8.4.1 20200928

Debian Buster
	Kernel: 5.4.0-122-generic
	Compiler: gcc 8.3.0-6

CentOS Stream 9
	Kernel: 4.18.0-240.10.1.el8_3.x86_64
	Compiler: gcc 11.3.1 20220421

Ubuntu 22.04
	Kernel: Container Host Kernel
	Compiler: clang 14.0.5-1.fc36

Debian Bullseye
	Kernel: 5.4.0-122-generic
	Compiler: gcc 10.2.1-6

openSUSE Leap 15
	Kernel: 4.18.0-240.10.1.el8_3.x86_64
	Compiler: gcc 7.5.0

Ubuntu 20.04
	Kernel: 4.18.0-240.10.1.el8_3.x86_64
	Compiler: gcc 9.3.0-17ubuntu1~20.04

RHEL 7
	Kernel: 4.18.0-240.10.1.el8_3.x86_64
	Compiler: gcc 4.8.5 20150623 (Red Hat 4.8.5-44)

RHEL8
	Kernel: 4.18.0-240.10.1.el8_3.x86_64
	Compiler: gcc 8.3.1 20191121 (Red Hat 8.3.1-5)

FreeBSD 13
	Kernel: 13.0
	Compiler: clang 11.0.1

To view detailed results, visit:
https://lab.dpdk.org/results/dashboard/patchsets/25619/

UNH-IOL DPDK Community Lab

To manage your email subscriptions, visit: 
https://lab.dpdk.org/results/dashboard/preferences/subscriptions/


More information about the test-report mailing list