|FAILURE| pw124809 [PATCH] log: add timestamp for log

dpdklab at iol.unh.edu dpdklab at iol.unh.edu
Mon Mar 6 10:19:53 CET 2023


Test-Label: iol-x86_64-unit-testing
Test-Status: FAILURE
http://dpdk.org/patch/124809

_Testing issues_

Submitter: luzhipeng <luzhipeng at cestc.cn>
Date: Friday, March 03 2023 09:54:35 
DPDK git baseline: Repo:dpdk
  Branch: master
  CommitID:4ef69b2877a24ddb89afaf4bb6f4e73bb52a605b

124809 --> testing fail

Test environment and result as below:

+---------------------+----------------+
|     Environment     | dpdk_unit_test |
+=====================+================+
| CentOS Stream 8     | FAIL           |
+---------------------+----------------+
| CentOS Stream 9     | FAIL           |
+---------------------+----------------+
| Debian Buster       | FAIL           |
+---------------------+----------------+
| Ubuntu 22.04        | FAIL           |
+---------------------+----------------+
| Debian Bullseye     | FAIL           |
+---------------------+----------------+
| openSUSE Leap 15    | FAIL           |
+---------------------+----------------+
| RHEL 7              | FAIL           |
+---------------------+----------------+
| RHEL8               | FAIL           |
+---------------------+----------------+
| Ubuntu 20.04        | FAIL           |
+---------------------+----------------+
| Windows Server 2019 | FAIL           |
+---------------------+----------------+

==== 20 line log output for Windows Server 2019 (dpdk_unit_test): ====
 [ 2 1 / 4 5 5 ]   C o m p i l i n g   C   o b j e c t   l i b / l i b r t e _ m b u f . a . p / m b u f _ r t e _ m b u f _ p o o l _ o p s . c . o b j 
 
 [ 2 2 / 4 5 5 ]   C o m p i l i n g   C   o b j e c t   l i b / l i b r t e _ e a l . a . p / e a l _ c o m m o n _ e a l _ c o m m o n _ l o g . c . o b j 
 
 F A I L E D :   l i b / l i b r t e _ e a l . a . p / e a l _ c o m m o n _ e a l _ c o m m o n _ l o g . c . o b j   
 
 " c l a n g "   " - I l i b \ l i b r t e _ e a l . a . p "   " - I l i b "   " - I . . \ l i b "   " - I . "   " - I . . "   " - I c o n f i g "   " - I . . \ c o n f i g "   " - I l i b \ e a l \ i n c l u d e "   " - I . . \ l i b \ e a l \ i n c l u d e "   " - I l i b \ e a l \ w i n d o w s \ i n c l u d e "   " - I . . \ l i b \ e a l \ w i n d o w s \ i n c l u d e "   " - I l i b \ e a l \ x 8 6 \ i n c l u d e "   " - I . . \ l i b \ e a l \ x 8 6 \ i n c l u d e "   " - I l i b \ e a l \ c o m m o n "   " - I . . \ l i b \ e a l \ c o m m o n "   " - I l i b \ e a l "   " - I . . \ l i b \ e a l "   " - I l i b \ k v a r g s "   " - I . . \ l i b \ k v a r g s "   " - X c l a n g "   " - f c o l o r - d i a g n o s t i c s "   " - p i p e "   " - D _ F I L E _ O F F S E T _ B I T S = 6 4 "   " - W a l l "   " - W i n v a l i d - p c h "   " - W e x t r a "   " - W e r r o r "   " - O 3 "   " - i n c l u d e "   " r t e _ c o n f i g . h "   " - W c a s t - q u a l "   " -
  W d e p r e c a t e d "   " - W f o r m a t "   " - W f o r m a t - n o n l i t e r a l "   " - W f o r m a t - s e c u r i t y "   " - W m i s s i n g - d e c l a r a t i o n s "   " - W m i s s i n g - p r o t o t y p e s "   " - W n e s t e d - e x t e r n s "   " - W o l d - s t y l e - d e f i n i t i o n "   " - W p o i n t e r - a r i t h "   " - W s i g n - c o m p a r e "   " - W s t r i c t - p r o t o t y p e s "   " - W u n d e f "   " - W w r i t e - s t r i n g s "   " - W n o - a d d r e s s - o f - p a c k e d - m e m b e r "   " - W n o - m i s s i n g - f i e l d - i n i t i a l i z e r s "   " - D _ G N U _ S O U R C E "   " - D _ W I N 3 2 _ W I N N T = 0 x 0 A 0 0 "   " - D _ C R T _ S E C U R E _ N O _ W A R N I N G S "   " - m a r c h = n a t i v e "   " - D A L L O W _ E X P E R I M E N T A L _ A P I "   " - D A L L O W _ I N T E R N A L _ A P I "   " - D A B I _ V E R S I O N = \ " 2 3 . 1 \ " "   " - D R T E _ L O G _ D E F A U L T _ L O G T Y P E = l i b 
 . e a l "   - M D   - M Q   l i b / l i b r t e _ e a l . a . p / e a l _ c o m m o n _ e a l _ c o m m o n _ l o g . c . o b j   - M F   " l i b \ l i b r t e _ e a l . a . p \ e a l _ c o m m o n _ e a l _ c o m m o n _ l o g . c . o b j . d "   - o   l i b / l i b r t e _ e a l . a . p / e a l _ c o m m o n _ e a l _ c o m m o n _ l o g . c . o b j   " - c "   . . / l i b / e a l / c o m m o n / e a l _ c o m m o n _ l o g . c 
 
 . . / l i b / e a l / c o m m o n / e a l _ c o m m o n _ l o g . c : 4 8 5 : 1 :   e r r o r :   n o   p r e v i o u s   p r o t o t y p e   f o r   f u n c t i o n   ' r t e _ l o g _ g e t _ t i m e s t a m p _ p r e f i x '   [ - W e r r o r , - W m i s s i n g - p r o t o t y p e s ] 
 
 r t e _ l o g _ g e t _ t i m e s t a m p _ p r e f i x ( c h a r   * b u f ,   i n t   b u f _ s i z e ) 
 
 ^ 
 
 . . / l i b / e a l / c o m m o n / e a l _ c o m m o n _ l o g . c : 4 8 4 : 1 :   n o t e :   d e c l a r e   ' s t a t i c '   i f   t h e   f u n c t i o n   i s   n o t   i n t e n d e d   t o   b e   u s e d   o u t s i d e   o f   t h i s   t r a n s l a t i o n   u n i t 
 
 v o i d 
 
 ^ 
 
 s t a t i c   
 
 1   e r r o r   g e n e r a t e d . 
 
 [ 2 3 / 4 5 5 ]   L i n k i n g   s t a t i c   t a r g e t   l i b / l i b r t e _ m b u f . a 
 
 [ 2 4 / 4 5 5 ]   C o m p i l i n g   C   o b j e c t   l i b / l i b r t e _ e a l . a . p / e a l _ c o m m o n _ e a l _ c o m m o n _ e r r n o . c . o b j 
 
 [ 2 5 / 4 5 5 ]   C o m p i l i n g   C   o b j e c t   l i b / l i b r t e _ e a l . a . p / e a l _ c o m m o n _ e a l _ c o m m o n _ h e x d u m p . c . o b j 
 
 [ 2 6 / 4 5 5 ]   L i n k i n g   s t a t i c   t a r g e t   l i b / l i b r t e _ e t h d e v . a 
 
 [ 2 7 / 4 5 5 ]   C o m p i l i n g   C   o b j e c t   l i b / l i b r t e _ m e m p o o l . a . p / m e m p o o l _ m e m p o o l _ t r a c e _ p o i n t s . c . o b j 
 
 n i n j a :   b u i l d   s t o p p e d :   s u b c o m m a n d   f a i l e d . 
 
 C o u l d   n o t   r e b u i l d   C : \ U s e r s \ b u i l d e r \ j e n k i n s \ w o r k s p a c e \ G e n e r i c - V M - U n i t - T e s t - D P D K \ d p d k \ b u i l d 
 
 
==== End log output ====

CentOS Stream 8
	Kernel: 4.18.0-240.10.1.el8_3.x86_64
	Compiler: gcc 8.4.1 20200928

CentOS Stream 9
	Kernel: 4.18.0-240.10.1.el8_3.x86_64
	Compiler: gcc 11.3.1 20220421

Debian Buster
	Kernel: 5.4.0-122-generic
	Compiler: gcc 8.3.0-6

Ubuntu 22.04
	Kernel: Container Host Kernel
	Compiler: gcc 11.3.1-2

Debian Bullseye
	Kernel: 5.4.0-122-generic
	Compiler: gcc 10.2.1-6

openSUSE Leap 15
	Kernel: 4.18.0-240.10.1.el8_3.x86_64
	Compiler: gcc 7.5.0

RHEL 7
	Kernel: 4.18.0-240.10.1.el8_3.x86_64
	Compiler: gcc 4.8.5 20150623 (Red Hat 4.8.5-44)

RHEL8
	Kernel: 4.18.0-240.10.1.el8_3.x86_64
	Compiler: gcc 8.3.1 20191121 (Red Hat 8.3.1-5)

Ubuntu 20.04
	Kernel: 4.18.0-240.10.1.el8_3.x86_64
	Compiler: gcc 9.3.0-17ubuntu1~20.04

Windows Server 2019
	Kernel: 10.0
	Compiler: clang 14.0 and gcc 8.1.0 (MinGW)

To view detailed results, visit:
https://lab.dpdk.org/results/dashboard/patchsets/25619/

UNH-IOL DPDK Community Lab

To manage your email subscriptions, visit: 
https://lab.dpdk.org/results/dashboard/preferences/subscriptions/


More information about the test-report mailing list