|FAILURE| pw124861-124864 [PATCH] [v2, 5/5] mlx5dr: Definer, translate RTE quota item

dpdklab at iol.unh.edu dpdklab at iol.unh.edu
Wed Mar 8 18:32:42 CET 2023


Test-Label: iol-x86_64-compile-testing
Test-Status: FAILURE
http://dpdk.org/patch/124864

_Testing issues_

Submitter: Gregory Etelson <getelson at nvidia.com>
Date: Wednesday, March 08 2023 17:01:31 
DPDK git baseline: Repo:dpdk
  Branch: master
  CommitID:813d0eead31deb75b774524ad21e99136fbad331

124861-124864 --> testing fail

Test environment and result as below:

+------------------+--------------------+
|   Environment    | dpdk_meson_compile |
+==================+====================+
| Debian Buster    | FAIL               |
+------------------+--------------------+
| CentOS Stream 8  | FAIL               |
+------------------+--------------------+
| CentOS Stream 9  | FAIL               |
+------------------+--------------------+
| RHEL 7           | FAIL               |
+------------------+--------------------+
| Ubuntu 22.04     | FAIL               |
+------------------+--------------------+
| openSUSE Leap 15 | FAIL               |
+------------------+--------------------+
| Debian Bullseye  | FAIL               |
+------------------+--------------------+
| RHEL8            | FAIL               |
+------------------+--------------------+
| Ubuntu 20.04     | FAIL               |
+------------------+--------------------+
| FreeBSD 13       | PASS               |
+------------------+--------------------+

==== 20 line log output for Ubuntu 20.04 (dpdk_meson_compile): ====
Found CMake: NO
Run-time dependency libmana found: NO (tried pkgconfig and cmake)
Library mana found: NO
Message: drivers/net/memif: Defining dependency "net_memif"
Run-time dependency libmlx4 found: YES 1.0.28.0
Dependency libibverbs found: YES 1.8.28.0 (cached)
Compiler for C supports arguments -std=c11: YES
Compiler for C supports arguments -Wno-strict-prototypes -Wstrict-prototypes: YES
Compiler for C supports arguments -D_BSD_SOURCE: YES
Compiler for C supports arguments -D_DEFAULT_SOURCE: YES
Compiler for C supports arguments -D_XOPEN_SOURCE=600: YES
Header <infiniband/mlx4dv.h> has symbol "MLX4DV_SET_CTX_ATTR_BUF_ALLOCATORS" with dependencies libmlx4, libibverbs: YES
Header <infiniband/mlx4dv.h> has symbol "MLX4DV_QP_MASK_UAR_MMAP_OFFSET" with dependencies libmlx4, libibverbs: YES
Checking whether type "struct mlx4_wqe_lso_seg" has member "mss_hdr_size" with dependencies libmlx4, libibverbs: YES
Configuring mlx4_autoconf.h using configuration
Message: drivers/net/mlx4: Defining dependency "net_mlx4"

drivers/net/mlx5/meson.build:18:0: ERROR: File mlx5_flow_quota.c does not exist.

A full log can be found at /home-local/jenkins-local/jenkins-agent/workspace/Generic-DPDK-Compile-Meson/dpdk/build/meson-logs/meson-log.txt
==== End log output ====

Debian Buster
	Kernel: 5.4.0-122-generic
	Compiler: gcc 8.3.0-6

CentOS Stream 8
	Kernel: 4.18.0-240.10.1.el8_3.x86_64
	Compiler: gcc 8.4.1 20200928

CentOS Stream 9
	Kernel: 4.18.0-240.10.1.el8_3.x86_64
	Compiler: gcc 11.3.1 20220421

RHEL 7
	Kernel: 4.18.0-240.10.1.el8_3.x86_64
	Compiler: gcc 4.8.5 20150623 (Red Hat 4.8.5-44)

Ubuntu 22.04
	Kernel: Container Host Kernel
	Compiler: gcc 12.2.1-2

openSUSE Leap 15
	Kernel: 4.18.0-240.10.1.el8_3.x86_64
	Compiler: gcc 7.5.0

Debian Bullseye
	Kernel: 5.4.0-122-generic
	Compiler: gcc 10.2.1-6

RHEL8
	Kernel: 4.18.0-240.10.1.el8_3.x86_64
	Compiler: gcc 8.3.1 20191121 (Red Hat 8.3.1-5)

Ubuntu 20.04
	Kernel: 4.18.0-240.10.1.el8_3.x86_64
	Compiler: gcc 9.3.0-17ubuntu1~20.04

FreeBSD 13
	Kernel: 13.0
	Compiler: clang 11.0.1

To view detailed results, visit:
https://lab.dpdk.org/results/dashboard/patchsets/25645/

UNH-IOL DPDK Community Lab

To manage your email subscriptions, visit: 
https://lab.dpdk.org/results/dashboard/preferences/subscriptions/


More information about the test-report mailing list