|FAILURE| pw124861-124864 [PATCH] [v2, 5/5] mlx5dr: Definer, translate RTE quota item

dpdklab at iol.unh.edu dpdklab at iol.unh.edu
Wed Mar 8 19:41:07 CET 2023


Test-Label: iol-aarch64-compile-testing
Test-Status: FAILURE
http://dpdk.org/patch/124864

_Testing issues_

Submitter: Gregory Etelson <getelson at nvidia.com>
Date: Wednesday, March 08 2023 17:01:31 
DPDK git baseline: Repo:dpdk
  Branch: master
  CommitID:813d0eead31deb75b774524ad21e99136fbad331

124861-124864 --> testing fail

Test environment and result as below:

+----------------------------------------+--------------------+
|              Environment               | dpdk_meson_compile |
+========================================+====================+
| Ubuntu 20.04 ARM GCC Native            | FAIL               |
+----------------------------------------+--------------------+
| Ubuntu 20.04 ARM Clang Native          | FAIL               |
+----------------------------------------+--------------------+
| Ubuntu 20.04 aarch32 GCC Cross Compile | PASS               |
+----------------------------------------+--------------------+
| Ubuntu 20.04 ARM Clang Cross Compile   | PASS               |
+----------------------------------------+--------------------+
| Ubuntu 20.04 ARM GCC Cross Compile     | PASS               |
+----------------------------------------+--------------------+
| Ubuntu 20.04 ARM SVE                   | PASS               |
+----------------------------------------+--------------------+

==== 20 line log output for Ubuntu 20.04 ARM Clang Native (dpdk_meson_compile): ====
Compiler for C supports arguments -Wno-unused-variable: YES (cached)
Compiler for C supports arguments -Wno-unused-parameter: YES (cached)
Message: drivers/net/ice: Defining dependency "net_ice"
Message: drivers/net/idpf: Defining dependency "net_idpf"
Message: drivers/net/igc: Defining dependency "net_igc"
Message: drivers/net/ionic: Defining dependency "net_ionic"
Message: drivers/net/ipn3ke: Defining dependency "net_ipn3ke"
Compiler for C supports arguments -Wno-unused-value: YES (cached)
Compiler for C supports arguments -Wno-unused-but-set-variable: NO (cached)
Compiler for C supports arguments -Wno-unused-parameter: YES (cached)
Message: drivers/net/ixgbe: Defining dependency "net_ixgbe"
Message: Disabling kni [drivers/net/kni]: missing internal dependency "kni"
Message: drivers/net/liquidio: Defining dependency "net_liquidio"
Message: drivers/net/memif: Defining dependency "net_memif"
Run-time dependency libmlx4 found: NO (tried pkgconfig)
Library mlx4 found: NO

drivers/net/mlx5/meson.build:18:0: ERROR: File mlx5_flow_quota.c does not exist.

A full log can be found at /home-local/jenkins-local/jenkins-agent/workspace/Generic-VM-DPDK-Compile-Meson/dpdk/build/meson-logs/meson-log.txt
==== End log output ====

Ubuntu 20.04 ARM GCC Native
	Kernel: 5.4.0-53-generic
	Compiler: gcc 9.3

Ubuntu 20.04 ARM Clang Native
	Kernel: 5.4.0-53-generic
	Compiler: clang 10.0.0-4ubuntu1

Ubuntu 20.04 aarch32 GCC Cross Compile
	Kernel: 5.4.0-72-generic
	Compiler: gcc 9.3.0

Ubuntu 20.04 ARM Clang Cross Compile
	Kernel: 5.4.0-72-generic
	Compiler: clang version 10.0.0-4ubuntu1

Ubuntu 20.04 ARM GCC Cross Compile
	Kernel: 5.4.0-72-generic
	Compiler: aarch64-linux-gnu-gcc (Ubuntu 9.3.0-17ubuntu1~20.04) 9.3.0

Ubuntu 20.04 ARM SVE
	Kernel: 5.4.0-80-generic
	Compiler: gcc 10.3.0 (Ubuntu 10.3.0-1ubuntu1~20.04)

To view detailed results, visit:
https://lab.dpdk.org/results/dashboard/patchsets/25645/

UNH-IOL DPDK Community Lab

To manage your email subscriptions, visit: 
https://lab.dpdk.org/results/dashboard/preferences/subscriptions/


More information about the test-report mailing list