|WARNING| [GIT MASTER] b15d75b2872efce397d827dac78692a919358302

dpdklab at iol.unh.edu dpdklab at iol.unh.edu
Sat Mar 11 00:40:35 CET 2023


_Testing issues_

Branch: dpdk

b15d75b2872efce397d827dac78692a919358302 --> testing fail

Test environment and result as below:

+------------------+----------------------------------+
|   Environment    | dpdk_kmod_compile_torvalds_linux |
+==================+==================================+
| openSUSE Leap 15 | FAIL                             |
+------------------+----------------------------------+
| Debian Bullseye  | FAIL                             |
+------------------+----------------------------------+
| Ubuntu 20.04     | FAIL                             |
+------------------+----------------------------------+

==== 20 line log output for Ubuntu 20.04 (dpdk_kmod_compile_torvalds_linux): ====
In file included from /home-local/jenkins-local/jenkins-agent/workspace/Generic-DPDK-Compile-Kmod/dpdk/kernel/linux/kni/kni_net.c:26:
/home-local/jenkins-local/jenkins-agent/workspace/Generic-DPDK-Compile-Kmod/dpdk/kernel/linux/kni/kni_dev.h: In function 'iova_to_phys':
/home-local/jenkins-local/jenkins-agent/workspace/Generic-DPDK-Compile-Kmod/dpdk/kernel/linux/kni/kni_dev.h:112:9: error: 'FOLL_TOUCH' undeclared (first use in this function); did you mean 'FOLL_FORCE'?
112 |         FOLL_TOUCH, &page, NULL, NULL);
|         ^~~~~~~~~~
|         FOLL_FORCE
/home-local/jenkins-local/jenkins-agent/workspace/Generic-DPDK-Compile-Kmod/dpdk/kernel/linux/kni/kni_dev.h:112:9: note: each undeclared identifier is reported only once for each function it appears in
In file included from /home-local/jenkins-local/jenkins-agent/workspace/Generic-DPDK-Compile-Kmod/dpdk/kernel/linux/kni/kni_misc.c:22:
/home-local/jenkins-local/jenkins-agent/workspace/Generic-DPDK-Compile-Kmod/dpdk/kernel/linux/kni/kni_dev.h: In function 'iova_to_phys':
/home-local/jenkins-local/jenkins-agent/workspace/Generic-DPDK-Compile-Kmod/dpdk/kernel/linux/kni/kni_dev.h:112:9: error: 'FOLL_TOUCH' undeclared (first use in this function); did you mean 'FOLL_FORCE'?
112 |         FOLL_TOUCH, &page, NULL, NULL);
|         ^~~~~~~~~~
|         FOLL_FORCE
/home-local/jenkins-local/jenkins-agent/workspace/Generic-DPDK-Compile-Kmod/dpdk/kernel/linux/kni/kni_dev.h:112:9: note: each undeclared identifier is reported only once for each function it appears in
make[1]: *** [scripts/Makefile.build:252: /home-local/jenkins-local/jenkins-agent/workspace/Generic-DPDK-Compile-Kmod/dpdk/build/kernel/linux/kni/kni_net.o] Error 1
make[1]: *** Waiting for unfinished jobs....
make[1]: *** [scripts/Makefile.build:252: /home-local/jenkins-local/jenkins-agent/workspace/Generic-DPDK-Compile-Kmod/dpdk/build/kernel/linux/kni/kni_misc.o] Error 1
make: *** [Makefile:2028: /home-local/jenkins-local/jenkins-agent/workspace/Generic-DPDK-Compile-Kmod/dpdk/build/kernel/linux/kni] Error 2
make: Leaving directory '/home-local/jenkins-local/jenkins-agent/workspace/Generic-DPDK-Compile-Kmod/linux'
ninja: build stopped: subcommand failed.
==== End log output ====

openSUSE Leap 15
	Kernel: 4.18.0-240.10.1.el8_3.x86_64
	Compiler: gcc 7.5.0

Debian Bullseye
	Kernel: 5.4.0-122-generic
	Compiler: gcc 10.2.1-6

Ubuntu 20.04
	Kernel: 4.18.0-240.10.1.el8_3.x86_64
	Compiler: gcc 9.3.0-17ubuntu1~20.04

To view detailed results, visit:
https://lab.dpdk.org/results/dashboard/tarballs/23765/

UNH-IOL DPDK Community Lab

To manage your email subscriptions, visit: 
https://lab.dpdk.org/results/dashboard/preferences/subscriptions/


More information about the test-report mailing list