|FAILURE| pw124882-124885 [PATCH] [4/4] mempool: use lcore API to check if lcore ID is valid

dpdklab at iol.unh.edu dpdklab at iol.unh.edu
Sat Mar 11 05:16:08 CET 2023


Test-Label: iol-aarch64-unit-testing
Test-Status: FAILURE
http://dpdk.org/patch/124885

_Testing issues_

Submitter: Honnappa Nagarahalli <honnappa.nagarahalli at arm.com>
Date: Thursday, March 09 2023 04:57:38 
DPDK git baseline: Repo:dpdk
  Branch: master
  CommitID:b15d75b2872efce397d827dac78692a919358302

124882-124885 --> testing fail

Test environment and result as below:

+-------------------------------+---------------------------+------------------------------+--------------+----------------+
|          Environment          | cryptodev_sw_zuc_autotest | cryptodev_sw_snow3g_autotest | lpm_autotest | dpdk_unit_test |
+===============================+===========================+==============================+==============+================+
| Debian 11                     | PASS                      | PASS                         | SKIPPED      | SKIPPED        |
+-------------------------------+---------------------------+------------------------------+--------------+----------------+
| Ubuntu 20.04 ARM SVE          | SKIPPED                   | SKIPPED                      | PASS         | SKIPPED        |
+-------------------------------+---------------------------+------------------------------+--------------+----------------+
| Ubuntu 20.04 ARM GCC Native   | SKIPPED                   | SKIPPED                      | SKIPPED      | FAIL           |
+-------------------------------+---------------------------+------------------------------+--------------+----------------+
| Ubuntu 20.04 ARM Clang Native | SKIPPED                   | SKIPPED                      | SKIPPED      | FAIL           |
+-------------------------------+---------------------------+------------------------------+--------------+----------------+

==== 20 line log output for Ubuntu 20.04 ARM Clang Native (dpdk_unit_test): ====
96/103 DPDK:fast-tests / ring_pmd_autotest              OK               0.15s
97/103 DPDK:fast-tests / event_eth_tx_adapter_autotest  OK               0.99s
98/103 DPDK:fast-tests / bitratestats_autotest          OK               0.15s
99/103 DPDK:fast-tests / latencystats_autotest          OK               0.15s
100/103 DPDK:fast-tests / pdump_autotest                 FAIL            10.19s   killed by signal 11 SIGSEGV
>>> MALLOC_PERTURB_=47 DPDK_TEST=pdump_autotest /home-local/jenkins-local/jenkins-agent/workspace/Generic-VM-Unit-Test-DPDK/dpdk/build/app/test/dpdk-test --file-prefix=pdump_autotest '-l 0-3'

101/103 DPDK:fast-tests / vdev_autotest                  OK               0.15s
102/103 DPDK:fast-tests / compressdev_autotest           SKIP             0.25s   exit status 77
103/103 DPDK:fast-tests / telemetry_all                  OK              13.55s


Ok:                 96
Expected Fail:      0
Fail:               1
Unexpected Pass:    0
Skipped:            6
Timeout:            0

Full log written to /home-local/jenkins-local/jenkins-agent/workspace/Generic-VM-Unit-Test-DPDK/dpdk/build/meson-logs/testlog.txt
==== End log output ====

Debian 11
	Kernel: Container Host Kernel
	Compiler: gcc 10.2.1

Ubuntu 20.04 ARM SVE
	Kernel: 5.4.0-80-generic
	Compiler: gcc 10.3.0 (Ubuntu 10.3.0-1ubuntu1~20.04)

Ubuntu 20.04 ARM GCC Native
	Kernel: 5.4.0-53-generic
	Compiler: gcc 9.3

Ubuntu 20.04 ARM Clang Native
	Kernel: 5.4.0-53-generic
	Compiler: clang 10.0.0-4ubuntu1

To view detailed results, visit:
https://lab.dpdk.org/results/dashboard/patchsets/25654/

UNH-IOL DPDK Community Lab

To manage your email subscriptions, visit: 
https://lab.dpdk.org/results/dashboard/preferences/subscriptions/


More information about the test-report mailing list