|FAILURE| pw124890 [PATCH] ethdev: prefer offload names in logs

dpdklab at iol.unh.edu dpdklab at iol.unh.edu
Sat Mar 11 12:13:42 CET 2023


Test-Label: iol-x86_64-unit-testing
Test-Status: FAILURE
http://dpdk.org/patch/124890

_Testing issues_

Submitter: David Marchand <david.marchand at redhat.com>
Date: Thursday, March 09 2023 08:16:33 
DPDK git baseline: Repo:dpdk
  Branch: master
  CommitID:fc54766b1612b29c75fd39bd015f27dd57feec5f

124890 --> testing fail

Test environment and result as below:

+---------------------+----------------+
|     Environment     | dpdk_unit_test |
+=====================+================+
| Windows Server 2019 | FAIL           |
+---------------------+----------------+
| RHEL 7              | PASS           |
+---------------------+----------------+
| Ubuntu 20.04        | PASS           |
+---------------------+----------------+
| Ubuntu 22.04        | PASS           |
+---------------------+----------------+
| CentOS Stream 8     | PASS           |
+---------------------+----------------+
| CentOS Stream 9     | PASS           |
+---------------------+----------------+
| RHEL8               | PASS           |
+---------------------+----------------+
| openSUSE Leap 15    | PASS           |
+---------------------+----------------+
| Debian Bullseye     | PASS           |
+---------------------+----------------+
| Debian Buster       | PASS           |
+---------------------+----------------+

==== 20 line log output for Windows Server 2019 (dpdk_unit_test): ====
 [ 2 6 / 5 6 8 ]   C o m p i l i n g   C   o b j e c t   l i b / l i b r t e _ e t h d e v . a . p / e t h d e v _ s f f _ c o m m o n . c . o b j 
 
 [ 2 7 / 5 6 8 ]   L i n k i n g   s t a t i c   t a r g e t   l i b / l i b r t e _ r c u . a 
 
 [ 2 8 / 5 6 8 ]   C o m p i l i n g   C   o b j e c t   l i b / l i b r t e _ m e t r i c s . a . p / m e t r i c s _ r t e _ m e t r i c s _ t e l e m e t r y . c . o b j 
 
 [ 2 9 / 5 6 8 ]   C o m p i l i n g   C   o b j e c t   l i b / l i b r t e _ p c i . a . p / p c i _ r t e _ p c i . c . o b j 
 
 [ 3 0 / 5 6 8 ]   C o m p i l i n g   C   o b j e c t   l i b / l i b r t e _ c m d l i n e . a . p / c m d l i n e _ c m d l i n e _ s o c k e t . c . o b j 
 
 [ 3 1 / 5 6 8 ]   C o m p i l i n g   C   o b j e c t   l i b / l i b r t e _ e t h d e v . a . p / e t h d e v _ r t e _ e t h d e v . c . o b j 
 
 F A I L E D :   l i b / l i b r t e _ e t h d e v . a . p / e t h d e v _ r t e _ e t h d e v . c . o b j   
 
 " c l a n g "   " - I l i b \ l i b r t e _ e t h d e v . a . p "   " - I l i b "   " - I . . \ l i b "   " - I l i b \ e t h d e v "   " - I . . \ l i b \ e t h d e v "   " - I . "   " - I . . "   " - I c o n f i g "   " - I . . \ c o n f i g "   " - I l i b \ e a l \ i n c l u d e "   " - I . . \ l i b \ e a l \ i n c l u d e "   " - I l i b \ e a l \ w i n d o w s \ i n c l u d e "   " - I . . \ l i b \ e a l \ w i n d o w s \ i n c l u d e "   " - I l i b \ e a l \ x 8 6 \ i n c l u d e "   " - I . . \ l i b \ e a l \ x 8 6 \ i n c l u d e "   " - I l i b \ e a l \ c o m m o n "   " - I . . \ l i b \ e a l \ c o m m o n "   " - I l i b \ e a l "   " - I . . \ l i b \ e a l "   " - I l i b \ k v a r g s "   " - I . . \ l i b \ k v a r g s "   " - I l i b \ n e t "   " - I . . \ l i b \ n e t "   " - I l i b \ m b u f "   " - I . . \ l i b \ m b u f "   " - I l i b \ m e m p o o l "   " - I . . \ l i b \ m e m p o o l "   " - I l i b \ r i n g "   " - I . . \ l i b \ r i n g "   "
  - I l i b \ m e t r i c s "   " - I . . \ l i b \ m e t r i c s "   " - I l i b \ t e l e m e t r y "   " - I . . \ l i b \ t e l e m e t r y "   " - I l i b \ m e t e r "   " - I . . \ l i b \ m e t e r "   " - X c l a n g "   " - f c o l o r - d i a g n o s t i c s "   " - p i p e "   " - D _ F I L E _ O F F S E T _ B I T S = 6 4 "   " - W a l l "   " - W i n v a l i d - p c h "   " - W e x t r a "   " - W e r r o r "   " - O 3 "   " - i n c l u d e "   " r t e _ c o n f i g . h "   " - W c a s t - q u a l "   " - W d e p r e c a t e d "   " - W f o r m a t "   " - W f o r m a t - n o n l i t e r a l "   " - W f o r m a t - s e c u r i t y "   " - W m i s s i n g - d e c l a r a t i o n s "   " - W m i s s i n g - p r o t o t y p e s "   " - W n e s t e d - e x t e r n s "   " - W o l d - s t y l e - d e f i n i t i o n "   " - W p o i n t e r - a r i t h "   " - W s i g n - c o m p a r e "   " - W s t r i c t - p r o t o t y p e s "   " - W u n d e f "   " - W w r i t e - s t r 
 i n g s "   " - W n o - a d d r e s s - o f - p a c k e d - m e m b e r "   " - W n o - m i s s i n g - f i e l d - i n i t i a l i z e r s "   " - D _ G N U _ S O U R C E "   " - D _ W I N 3 2 _ W I N N T = 0 x 0 A 0 0 "   " - D _ C R T _ S E C U R E _ N O _ W A R N I N G S "   " - m a r c h = n a t i v e "   " - D A L L O W _ E X P E R I M E N T A L _ A P I "   " - D A L L O W _ I N T E R N A L _ A P I "   " - D R T E _ L O G _ D E F A U L T _ L O G T Y P E = l i b . e t h d e v "   - M D   - M Q   l i b / l i b r t e _ e t h d e v . a . p / e t h d e v _ r t e _ e t h d e v . c . o b j   - M F   " l i b \ l i b r t e _ e t h d e v . a . p \ e t h d e v _ r t e _ e t h d e v . c . o b j . d "   - o   l i b / l i b r t e _ e t h d e v . a . p / e t h d e v _ r t e _ e t h d e v . c . o b j   " - c "   . . / l i b / e t h d e v / r t e _ e t h d e v . c 
 
 . . / l i b / e t h d e v / r t e _ e t h d e v . c : 1 0 5 1 : 9 :   e r r o r :   i m p l i c i t   d e c l a r a t i o n   o f   f u n c t i o n   ' a s p r i n t f '   i s   i n v a l i d   i n   C 9 9   [ - W e r r o r , - W i m p l i c i t - f u n c t i o n - d e c l a r a t i o n ] 
 
                                 r e t   =   a s p r i n t f ( & n a m e s ,   " % s , % s " ,   o l d ,   o f f l o a d _ n a m e ( o f f l o a d ) ) ; 
 
                                             ^ 
 
 1   e r r o r   g e n e r a t e d . 
 
 [ 3 2 / 5 6 8 ]   L i n k i n g   s t a t i c   t a r g e t   l i b / l i b r t e _ p c i . a 
 
 [ 3 3 / 5 6 8 ]   C o m p i l i n g   C   o b j e c t   l i b / l i b r t e _ c m d l i n e . a . p / c m d l i n e _ c m d l i n e _ p a r s e _ p o r t l i s t . c . o b j 
 
 [ 3 4 / 5 6 8 ]   C o m p i l i n g   C   o b j e c t   l i b / l i b r t e _ c m d l i n e . a . p / c m d l i n e _ c m d l i n e _ p a r s e _ i p a d d r . c . o b j 
 
 [ 3 5 / 5 6 8 ]   C o m p i l i n g   C   o b j e c t   l i b / l i b r t e _ c m d l i n e . a . p / c m d l i n e _ c m d l i n e _ p a r s e _ e t h e r a d d r . c . o b j 
 
 [ 3 6 / 5 6 8 ]   C o m p i l i n g   C   o b j e c t   l i b / l i b r t e _ e t h d e v . a . p / e t h d e v _ s f f _ 8 4 7 2 . c . o b j 
 
 n i n j a :   b u i l d   s t o p p e d :   s u b c o m m a n d   f a i l e d . 
 
 C o u l d   n o t   r e b u i l d   C : \ U s e r s \ b u i l d e r \ j e n k i n s \ w o r k s p a c e \ G e n e r i c - V M - U n i t - T e s t - D P D K \ d p d k \ b u i l d 
 
 
==== End log output ====

Windows Server 2019
	Kernel: 10.0
	Compiler: clang 14.0 and gcc 8.1.0 (MinGW)

RHEL 7
	Kernel: 4.18.0-240.10.1.el8_3.x86_64
	Compiler: gcc 4.8.5 20150623 (Red Hat 4.8.5-44)

Ubuntu 20.04
	Kernel: 4.18.0-240.10.1.el8_3.x86_64
	Compiler: gcc 9.3.0-17ubuntu1~20.04

Ubuntu 22.04
	Kernel: 4.18.0-240.10.1.el8_3.x86_64
	Compiler: gcc 11.3.0

CentOS Stream 8
	Kernel: 4.18.0-240.10.1.el8_3.x86_64
	Compiler: gcc 8.4.1 20200928

CentOS Stream 9
	Kernel: 4.18.0-240.10.1.el8_3.x86_64
	Compiler: gcc 11.3.1 20220421

RHEL8
	Kernel: 4.18.0-240.10.1.el8_3.x86_64
	Compiler: gcc 8.3.1 20191121 (Red Hat 8.3.1-5)

openSUSE Leap 15
	Kernel: 4.18.0-240.10.1.el8_3.x86_64
	Compiler: gcc 7.5.0

Debian Bullseye
	Kernel: 5.4.0-122-generic
	Compiler: gcc 10.2.1-6

Debian Buster
	Kernel: 5.4.0-122-generic
	Compiler: gcc 8.3.0-6

To view detailed results, visit:
https://lab.dpdk.org/results/dashboard/patchsets/25657/

UNH-IOL DPDK Community Lab

To manage your email subscriptions, visit: 
https://lab.dpdk.org/results/dashboard/preferences/subscriptions/


More information about the test-report mailing list