|FAILURE| pw124882-124885 [PATCH] [4/4] mempool: use lcore API to check if lcore ID is valid

dpdklab at iol.unh.edu dpdklab at iol.unh.edu
Sun Mar 12 14:31:40 CET 2023


Test-Label: iol-x86_64-unit-testing
Test-Status: FAILURE
http://dpdk.org/patch/124885

_Testing issues_

Submitter: Honnappa Nagarahalli <honnappa.nagarahalli at arm.com>
Date: Thursday, March 09 2023 04:57:38 
DPDK git baseline: Repo:dpdk
  Branch: master
  CommitID:b15d75b2872efce397d827dac78692a919358302

124882-124885 --> testing fail

Test environment and result as below:

+---------------------+----------------+
|     Environment     | dpdk_unit_test |
+=====================+================+
| Windows Server 2019 | PASS           |
+---------------------+----------------+
| Debian Buster       | FAIL           |
+---------------------+----------------+
| Ubuntu 22.04        | FAIL           |
+---------------------+----------------+
| Ubuntu 20.04        | FAIL           |
+---------------------+----------------+
| openSUSE Leap 15    | FAIL           |
+---------------------+----------------+
| RHEL8               | FAIL           |
+---------------------+----------------+
| RHEL 7              | FAIL           |
+---------------------+----------------+
| CentOS Stream 8     | FAIL           |
+---------------------+----------------+
| CentOS Stream 9     | FAIL           |
+---------------------+----------------+
| Debian Bullseye     | FAIL           |
+---------------------+----------------+

==== 20 line log output for Debian Bullseye (dpdk_unit_test): ====
93/103 DPDK:fast-tests / telemetry_json_autotest  OK       0.17 s
94/103 DPDK:fast-tests / telemetry_data_autotest  OK       0.17 s
95/103 DPDK:fast-tests / table_autotest        OK       7.26 s
96/103 DPDK:fast-tests / ring_pmd_autotest     OK       0.19 s
97/103 DPDK:fast-tests / event_eth_tx_adapter_autotest  OK       0.55 s
98/103 DPDK:fast-tests / bitratestats_autotest  OK       0.35 s
99/103 DPDK:fast-tests / latencystats_autotest  OK       0.17 s
100/103 DPDK:fast-tests / pdump_autotest        FAIL     0.76 s (killed by signal 11 SIGSEGV)
101/103 DPDK:fast-tests / vdev_autotest         OK       0.22 s
102/103 DPDK:fast-tests / compressdev_autotest  SKIP     0.17 s
103/103 DPDK:fast-tests / telemetry_all         SKIP     0.01 s

Ok:                   93
Expected Fail:         0
Fail:                  1
Unexpected Pass:       0
Skipped:               9
Timeout:               0

Full log written to /home-local/jenkins-local/jenkins-agent/workspace/Generic-Unit-Test-DPDK at 4/dpdk/build/meson-logs/testlog.txt
==== End log output ====

Windows Server 2019
	Kernel: 10.0
	Compiler: clang 14.0 and gcc 8.1.0 (MinGW)

Debian Buster
	Kernel: 5.4.0-122-generic
	Compiler: gcc 8.3.0-6

Ubuntu 22.04
	Kernel: Container Host Kernel
	Compiler: gcc 11.3.1-2

Ubuntu 20.04
	Kernel: 4.18.0-240.10.1.el8_3.x86_64
	Compiler: gcc 9.3.0-17ubuntu1~20.04

openSUSE Leap 15
	Kernel: 4.18.0-240.10.1.el8_3.x86_64
	Compiler: gcc 7.5.0

RHEL8
	Kernel: 4.18.0-240.10.1.el8_3.x86_64
	Compiler: gcc 8.3.1 20191121 (Red Hat 8.3.1-5)

RHEL 7
	Kernel: 4.18.0-240.10.1.el8_3.x86_64
	Compiler: gcc 4.8.5 20150623 (Red Hat 4.8.5-44)

CentOS Stream 8
	Kernel: 4.18.0-240.10.1.el8_3.x86_64
	Compiler: gcc 8.4.1 20200928

CentOS Stream 9
	Kernel: 4.18.0-240.10.1.el8_3.x86_64
	Compiler: gcc 11.3.1 20220421

Debian Bullseye
	Kernel: 5.4.0-122-generic
	Compiler: gcc 10.2.1-6

To view detailed results, visit:
https://lab.dpdk.org/results/dashboard/patchsets/25654/

UNH-IOL DPDK Community Lab

To manage your email subscriptions, visit: 
https://lab.dpdk.org/results/dashboard/preferences/subscriptions/


More information about the test-report mailing list