|FAILURE| pw125059 [PATCH] bus/platform: probe devices without resources

dpdklab at iol.unh.edu dpdklab at iol.unh.edu
Mon Mar 13 11:00:56 CET 2023


Test-Label: iol-aarch64-unit-testing
Test-Status: FAILURE
http://dpdk.org/patch/125059

_Testing issues_

Submitter: Tomasz Duszynski <tduszynski at marvell.com>
Date: Monday, March 13 2023 07:07:35 
DPDK git baseline: Repo:dpdk
  Branch: master
  CommitID:baf13c3135d0c5998fff7edc23fb89412dc89246

125059 --> testing fail

Test environment and result as below:

+-------------------------------+---------------------------+------------------------------+----------------+--------------+
|          Environment          | cryptodev_sw_zuc_autotest | cryptodev_sw_snow3g_autotest | dpdk_unit_test | lpm_autotest |
+===============================+===========================+==============================+================+==============+
| Debian 11                     | PASS                      | PASS                         | SKIPPED        | SKIPPED      |
+-------------------------------+---------------------------+------------------------------+----------------+--------------+
| Ubuntu 20.04 ARM GCC Native   | SKIPPED                   | SKIPPED                      | FAIL           | SKIPPED      |
+-------------------------------+---------------------------+------------------------------+----------------+--------------+
| Ubuntu 20.04 ARM Clang Native | SKIPPED                   | SKIPPED                      | PASS           | SKIPPED      |
+-------------------------------+---------------------------+------------------------------+----------------+--------------+
| Ubuntu 20.04 ARM SVE          | SKIPPED                   | SKIPPED                      | SKIPPED        | PASS         |
+-------------------------------+---------------------------+------------------------------+----------------+--------------+

==== 20 line log output for Ubuntu 20.04 ARM GCC Native (dpdk_unit_test): ====
94/103 DPDK:fast-tests / telemetry_data_autotest        OK               2.95s
95/103 DPDK:fast-tests / table_autotest                 OK               7.71s
96/103 DPDK:fast-tests / ring_pmd_autotest              OK               2.95s
97/103 DPDK:fast-tests / event_eth_tx_adapter_autotest  OK               3.73s
98/103 DPDK:fast-tests / bitratestats_autotest          OK               2.96s
99/103 DPDK:fast-tests / latencystats_autotest          OK               2.96s
100/103 DPDK:fast-tests / pdump_autotest                 OK               8.06s
101/103 DPDK:fast-tests / vdev_autotest                  OK               2.96s
102/103 DPDK:fast-tests / compressdev_autotest           SKIP             2.95s   exit status 77
103/103 DPDK:fast-tests / telemetry_all                  OK              13.56s


Ok:                 96
Expected Fail:      0
Fail:               1
Unexpected Pass:    0
Skipped:            6
Timeout:            0

Full log written to /home-local/jenkins-local/jenkins-agent/workspace/Generic-VM-Unit-Test-DPDK/dpdk/build/meson-logs/testlog.txt
==== End log output ====

Debian 11
	Kernel: Container Host Kernel
	Compiler: gcc 10.2.1

Ubuntu 20.04 ARM GCC Native
	Kernel: 5.4.0-53-generic
	Compiler: gcc 9.3

Ubuntu 20.04 ARM Clang Native
	Kernel: 5.4.0-53-generic
	Compiler: clang 10.0.0-4ubuntu1

Ubuntu 20.04 ARM SVE
	Kernel: 5.4.0-80-generic
	Compiler: gcc 10.3.0 (Ubuntu 10.3.0-1ubuntu1~20.04)

To view detailed results, visit:
https://lab.dpdk.org/results/dashboard/patchsets/25701/

UNH-IOL DPDK Community Lab

To manage your email subscriptions, visit: 
https://lab.dpdk.org/results/dashboard/preferences/subscriptions/


More information about the test-report mailing list