|WARNING| [GIT MASTER] baf13c3135d0c5998fff7edc23fb89412dc89246
dpdklab at iol.unh.edu
dpdklab at iol.unh.edu
Mon Mar 13 20:02:28 CET 2023
_Testing issues_
Branch: dpdk
baf13c3135d0c5998fff7edc23fb89412dc89246 --> testing fail
Test environment and result as below:
+------------------+----------------------------------+
| Environment | dpdk_kmod_compile_torvalds_linux |
+==================+==================================+
| CentOS Stream 9 | FAIL |
+------------------+----------------------------------+
| Ubuntu 22.04 | FAIL |
+------------------+----------------------------------+
| openSUSE Leap 15 | FAIL |
+------------------+----------------------------------+
==== 20 line log output for openSUSE Leap 15 (dpdk_kmod_compile_torvalds_linux): ====
In file included from /home-local/jenkins-local/jenkins-agent/workspace/Generic-DPDK-Compile-Kmod/dpdk/kernel/linux/kni/kni_net.c:26:0:
/home-local/jenkins-local/jenkins-agent/workspace/Generic-DPDK-Compile-Kmod/dpdk/kernel/linux/kni/kni_dev.h: In function 'iova_to_phys':
/home-local/jenkins-local/jenkins-agent/workspace/Generic-DPDK-Compile-Kmod/dpdk/kernel/linux/kni/kni_dev.h:112:9: error: 'FOLL_TOUCH' undeclared (first use in this function); did you mean 'FOLL_FORCE'?
FOLL_TOUCH, &page, NULL, NULL);
^~~~~~~~~~
FOLL_FORCE
/home-local/jenkins-local/jenkins-agent/workspace/Generic-DPDK-Compile-Kmod/dpdk/kernel/linux/kni/kni_dev.h:112:9: note: each undeclared identifier is reported only once for each function it appears in
In file included from /home-local/jenkins-local/jenkins-agent/workspace/Generic-DPDK-Compile-Kmod/dpdk/kernel/linux/kni/kni_misc.c:22:0:
/home-local/jenkins-local/jenkins-agent/workspace/Generic-DPDK-Compile-Kmod/dpdk/kernel/linux/kni/kni_dev.h: In function 'iova_to_phys':
/home-local/jenkins-local/jenkins-agent/workspace/Generic-DPDK-Compile-Kmod/dpdk/kernel/linux/kni/kni_dev.h:112:9: error: 'FOLL_TOUCH' undeclared (first use in this function); did you mean 'FOLL_FORCE'?
FOLL_TOUCH, &page, NULL, NULL);
^~~~~~~~~~
FOLL_FORCE
/home-local/jenkins-local/jenkins-agent/workspace/Generic-DPDK-Compile-Kmod/dpdk/kernel/linux/kni/kni_dev.h:112:9: note: each undeclared identifier is reported only once for each function it appears in
make[1]: *** [scripts/Makefile.build:252: /home-local/jenkins-local/jenkins-agent/workspace/Generic-DPDK-Compile-Kmod/dpdk/build/kernel/linux/kni/kni_net.o] Error 1
make[1]: *** Waiting for unfinished jobs....
make[1]: *** [scripts/Makefile.build:252: /home-local/jenkins-local/jenkins-agent/workspace/Generic-DPDK-Compile-Kmod/dpdk/build/kernel/linux/kni/kni_misc.o] Error 1
make: *** [Makefile:2028: /home-local/jenkins-local/jenkins-agent/workspace/Generic-DPDK-Compile-Kmod/dpdk/build/kernel/linux/kni] Error 2
make: Leaving directory '/home-local/jenkins-local/jenkins-agent/workspace/Generic-DPDK-Compile-Kmod/linux'
ninja: build stopped: subcommand failed.
==== End log output ====
CentOS Stream 9
Kernel: 4.18.0-240.10.1.el8_3.x86_64
Compiler: gcc 11.3.1 20220421
Ubuntu 22.04
Kernel: 4.18.0-240.10.1.el8_3.x86_64
Compiler: gcc 11.3.0
openSUSE Leap 15
Kernel: 4.18.0-240.10.1.el8_3.x86_64
Compiler: gcc 7.5.0
To view detailed results, visit:
https://lab.dpdk.org/results/dashboard/tarballs/23812/
UNH-IOL DPDK Community Lab
To manage your email subscriptions, visit:
https://lab.dpdk.org/results/dashboard/preferences/subscriptions/
More information about the test-report
mailing list