|FAILURE| pw125115-125117 [PATCH] [v3, 3/3] testpmd: enable interrupt in interactive mode
dpdklab at iol.unh.edu
dpdklab at iol.unh.edu
Tue Mar 14 23:29:44 CET 2023
Test-Label: iol-aarch64-unit-testing
Test-Status: FAILURE
http://dpdk.org/patch/125117
_Testing issues_
Submitter: Stephen Hemminger <stephen at networkplumber.org>
Date: Tuesday, March 14 2023 17:36:48
DPDK git baseline: Repo:dpdk
Branch: master
CommitID:baf13c3135d0c5998fff7edc23fb89412dc89246
125115-125117 --> testing fail
Test environment and result as below:
+-------------------------------+----------------+---------------------------+------------------------------+--------------+
| Environment | dpdk_unit_test | cryptodev_sw_zuc_autotest | cryptodev_sw_snow3g_autotest | lpm_autotest |
+===============================+================+===========================+==============================+==============+
| Ubuntu 20.04 ARM GCC Native | FAIL | SKIPPED | SKIPPED | SKIPPED |
+-------------------------------+----------------+---------------------------+------------------------------+--------------+
| Ubuntu 20.04 ARM Clang Native | FAIL | SKIPPED | SKIPPED | SKIPPED |
+-------------------------------+----------------+---------------------------+------------------------------+--------------+
| Debian 11 | SKIPPED | FAIL | FAIL | SKIPPED |
+-------------------------------+----------------+---------------------------+------------------------------+--------------+
| Ubuntu 20.04 ARM SVE | SKIPPED | SKIPPED | SKIPPED | PASS |
+-------------------------------+----------------+---------------------------+------------------------------+--------------+
==== 20 line log output for Debian 11 (cryptodev_sw_snow3g_autotest): ====
[2965/3157] Compiling C object 'app/a172ced@@dpdk-testpmd at exe/.._drivers_net_i40e_i40e_testpmd.c.o'.
[2966/3157] Compiling C object 'app/a172ced@@dpdk-testpmd at exe/.._drivers_net_ice_ice_testpmd.c.o'.
[2967/3157] Compiling C object 'app/a172ced@@dpdk-testpmd at exe/.._drivers_net_ixgbe_ixgbe_testpmd.c.o'.
FAILED: app/a172ced@@dpdk-testpmd at exe/.._drivers_net_ixgbe_ixgbe_testpmd.c.o
ccache cc -Iapp/a172ced@@dpdk-testpmd at exe -Iapp -I../app -Iapp/test-pmd -I../app/test-pmd -Ilib/ethdev -I../lib/ethdev -I. -I../ -Iconfig -I../config -Ilib/eal/include -I../lib/eal/include -Ilib/eal/linux/include -I../lib/eal/linux/include -Ilib/eal/arm/include -I../lib/eal/arm/include -Ilib/eal/common -I../lib/eal/common -Ilib/eal -I../lib/eal -Ilib/kvargs -I../lib/kvargs -Ilib/telemetry/../metrics -I../lib/telemetry/../metrics -Ilib/telemetry -I../lib/telemetry -Ilib/net -I../lib/net -Ilib/mbuf -I../lib/mbuf -Ilib/mempool -I../lib/mempool -Ilib/ring -I../lib/ring -Ilib/meter -I../lib/meter -Ilib/cmdline -I../lib/cmdline -Idrivers/crypto/scheduler -I../drivers/crypto/scheduler -Ilib/cryptodev -I../lib/cryptodev -Ilib/rcu -I../lib/rcu -Idrivers/bus/vdev -I../drivers/bus/vdev -Ilib/reorder -I../lib/reorder -Ilib/bitratestats -I../lib/bitratestats -Ilib/metrics -I../lib/metrics -Ilib/bpf -I../lib/bpf -Ilib/gro -I../lib/gro -Ilib/gso -I../lib/gso -Ilib/latencystats -I../lib/latencystats
-Ilib/pdump -I../lib/pdump -Ilib/pcapng -I../lib/pcapng -Idrivers/net/bnxt -I../drivers/net/bnxt -Idrivers/net/bnxt/tf_ulp -I../drivers/net/bnxt/tf_ulp -Idrivers/net/bnxt/tf_ulp/generic_templates -I../drivers/net/bnxt/tf_ulp/generic_templates -Idrivers/net/bnxt/tf_core -I../drivers/net/bnxt/tf_core -Idrivers/net/bnxt/hcapi/cfa -I../drivers/net/bnxt/hcapi/cfa -Idrivers/bus/pci -I../drivers/bus/pci -I../drivers/bus/pci/linux -Ilib/pci -I../lib/pci -Idrivers/net/i40e -I../drivers/net/i40e -Idrivers/net/i40e/base -I../drivers/net/i40e/base -Ilib/hash -I../lib/hash -Idrivers/net/ixgbe -I../drivers/net/ixgbe -Idrivers/net/ixgbe/base -I../drivers/net/ixgbe/base -Ilib/security -I../lib/security -Idrivers/bus/dpaa -I../drivers/bus/dpaa -I../drivers/bus/dpaa/include -I../drivers/bus/dpaa/base/qbman -Idrivers/common/dpaax -I../drivers/common/dpaax -I../drivers/common/dpaax/caamflib -Ilib/eventdev -I../lib/eventdev -Ilib/timer -I../lib/timer -Idrivers/mempool/dpaa -I../drivers/mempool/dpaa -Id
rivers/net/dpaa -I../drivers/net/dpaa -Idrivers/net/bonding -I../drivers/net/bonding -Ilib/sched -I../lib/sched -Ilib/ip_frag -I../lib/ip_frag -Idrivers/net/ice -I../drivers/net/ice -Idrivers/net/ice/base -I../drivers/net/ice/base -Idrivers/net/ice/../../common/iavf -I../drivers/net/ice/../../common/iavf -Idrivers/common/iavf -I../drivers/common/iavf -Idrivers/net/mlx5 -I../drivers/net/mlx5 -Idrivers/net/mlx5/linux -I../drivers/net/mlx5/linux -Idrivers/net/mlx5/hws -I../drivers/net/mlx5/hws -Idrivers/common/mlx5 -I../drivers/common/mlx5 -Idrivers/common/mlx5/linux -I../drivers/common/mlx5/linux -Idrivers/bus/auxiliary -I../drivers/bus/auxiliary -I/usr/include/libnl3 -fdiagnostics-color=always -pipe -D_FILE_OFFSET_BITS=64 -Wall -Winvalid-pch -Wextra -Werror -O3 -include rte_config.h -Wcast-qual -Wdeprecated -Wformat -Wformat-nonliteral -Wformat-security -Wmissing-declarations -Wmissing-prototypes -Wnested-externs -Wold-style-definition -Wpointer-arith -Wsign-compare -Wstrict-prototyp
es -Wundef -Wwrite-strings -Wno-address-of-packed-member -Wno-packed-not-aligned -Wno-missing-field-initializers -Wno-zero-length-bounds -D_GNU_SOURCE -march=armv8-a+crc+crypto -march=armv8-a+crc -moutline-atomics -DALLOW_EXPERIMENTAL_API -Wno-deprecated-declarations -MD -MQ 'app/a172ced@@dpdk-testpmd at exe/.._drivers_net_ixgbe_ixgbe_testpmd.c.o' -MF 'app/a172ced@@dpdk-testpmd at exe/.._drivers_net_ixgbe_ixgbe_testpmd.c.o.d' -o 'app/a172ced@@dpdk-testpmd at exe/.._drivers_net_ixgbe_ixgbe_testpmd.c.o' -c ../drivers/net/ixgbe/ixgbe_testpmd.c
In file included from ../drivers/net/ixgbe/ixgbe_ethdev.h:11,
from ../drivers/net/ixgbe/ixgbe_testpmd.c:9:
../drivers/net/ixgbe/base/ixgbe_type.h:2945:17: error: conflicting types for 'u64'
2945 | #define __le64 u64
| ^~~
In file included from ../drivers/net/ixgbe/base/ixgbe_type.h:46,
from ../drivers/net/ixgbe/ixgbe_ethdev.h:11,
from ../drivers/net/ixgbe/ixgbe_testpmd.c:9:
../drivers/net/ixgbe/base/ixgbe_osdep.h:94:18: note: previous declaration of 'u64' was here
94 | typedef uint64_t u64;
| ^~~
[2968/3157] Compiling C object 'app/test/3062f5d@@dpdk-test at exe/test_alarm.c.o'.
[2969/3157] Compiling C object 'app/a172ced@@dpdk-testpmd at exe/.._drivers_net_mlx5_mlx5_testpmd.c.o'.
[2970/3157] Compiling C object 'drivers/a715181@@tmp_rte_event_cnxk at sta/event_cnxk_tx_cn10k_tx_112_127_seg.c.o'.
ninja: build stopped: subcommand failed.
==== End log output ====
Ubuntu 20.04 ARM GCC Native
Kernel: 5.4.0-53-generic
Compiler: gcc 9.3
Ubuntu 20.04 ARM Clang Native
Kernel: 5.4.0-53-generic
Compiler: clang 10.0.0-4ubuntu1
Debian 11
Kernel: Container Host Kernel
Compiler: gcc 10.2.1
Ubuntu 20.04 ARM SVE
Kernel: 5.4.0-80-generic
Compiler: gcc 10.3.0 (Ubuntu 10.3.0-1ubuntu1~20.04)
To view detailed results, visit:
https://lab.dpdk.org/results/dashboard/patchsets/25735/
UNH-IOL DPDK Community Lab
To manage your email subscriptions, visit:
https://lab.dpdk.org/results/dashboard/preferences/subscriptions/
More information about the test-report
mailing list