|FAILURE| pw125228 [PATCH] bus/auxiliary: support cleanup callback
dpdklab at iol.unh.edu
dpdklab at iol.unh.edu
Fri Mar 17 16:31:39 CET 2023
Test-Label: iol-aarch64-compile-testing
Test-Status: FAILURE
http://dpdk.org/patch/125228
_Testing issues_
Submitter: Xueming Li <xuemingl at nvidia.com>
Date: Friday, March 17 2023 14:55:21
DPDK git baseline: Repo:dpdk
Branch: master
CommitID:bb1f2f5b181b9d8ea7fb28ca2024914fc57bd823
125228 --> testing fail
Test environment and result as below:
+----------------------------------------+--------------------+
| Environment | dpdk_meson_compile |
+========================================+====================+
| Ubuntu 20.04 ARM GCC Native | FAIL |
+----------------------------------------+--------------------+
| Ubuntu 20.04 ARM GCC Cross Compile | FAIL |
+----------------------------------------+--------------------+
| Ubuntu 20.04 ARM Clang Native | FAIL |
+----------------------------------------+--------------------+
| Ubuntu 20.04 ARM Clang Cross Compile | FAIL |
+----------------------------------------+--------------------+
| Ubuntu 20.04 aarch32 GCC Cross Compile | FAIL |
+----------------------------------------+--------------------+
| Ubuntu 20.04 ARM SVE | PASS |
+----------------------------------------+--------------------+
==== 20 line log output for Ubuntu 20.04 aarch32 GCC Cross Compile (dpdk_meson_compile): ====
[534/2126] Generating symbol file 'drivers/a715181@@rte_common_iavf at sha/librte_common_iavf.so.23.1.symbols'.
[535/2126] Compiling C object 'drivers/a715181@@tmp_rte_common_idpf at sta/common_idpf_idpf_common_rxtx.c.o'.
[536/2126] Compiling C object 'drivers/a715181@@tmp_rte_common_idpf at sta/common_idpf_idpf_common_virtchnl.c.o'.
[537/2126] Compiling C object 'drivers/a715181@@tmp_rte_common_idpf at sta/common_idpf_base_idpf_common.c.o'.
[538/2126] Compiling C object 'drivers/a715181@@tmp_rte_common_idpf at sta/common_idpf_base_idpf_controlq.c.o'.
[539/2126] Compiling C object 'drivers/a715181@@tmp_rte_common_idpf at sta/common_idpf_base_idpf_controlq_setup.c.o'.
[540/2126] Linking static target drivers/libtmp_rte_common_idpf.a.
[541/2126] Generating rte_common_idpf.pmd.c with a custom command.
[542/2126] Compiling C object 'drivers/a715181@@rte_common_idpf at sta/meson-generated_.._rte_common_idpf.pmd.c.o'.
[543/2126] Linking static target drivers/librte_common_idpf.a.
[544/2126] Generating rte_common_idpf.sym_chk with a meson_exe.py custom command.
[545/2126] Compiling C object 'drivers/a715181@@tmp_rte_bus_auxiliary at sta/bus_auxiliary_auxiliary_common.c.o'.
FAILED: drivers/a715181@@tmp_rte_bus_auxiliary at sta/bus_auxiliary_auxiliary_common.c.o
ccache arm-linux-gnueabihf-gcc -Idrivers/a715181@@tmp_rte_bus_auxiliary at sta -Idrivers -I../drivers -Idrivers/bus/auxiliary -I../drivers/bus/auxiliary -I. -I../ -Iconfig -I../config -Ilib/eal/include -I../lib/eal/include -Ilib/eal/linux/include -I../lib/eal/linux/include -Ilib/eal/arm/include -I../lib/eal/arm/include -Ilib/eal/common -I../lib/eal/common -Ilib/eal -I../lib/eal -Ilib/kvargs -I../lib/kvargs -Ilib/telemetry/../metrics -I../lib/telemetry/../metrics -Ilib/telemetry -I../lib/telemetry -fdiagnostics-color=always -pipe -D_FILE_OFFSET_BITS=64 -Wall -Winvalid-pch -Wextra -Werror -O3 -include rte_config.h -Wcast-qual -Wdeprecated -Wformat -Wformat-nonliteral -Wformat-security -Wmissing-declarations -Wmissing-prototypes -Wnested-externs -Wold-style-definition -Wpointer-arith -Wsign-compare -Wstrict-prototypes -Wundef -Wwrite-strings -Wno-address-of-packed-member -Wno-packed-not-aligned -Wno-missing-field-initializers -Wno-pointer-to-int-cast -D_GNU_SOURCE -fPIC -march=armv8-a -mfp
u=neon -DALLOW_EXPERIMENTAL_API -DALLOW_INTERNAL_API -Wno-format-truncation -DRTE_LOG_DEFAULT_LOGTYPE=bus.auxiliary -MD -MQ 'drivers/a715181@@tmp_rte_bus_auxiliary at sta/bus_auxiliary_auxiliary_common.c.o' -MF 'drivers/a715181@@tmp_rte_bus_auxiliary at sta/bus_auxiliary_auxiliary_common.c.o.d' -o 'drivers/a715181@@tmp_rte_bus_auxiliary at sta/bus_auxiliary_auxiliary_common.c.o' -c ../drivers/bus/auxiliary/auxiliary_common.c
../drivers/bus/auxiliary/auxiliary_common.c: In function 'auxiliary_cleanup':
../drivers/bus/auxiliary/auxiliary_common.c:348:32: error: unused variable 'drv' [-Werror=unused-variable]
348 | struct rte_auxiliary_driver *drv = dev->driver;
| ^~~
cc1: all warnings being treated as errors
ninja: build stopped: subcommand failed.
==== End log output ====
Ubuntu 20.04 ARM GCC Native
Kernel: 5.4.0-53-generic
Compiler: gcc 9.3
Ubuntu 20.04 ARM GCC Cross Compile
Kernel: 5.4.0-72-generic
Compiler: aarch64-linux-gnu-gcc (Ubuntu 9.3.0-17ubuntu1~20.04) 9.3.0
Ubuntu 20.04 ARM Clang Native
Kernel: 5.4.0-53-generic
Compiler: clang 10.0.0-4ubuntu1
Ubuntu 20.04 ARM Clang Cross Compile
Kernel: 5.4.0-72-generic
Compiler: clang version 10.0.0-4ubuntu1
Ubuntu 20.04 aarch32 GCC Cross Compile
Kernel: 5.4.0-72-generic
Compiler: gcc 9.3.0
Ubuntu 20.04 ARM SVE
Kernel: 5.4.0-80-generic
Compiler: gcc 10.3.0 (Ubuntu 10.3.0-1ubuntu1~20.04)
To view detailed results, visit:
https://lab.dpdk.org/results/dashboard/patchsets/25781/
UNH-IOL DPDK Community Lab
To manage your email subscriptions, visit:
https://lab.dpdk.org/results/dashboard/preferences/subscriptions/
More information about the test-report
mailing list