|FAILURE| pw125219 [PATCH] [v1] bus/ifpga: fix issue of accessing null address
dpdklab at iol.unh.edu
dpdklab at iol.unh.edu
Mon Mar 20 02:49:15 CET 2023
Test-Label: iol-x86_64-unit-testing
Test-Status: FAILURE
http://dpdk.org/patch/125219
_Testing issues_
Submitter: Wei Huang <wei.huang at intel.com>
Date: Thursday, March 16 2023 20:44:12
DPDK git baseline: Repo:dpdk
Branch: master
CommitID:bb1f2f5b181b9d8ea7fb28ca2024914fc57bd823
125219 --> testing fail
Test environment and result as below:
+---------------------+----------------+
| Environment | dpdk_unit_test |
+=====================+================+
| Windows Server 2019 | FAIL |
+---------------------+----------------+
| openSUSE Leap 15 | PASS |
+---------------------+----------------+
| RHEL 7 | PASS |
+---------------------+----------------+
| RHEL8 | PASS |
+---------------------+----------------+
| Ubuntu 22.04 | PASS |
+---------------------+----------------+
| Ubuntu 20.04 | PASS |
+---------------------+----------------+
| CentOS Stream 8 | PASS |
+---------------------+----------------+
| CentOS Stream 9 | PASS |
+---------------------+----------------+
| Debian Bullseye | PASS |
+---------------------+----------------+
| Debian Buster | PASS |
+---------------------+----------------+
==== 20 line log output for Windows Server 2019 (dpdk_unit_test): ====
8 6 / 9 2 D P D K : f a s t - t e s t s / r e o r d e r _ a u t o t e s t O K 0 . 1 3 s
8 7 / 9 2 D P D K : f a s t - t e s t s / s e r v i c e _ a u t o t e s t F A I L 3 . 1 0 s ( e x i t s t a t u s 4 2 9 4 9 6 7 2 9 5 o r s i g n a l 4 2 9 4 9 6 7 1 6 7 S I G i n v a l i d )
> > > M A L L O C _ P E R T U R B _ = 1 1 0 D P D K _ T E S T = s e r v i c e _ a u t o t e s t C : \ U s e r s \ b u i l d e r \ j e n k i n s \ w o r k s p a c e \ G e n e r i c - V M - U n i t - T e s t - D P D K \ d p d k \ b u i l d \ a p p \ t e s t \ d p d k - t e s t . e x e
8 8 / 9 2 D P D K : f a s t - t e s t s / t h a s h _ a u t o t e s t O K 0 . 1 2 s
8 9 / 9 2 D P D K : f a s t - t e s t s / t h r e a d s _ a u t o t e s t O K 0 . 8 7 s
9 0 / 9 2 D P D K : f a s t - t e s t s / t r a c e _ a u t o t e s t S K I P 0 . 1 2 s e x i t s t a t u s 7 7
9 1 / 9 2 D P D K : f a s t - t e s t s / m e t r i c s _ a u t o t e s t O K 0 . 1 2 s
9 2 / 9 2 D P D K : f a s t - t e s t s / v d e v _ a u t o t e s t O K 0 . 1 2 s
O k : 5 8
E x p e c t e d F a i l : 0
F a i l : 1
U n e x p e c t e d P a s s : 0
S k i p p e d : 3 3
T i m e o u t : 0
F u l l l o g w r i t t e n t o C : \ U s e r s \ b u i l d e r \ j e n k i n s \ w o r k s p a c e \ G e n e r i c - V M - U n i t - T e s t - D P D K \ d p d k \ b u i l d \ m e s o n - l o g s \ t e s t l o g . t x t
==== End log output ====
Windows Server 2019
Kernel: 10.0
Compiler: clang 14.0 and gcc 8.1.0 (MinGW)
openSUSE Leap 15
Kernel: 4.18.0-240.10.1.el8_3.x86_64
Compiler: gcc 7.5.0
RHEL 7
Kernel: 4.18.0-240.10.1.el8_3.x86_64
Compiler: gcc 4.8.5 20150623 (Red Hat 4.8.5-44)
RHEL8
Kernel: 4.18.0-240.10.1.el8_3.x86_64
Compiler: gcc 8.3.1 20191121 (Red Hat 8.3.1-5)
Ubuntu 22.04
Kernel: Container Host Kernel
Compiler: clang 14.0.5-1.fc36
Ubuntu 20.04
Kernel: 4.18.0-240.10.1.el8_3.x86_64
Compiler: gcc 9.3.0-17ubuntu1~20.04
CentOS Stream 8
Kernel: 4.18.0-240.10.1.el8_3.x86_64
Compiler: gcc 8.4.1 20200928
CentOS Stream 9
Kernel: 4.18.0-240.10.1.el8_3.x86_64
Compiler: gcc 11.3.1 20220421
Debian Bullseye
Kernel: 5.4.0-122-generic
Compiler: gcc 10.2.1-6
Debian Buster
Kernel: 5.4.0-122-generic
Compiler: gcc 8.3.0-6
To view detailed results, visit:
https://lab.dpdk.org/results/dashboard/patchsets/25773/
UNH-IOL DPDK Community Lab
To manage your email subscriptions, visit:
https://lab.dpdk.org/results/dashboard/preferences/subscriptions/
More information about the test-report
mailing list