|WARNING| [GIT MASTER] 1a80f6062cf74e4b689b8b9a4f905a24efec527a

dpdklab at iol.unh.edu dpdklab at iol.unh.edu
Wed Mar 22 01:38:54 CET 2023


_Testing issues_

Branch: dpdk

1a80f6062cf74e4b689b8b9a4f905a24efec527a --> testing fail

Test environment and result as below:

+-----------------+----------------------------------+
|   Environment   | dpdk_kmod_compile_torvalds_linux |
+=================+==================================+
| CentOS Stream 9 | FAIL                             |
+-----------------+----------------------------------+
| CentOS Stream 8 | FAIL                             |
+-----------------+----------------------------------+
| Debian Bullseye | FAIL                             |
+-----------------+----------------------------------+
| Ubuntu 22.04    | FAIL                             |
+-----------------+----------------------------------+
| Debian Buster   | FAIL                             |
+-----------------+----------------------------------+
| Ubuntu 20.04    | FAIL                             |
+-----------------+----------------------------------+

==== 20 line log output for Ubuntu 20.04 (dpdk_kmod_compile_torvalds_linux): ====
In file included from /home-local/jenkins-local/jenkins-agent/workspace/Generic-DPDK-Compile-Kmod/dpdk/kernel/linux/kni/kni_net.c:26:
/home-local/jenkins-local/jenkins-agent/workspace/Generic-DPDK-Compile-Kmod/dpdk/kernel/linux/kni/kni_dev.h: In function 'iova_to_phys':
/home-local/jenkins-local/jenkins-agent/workspace/Generic-DPDK-Compile-Kmod/dpdk/kernel/linux/kni/kni_dev.h:112:9: error: 'FOLL_TOUCH' undeclared (first use in this function); did you mean 'FOLL_FORCE'?
112 |         FOLL_TOUCH, &page, NULL, NULL);
|         ^~~~~~~~~~
|         FOLL_FORCE
/home-local/jenkins-local/jenkins-agent/workspace/Generic-DPDK-Compile-Kmod/dpdk/kernel/linux/kni/kni_dev.h:112:9: note: each undeclared identifier is reported only once for each function it appears in
In file included from /home-local/jenkins-local/jenkins-agent/workspace/Generic-DPDK-Compile-Kmod/dpdk/kernel/linux/kni/kni_misc.c:22:
/home-local/jenkins-local/jenkins-agent/workspace/Generic-DPDK-Compile-Kmod/dpdk/kernel/linux/kni/kni_dev.h: In function 'iova_to_phys':
/home-local/jenkins-local/jenkins-agent/workspace/Generic-DPDK-Compile-Kmod/dpdk/kernel/linux/kni/kni_dev.h:112:9: error: 'FOLL_TOUCH' undeclared (first use in this function); did you mean 'FOLL_FORCE'?
112 |         FOLL_TOUCH, &page, NULL, NULL);
|         ^~~~~~~~~~
|         FOLL_FORCE
/home-local/jenkins-local/jenkins-agent/workspace/Generic-DPDK-Compile-Kmod/dpdk/kernel/linux/kni/kni_dev.h:112:9: note: each undeclared identifier is reported only once for each function it appears in
make[1]: *** [scripts/Makefile.build:252: /home-local/jenkins-local/jenkins-agent/workspace/Generic-DPDK-Compile-Kmod/dpdk/build/kernel/linux/kni/kni_net.o] Error 1
make[1]: *** Waiting for unfinished jobs....
make[1]: *** [scripts/Makefile.build:252: /home-local/jenkins-local/jenkins-agent/workspace/Generic-DPDK-Compile-Kmod/dpdk/build/kernel/linux/kni/kni_misc.o] Error 1
make: *** [Makefile:2025: /home-local/jenkins-local/jenkins-agent/workspace/Generic-DPDK-Compile-Kmod/dpdk/build/kernel/linux/kni] Error 2
make: Leaving directory '/home-local/jenkins-local/jenkins-agent/workspace/Generic-DPDK-Compile-Kmod/linux'
ninja: build stopped: subcommand failed.
==== End log output ====

CentOS Stream 9
	Kernel: 4.18.0-240.10.1.el8_3.x86_64
	Compiler: gcc 11.3.1 20220421

CentOS Stream 8
	Kernel: 4.18.0-240.10.1.el8_3.x86_64
	Compiler: gcc 8.4.1 20200928

Debian Bullseye
	Kernel: 5.4.0-122-generic
	Compiler: gcc 10.2.1-6

Ubuntu 22.04
	Kernel: Container Host Kernel
	Compiler: clang 14.0.5-1.fc36

Debian Buster
	Kernel: 5.4.0-122-generic
	Compiler: gcc 8.3.0-6

Ubuntu 20.04
	Kernel: 4.18.0-240.10.1.el8_3.x86_64
	Compiler: gcc 9.3.0-17ubuntu1~20.04

To view detailed results, visit:
https://lab.dpdk.org/results/dashboard/tarballs/23984/

UNH-IOL DPDK Community Lab

To manage your email subscriptions, visit: 
https://lab.dpdk.org/results/dashboard/preferences/subscriptions/


More information about the test-report mailing list