|WARNING| pw125465-125466 [PATCH] [v2, 2/2] devtools: stop depending on libabigail xml format
dpdklab at iol.unh.edu
dpdklab at iol.unh.edu
Thu Mar 23 23:06:58 CET 2023
Test-Label: iol-abi-testing
Test-Status: WARNING
http://dpdk.org/patch/125466
_Testing issues_
Submitter: David Marchand <david.marchand at redhat.com>
Date: Thursday, March 23 2023 17:15:02
DPDK git baseline: Repo:dpdk
Branch: master
CommitID:1a80f6062cf74e4b689b8b9a4f905a24efec527a
125465-125466 --> testing fail
Test environment and result as below:
+------------------+----------+
| Environment | abi_test |
+==================+==========+
| CentOS Stream 9 | FAIL |
+------------------+----------+
| Debian Bullseye | FAIL |
+------------------+----------+
| Ubuntu 22.04 | FAIL |
+------------------+----------+
| Ubuntu 20.04 | FAIL |
+------------------+----------+
| RHEL 7 | FAIL |
+------------------+----------+
| CentOS Stream 8 | FAIL |
+------------------+----------+
| Debian Buster | FAIL |
+------------------+----------+
| RHEL8 | FAIL |
+------------------+----------+
| openSUSE Leap 15 | FAIL |
+------------------+----------+
==== 20 line log output for openSUSE Leap 15 (abi_test): ====
Installing /home-local/jenkins-local/jenkins-agent/workspace/Generic-DPDK-Compile-ABI at 2/dpdk/drivers/raw/cnxk_bphy/rte_pmd_bphy.h to /home-local/jenkins-local/jenkins-agent/workspace/Generic-DPDK-Compile-ABI at 2/build_install/usr/local/include
Installing /home-local/jenkins-local/jenkins-agent/workspace/Generic-DPDK-Compile-ABI at 2/dpdk/drivers/raw/cnxk_gpio/rte_pmd_cnxk_gpio.h to /home-local/jenkins-local/jenkins-agent/workspace/Generic-DPDK-Compile-ABI at 2/build_install/usr/local/include
Installing /home-local/jenkins-local/jenkins-agent/workspace/Generic-DPDK-Compile-ABI at 2/dpdk/drivers/raw/dpaa2_cmdif/rte_pmd_dpaa2_cmdif.h to /home-local/jenkins-local/jenkins-agent/workspace/Generic-DPDK-Compile-ABI at 2/build_install/usr/local/include
Installing /home-local/jenkins-local/jenkins-agent/workspace/Generic-DPDK-Compile-ABI at 2/dpdk/drivers/raw/ntb/rte_pmd_ntb.h to /home-local/jenkins-local/jenkins-agent/workspace/Generic-DPDK-Compile-ABI at 2/build_install/usr/local/include
Installing /home-local/jenkins-local/jenkins-agent/workspace/Generic-DPDK-Compile-ABI at 2/dpdk/drivers/crypto/scheduler/rte_cryptodev_scheduler.h to /home-local/jenkins-local/jenkins-agent/workspace/Generic-DPDK-Compile-ABI at 2/build_install/usr/local/include
Installing /home-local/jenkins-local/jenkins-agent/workspace/Generic-DPDK-Compile-ABI at 2/dpdk/drivers/crypto/scheduler/rte_cryptodev_scheduler_operations.h to /home-local/jenkins-local/jenkins-agent/workspace/Generic-DPDK-Compile-ABI at 2/build_install/usr/local/include
Installing /home-local/jenkins-local/jenkins-agent/workspace/Generic-DPDK-Compile-ABI at 2/dpdk/drivers/event/dlb2/rte_pmd_dlb2.h to /home-local/jenkins-local/jenkins-agent/workspace/Generic-DPDK-Compile-ABI at 2/build_install/usr/local/include
Installing /home-local/jenkins-local/jenkins-agent/workspace/Generic-DPDK-Compile-ABI at 2/dpdk/drivers/baseband/acc/rte_acc_cfg.h to /home-local/jenkins-local/jenkins-agent/workspace/Generic-DPDK-Compile-ABI at 2/build_install/usr/local/include
Installing /home-local/jenkins-local/jenkins-agent/workspace/Generic-DPDK-Compile-ABI at 2/dpdk/drivers/baseband/fpga_5gnr_fec/rte_pmd_fpga_5gnr_fec.h to /home-local/jenkins-local/jenkins-agent/workspace/Generic-DPDK-Compile-ABI at 2/build_install/usr/local/include
Installing /home-local/jenkins-local/jenkins-agent/workspace/Generic-DPDK-Compile-ABI at 2/dpdk/usertools/dpdk-devbind.py to /home-local/jenkins-local/jenkins-agent/workspace/Generic-DPDK-Compile-ABI at 2/build_install/usr/local/bin
Installing /home-local/jenkins-local/jenkins-agent/workspace/Generic-DPDK-Compile-ABI at 2/dpdk/usertools/dpdk-pmdinfo.py to /home-local/jenkins-local/jenkins-agent/workspace/Generic-DPDK-Compile-ABI at 2/build_install/usr/local/bin
Installing /home-local/jenkins-local/jenkins-agent/workspace/Generic-DPDK-Compile-ABI at 2/dpdk/usertools/dpdk-telemetry.py to /home-local/jenkins-local/jenkins-agent/workspace/Generic-DPDK-Compile-ABI at 2/build_install/usr/local/bin
Installing /home-local/jenkins-local/jenkins-agent/workspace/Generic-DPDK-Compile-ABI at 2/dpdk/usertools/dpdk-hugepages.py to /home-local/jenkins-local/jenkins-agent/workspace/Generic-DPDK-Compile-ABI at 2/build_install/usr/local/bin
Installing /home-local/jenkins-local/jenkins-agent/workspace/Generic-DPDK-Compile-ABI at 2/dpdk/build/rte_build_config.h to /home-local/jenkins-local/jenkins-agent/workspace/Generic-DPDK-Compile-ABI at 2/build_install/usr/local/include
Installing /home-local/jenkins-local/jenkins-agent/workspace/Generic-DPDK-Compile-ABI at 2/dpdk/build/meson-private/libdpdk-libs.pc to /home-local/jenkins-local/jenkins-agent/workspace/Generic-DPDK-Compile-ABI at 2/build_install/usr/local/lib64/pkgconfig
Installing /home-local/jenkins-local/jenkins-agent/workspace/Generic-DPDK-Compile-ABI at 2/dpdk/build/meson-private/libdpdk.pc to /home-local/jenkins-local/jenkins-agent/workspace/Generic-DPDK-Compile-ABI at 2/build_install/usr/local/lib64/pkgconfig
Running custom install script '/bin/sh /home-local/jenkins-local/jenkins-agent/workspace/Generic-DPDK-Compile-ABI at 2/dpdk/config/../buildtools/symlink-drivers-solibs.sh lib64 dpdk/pmds-23.1'
==== Compiled DPDK with debugoptimized
==== Creating reference DPDK ABI
/scripts/generate_abi.sh: line 15: dpdk/devtools/gen-abi.sh: No such file or directory
==== End log output ====
CentOS Stream 9
Kernel: 4.18.0-240.10.1.el8_3.x86_64
Compiler: gcc 11.3.1 20220421
Debian Bullseye
Kernel: 5.4.0-122-generic
Compiler: gcc 10.2.1-6
Ubuntu 22.04
Kernel: Container Host Kernel
Compiler: gcc 11.3.1-2
Ubuntu 20.04
Kernel: 4.18.0-240.10.1.el8_3.x86_64
Compiler: gcc 9.3.0-17ubuntu1~20.04
RHEL 7
Kernel: 4.18.0-240.10.1.el8_3.x86_64
Compiler: gcc 4.8.5 20150623 (Red Hat 4.8.5-44)
CentOS Stream 8
Kernel: 4.18.0-240.10.1.el8_3.x86_64
Compiler: gcc 8.4.1 20200928
Debian Buster
Kernel: 5.4.0-122-generic
Compiler: gcc 8.3.0-6
RHEL8
Kernel: 4.18.0-240.10.1.el8_3.x86_64
Compiler: gcc 8.3.1 20191121 (Red Hat 8.3.1-5)
openSUSE Leap 15
Kernel: 4.18.0-240.10.1.el8_3.x86_64
Compiler: gcc 7.5.0
To view detailed results, visit:
https://lab.dpdk.org/results/dashboard/patchsets/25859/
UNH-IOL DPDK Community Lab
To manage your email subscriptions, visit:
https://lab.dpdk.org/results/dashboard/preferences/subscriptions/
More information about the test-report
mailing list