|WARNING| pw125563 [PATCH] [v1,1/1] cryptodev: support EDDSA
dpdklab at iol.unh.edu
dpdklab at iol.unh.edu
Tue Mar 28 17:28:47 CEST 2023
Test-Label: iol-abi-testing
Test-Status: WARNING
http://dpdk.org/patch/125563
_Testing issues_
Submitter: Sachin Yaligar <syaligar at marvell.com>
Date: Tuesday, March 28 2023 10:20:52
DPDK git baseline: Repo:dpdk
Branch: master
CommitID:9e3223adfab71bc88e9ba67c520b87c529d34a35
125563 --> testing fail
Test environment and result as below:
+------------------+----------+
| Environment | abi_test |
+==================+==========+
| Ubuntu 22.04 | FAIL |
+------------------+----------+
| Debian Bullseye | FAIL |
+------------------+----------+
| CentOS Stream 9 | FAIL |
+------------------+----------+
| openSUSE Leap 15 | FAIL |
+------------------+----------+
| Debian Buster | FAIL |
+------------------+----------+
| CentOS Stream 8 | FAIL |
+------------------+----------+
| RHEL8 | FAIL |
+------------------+----------+
| RHEL 7 | FAIL |
+------------------+----------+
| Ubuntu 20.04 | FAIL |
+------------------+----------+
==== 20 line log output for Ubuntu 20.04 (abi_test): ====
Variables changes summary: 0 Removed (15 filtered out), 0 Changed, 0 Added (1 filtered out) variables
Functions changes summary: 0 Removed, 0 Changed (1 filtered out), 0 Added function
Variables changes summary: 0 Removed, 0 Changed, 0 Added variable
Functions changes summary: 0 Removed, 0 Changed (2 filtered out), 0 Added functions
Variables changes summary: 0 Removed, 0 Changed, 0 Added variable
Functions changes summary: 0 Removed, 0 Changed (9 filtered out), 0 Added functions
Variables changes summary: 0 Removed, 0 Changed, 0 Added variable
Functions changes summary: 0 Removed, 0 Changed (2 filtered out), 0 Added functions
Variables changes summary: 0 Removed, 0 Changed, 0 Added variable
Functions changes summary: 0 Removed, 0 Changed (1 filtered out), 0 Added function
Variables changes summary: 0 Removed, 0 Changed, 0 Added variable
Functions changes summary: 0 Removed, 0 Changed (1 filtered out), 0 Added function
Variables changes summary: 0 Removed, 0 Changed, 0 Added variable
==== End log output ====
Ubuntu 22.04
Kernel: Container Host Kernel
Compiler: gcc 11.3.1-2
Debian Bullseye
Kernel: 5.4.0-122-generic
Compiler: gcc 10.2.1-6
CentOS Stream 9
Kernel: 4.18.0-240.10.1.el8_3.x86_64
Compiler: gcc 11.3.1 20220421
openSUSE Leap 15
Kernel: 4.18.0-240.10.1.el8_3.x86_64
Compiler: gcc 7.5.0
Debian Buster
Kernel: 5.4.0-122-generic
Compiler: gcc 8.3.0-6
CentOS Stream 8
Kernel: 4.18.0-240.10.1.el8_3.x86_64
Compiler: gcc 8.4.1 20200928
RHEL8
Kernel: 4.18.0-240.10.1.el8_3.x86_64
Compiler: gcc 8.3.1 20191121 (Red Hat 8.3.1-5)
RHEL 7
Kernel: 4.18.0-240.10.1.el8_3.x86_64
Compiler: gcc 4.8.5 20150623 (Red Hat 4.8.5-44)
Ubuntu 20.04
Kernel: 4.18.0-240.10.1.el8_3.x86_64
Compiler: gcc 9.3.0-17ubuntu1~20.04
To view detailed results, visit:
https://lab.dpdk.org/results/dashboard/patchsets/25879/
UNH-IOL DPDK Community Lab
To manage your email subscriptions, visit:
https://lab.dpdk.org/results/dashboard/preferences/subscriptions/
More information about the test-report
mailing list