|WARNING| pw125565 [PATCH] common/sfc_efx/base: support link status change v2 events

dpdklab at iol.unh.edu dpdklab at iol.unh.edu
Tue Mar 28 22:44:36 CEST 2023


Test-Label: iol-abi-testing
Test-Status: WARNING
http://dpdk.org/patch/125565

_Testing issues_

Submitter: Ivan Malov <ivan.malov at arknetworks.am>
Date: Tuesday, March 28 2023 16:51:12 
DPDK git baseline: Repo:dpdk
  Branch: master
  CommitID:9e3223adfab71bc88e9ba67c520b87c529d34a35

125565 --> testing fail

Test environment and result as below:

+-----------------+----------+
|   Environment   | abi_test |
+=================+==========+
| CentOS Stream 9 | FAIL     |
+-----------------+----------+
| Debian Buster   | FAIL     |
+-----------------+----------+
| RHEL 7          | FAIL     |
+-----------------+----------+
| Ubuntu 22.04    | FAIL     |
+-----------------+----------+

==== 20 line log output for Ubuntu 22.04 (abi_test): ====
Installing /home-local/jenkins-local/jenkins-agent/workspace/Generic-DPDK-Compile-ABI/dpdk/drivers/raw/cnxk_bphy/rte_pmd_bphy.h to /home-local/jenkins-local/jenkins-agent/workspace/Generic-DPDK-Compile-ABI/build_install/usr/local/include
Installing /home-local/jenkins-local/jenkins-agent/workspace/Generic-DPDK-Compile-ABI/dpdk/drivers/raw/cnxk_gpio/rte_pmd_cnxk_gpio.h to /home-local/jenkins-local/jenkins-agent/workspace/Generic-DPDK-Compile-ABI/build_install/usr/local/include
Installing /home-local/jenkins-local/jenkins-agent/workspace/Generic-DPDK-Compile-ABI/dpdk/drivers/raw/dpaa2_cmdif/rte_pmd_dpaa2_cmdif.h to /home-local/jenkins-local/jenkins-agent/workspace/Generic-DPDK-Compile-ABI/build_install/usr/local/include
Installing /home-local/jenkins-local/jenkins-agent/workspace/Generic-DPDK-Compile-ABI/dpdk/drivers/raw/ntb/rte_pmd_ntb.h to /home-local/jenkins-local/jenkins-agent/workspace/Generic-DPDK-Compile-ABI/build_install/usr/local/include
Installing /home-local/jenkins-local/jenkins-agent/workspace/Generic-DPDK-Compile-ABI/dpdk/drivers/crypto/scheduler/rte_cryptodev_scheduler.h to /home-local/jenkins-local/jenkins-agent/workspace/Generic-DPDK-Compile-ABI/build_install/usr/local/include
Installing /home-local/jenkins-local/jenkins-agent/workspace/Generic-DPDK-Compile-ABI/dpdk/drivers/crypto/scheduler/rte_cryptodev_scheduler_operations.h to /home-local/jenkins-local/jenkins-agent/workspace/Generic-DPDK-Compile-ABI/build_install/usr/local/include
Installing /home-local/jenkins-local/jenkins-agent/workspace/Generic-DPDK-Compile-ABI/dpdk/drivers/event/dlb2/rte_pmd_dlb2.h to /home-local/jenkins-local/jenkins-agent/workspace/Generic-DPDK-Compile-ABI/build_install/usr/local/include
Installing /home-local/jenkins-local/jenkins-agent/workspace/Generic-DPDK-Compile-ABI/dpdk/drivers/baseband/acc/rte_acc_cfg.h to /home-local/jenkins-local/jenkins-agent/workspace/Generic-DPDK-Compile-ABI/build_install/usr/local/include
Installing /home-local/jenkins-local/jenkins-agent/workspace/Generic-DPDK-Compile-ABI/dpdk/drivers/baseband/fpga_5gnr_fec/rte_pmd_fpga_5gnr_fec.h to /home-local/jenkins-local/jenkins-agent/workspace/Generic-DPDK-Compile-ABI/build_install/usr/local/include
Installing /home-local/jenkins-local/jenkins-agent/workspace/Generic-DPDK-Compile-ABI/dpdk/usertools/dpdk-devbind.py to /home-local/jenkins-local/jenkins-agent/workspace/Generic-DPDK-Compile-ABI/build_install/usr/local/bin
Installing /home-local/jenkins-local/jenkins-agent/workspace/Generic-DPDK-Compile-ABI/dpdk/usertools/dpdk-pmdinfo.py to /home-local/jenkins-local/jenkins-agent/workspace/Generic-DPDK-Compile-ABI/build_install/usr/local/bin
Installing /home-local/jenkins-local/jenkins-agent/workspace/Generic-DPDK-Compile-ABI/dpdk/usertools/dpdk-telemetry.py to /home-local/jenkins-local/jenkins-agent/workspace/Generic-DPDK-Compile-ABI/build_install/usr/local/bin
Installing /home-local/jenkins-local/jenkins-agent/workspace/Generic-DPDK-Compile-ABI/dpdk/usertools/dpdk-hugepages.py to /home-local/jenkins-local/jenkins-agent/workspace/Generic-DPDK-Compile-ABI/build_install/usr/local/bin
Installing /home-local/jenkins-local/jenkins-agent/workspace/Generic-DPDK-Compile-ABI/dpdk/build/rte_build_config.h to /home-local/jenkins-local/jenkins-agent/workspace/Generic-DPDK-Compile-ABI/build_install/usr/local/include
Installing /home-local/jenkins-local/jenkins-agent/workspace/Generic-DPDK-Compile-ABI/dpdk/build/meson-private/libdpdk-libs.pc to /home-local/jenkins-local/jenkins-agent/workspace/Generic-DPDK-Compile-ABI/build_install/usr/local/lib64/pkgconfig
Installing /home-local/jenkins-local/jenkins-agent/workspace/Generic-DPDK-Compile-ABI/dpdk/build/meson-private/libdpdk.pc to /home-local/jenkins-local/jenkins-agent/workspace/Generic-DPDK-Compile-ABI/build_install/usr/local/lib64/pkgconfig
Running custom install script '/bin/sh /home-local/jenkins-local/jenkins-agent/workspace/Generic-DPDK-Compile-ABI/dpdk/config/../buildtools/symlink-drivers-solibs.sh lib64 dpdk/pmds-23.1'
==== Compiled DPDK with debugoptimized
==== Creating reference DPDK ABI
/scripts/generate_abi.sh: line 15: dpdk/devtools/gen-abi.sh: No such file or directory
==== End log output ====

CentOS Stream 9
	Kernel: 4.18.0-240.10.1.el8_3.x86_64
	Compiler: gcc 11.3.1 20220421

Debian Buster
	Kernel: 5.4.0-122-generic
	Compiler: gcc 8.3.0-6

RHEL 7
	Kernel: 4.18.0-240.10.1.el8_3.x86_64
	Compiler: gcc 4.8.5 20150623 (Red Hat 4.8.5-44)

Ubuntu 22.04
	Kernel: Container Host Kernel
	Compiler: clang 14.0.5-1.fc36

To view detailed results, visit:
https://lab.dpdk.org/results/dashboard/patchsets/25881/

UNH-IOL DPDK Community Lab

To manage your email subscriptions, visit: 
https://lab.dpdk.org/results/dashboard/preferences/subscriptions/


More information about the test-report mailing list