|FAILURE| [GIT MASTER] f70e8d72f9fee225d48101e96d5cef69af90afff

dpdklab at iol.unh.edu dpdklab at iol.unh.edu
Thu Nov 2 20:33:00 CET 2023


_Testing issues_

Branch: dpdk-next-net

f70e8d72f9fee225d48101e96d5cef69af90afff --> testing fail

Test environment and result as below:

+---------------------+--------------------+----------------------+
|     Environment     | dpdk_meson_compile | dpdk_mingw64_compile |
+=====================+====================+======================+
| FreeBSD 13          | PASS               | SKIPPED              |
+---------------------+--------------------+----------------------+
| Windows Server 2019 | FAIL               | PASS                 |
+---------------------+--------------------+----------------------+

==== 20 line log output for Windows Server 2019 (dpdk_meson_compile): ====
[18/812] Compiling C object lib/librte_ethdev.a.p/ethdev_ethdev_trace_points.c.obj
[19/812] Compiling C object lib/librte_ethdev.a.p/ethdev_rte_tm.c.obj
[20/812] Compiling C object lib/librte_cmdline.a.p/cmdline_cmdline_cirbuf.c.obj
[21/812] Compiling C object lib/librte_ethdev.a.p/ethdev_ethdev_private.c.obj
[22/812] Compiling C object lib/librte_ethdev.a.p/ethdev_rte_ethdev.c.obj
FAILED: lib/librte_ethdev.a.p/ethdev_rte_ethdev.c.obj
"clang" "-Ilib\librte_ethdev.a.p" "-Ilib" "-I..\lib" "-Ilib\ethdev" "-I..\lib\ethdev" "-I." "-I.." "-Iconfig" "-I..\config" "-Ilib\eal\include" "-I..\lib\eal\include" "-Ilib\eal\windows\include" "-I..\lib\eal\windows\include" "-Ilib\eal\x86\include" "-I..\lib\eal\x86\include" "-Ilib\eal\common" "-I..\lib\eal\common" "-Ilib\eal" "-I..\lib\eal" "-Ilib\log" "-I..\lib\log" "-Ilib\kvargs" "-I..\lib\kvargs" "-Ilib\net" "-I..\lib\net" "-Ilib\mbuf" "-I..\lib\mbuf" "-Ilib\mempool" "-I..\lib\mempool" "-Ilib\ring" "-I..\lib\ring" "-Ilib\metrics" "-I..\lib\metrics" "-Ilib\telemetry" "-I..\lib\telemetry" "-Ilib\meter" "-I..\lib\meter" "-IC:\Program Files\Mellanox\MLNX_WinOF2_DevX_SDK\inc" "-Xclang" "-fcolor-diagnostics" "-pipe" "-D_FILE_OFFSET_BITS=64" "-Wall" "-Winvalid-pch" "-Wextra" "-Werror" "-std=c11" "-O3" "-include" "rte_config.h" "-Wcast-qual" "-Wdeprecated" "-Wformat" "-Wformat-nonliteral" "-Wformat-security" "-Wmissing-declarations" "-Wmissing-prototypes" "-Wnested-externs" "-Wold-style
 -definition" "-Wpointer-arith" "-Wsign-compare" "-Wstrict-prototypes" "-Wundef" "-Wwrite-strings" "-Wno-address-of-packed-member" "-Wno-missing-field-initializers" "-D_GNU_SOURCE" "-D_WIN32_WINNT=0x0A00" "-D_CRT_SECURE_NO_WARNINGS" "-march=native" "-mrtm" "-DALLOW_EXPERIMENTAL_API" "-DALLOW_INTERNAL_API" "-DRTE_LOG_DEFAULT_LOGTYPE=lib.ethdev" "-DRTE_ANNOTATE_LOCKS" "-Wthread-safety" -MD -MQ lib/librte_ethdev.a.p/ethdev_rte_ethdev.c.obj -MF "lib\librte_ethdev.a.p\ethdev_rte_ethdev.c.obj.d" -o lib/librte_ethdev.a.p/ethdev_rte_ethdev.c.obj "-c" ../lib/ethdev/rte_ethdev.c
../lib/ethdev/rte_ethdev.c:1526:16: error: comparison of integers of different signs: 'enum rte_eth_hash_function' and 'unsigned long long' [-Werror,-Wsign-compare]
if (algorithm >= CHAR_BIT * sizeof(dev_info.rss_algo_capa) ||
~~~~~~~~~ ^  ~~~~~~~~~~~~~~~~~~~~~~~~~~~~~~~~~~~~~~~~~
../lib/ethdev/rte_ethdev.c:4743:26: error: comparison of integers of different signs: 'enum rte_eth_hash_function' and 'unsigned long long' [-Werror,-Wsign-compare]
if (rss_conf->algorithm >= CHAR_BIT * sizeof(dev_info.rss_algo_capa) ||
~~~~~~~~~~~~~~~~~~~ ^  ~~~~~~~~~~~~~~~~~~~~~~~~~~~~~~~~~~~~~~~~~
2 errors generated.
[23/812] Compiling C object lib/librte_ethdev.a.p/ethdev_sff_8636.c.obj
[24/812] Compiling C object lib/librte_cmdline.a.p/cmdline_cmdline.c.obj
[25/812] Compiling C object lib/librte_ethdev.a.p/ethdev_sff_8472.c.obj
[26/812] Compiling C object lib/librte_ethdev.a.p/ethdev_rte_flow.c.obj
[27/812] Compiling C object lib/librte_ethdev.a.p/ethdev_sff_common.c.obj
ninja: build stopped: subcommand failed.
==== End log output ====

FreeBSD 13
	Kernel: 13.0
	Compiler: clang 11.0.1

Windows Server 2019
	Kernel: 10.0
	Compiler: clang 14.0 and gcc 8.1.0 (MinGW)

To view detailed results, visit:
https://lab.dpdk.org/results/dashboard/tarballs/26794/

UNH-IOL DPDK Community Lab

To manage your email subscriptions, visit: 
https://lab.dpdk.org/results/dashboard/preferences/subscriptions/


More information about the test-report mailing list