|FAILURE| pw134120-134123 [PATCH] [v6,4/4] app/dma-perf: add SG copy
dpdklab at iol.unh.edu
dpdklab at iol.unh.edu
Mon Nov 13 10:19:25 CET 2023
Test-Label: iol-compile-arm64-testing
Test-Status: FAILURE
http://dpdk.org/patch/134123
_Testing issues_
Submitter: Gowrishankar Muthukrishnan <gmuthukrishn at marvell.com>
Date: Monday, November 13 2023 04:41:04
DPDK git baseline: Repo:dpdk
Branch: master
CommitID:d677a3eb1b4e2d38c193fabd755dac30ee04c2df
134120-134123 --> testing fail
Test environment and result as below:
+----------------------------------------+--------------------+
| Environment | dpdk_meson_compile |
+========================================+====================+
| Ubuntu 20.04 ARM SVE | PASS |
+----------------------------------------+--------------------+
| Fedora 37 (ARM) | PASS |
+----------------------------------------+--------------------+
| Ubuntu 20.04 (ARM) | PASS |
+----------------------------------------+--------------------+
| Fedora 38 (ARM) | PASS |
+----------------------------------------+--------------------+
| CentOS Stream 9 (ARM) | PASS |
+----------------------------------------+--------------------+
| Debian 11 (Buster) (ARM) | PASS |
+----------------------------------------+--------------------+
| Ubuntu 20.04 ARM Clang Cross Compile | PASS |
+----------------------------------------+--------------------+
| Ubuntu 20.04 aarch32 GCC Cross Compile | FAIL |
+----------------------------------------+--------------------+
| Ubuntu 20.04 ARM GCC Cross Compile | PASS |
+----------------------------------------+--------------------+
==== 20 line log output for Ubuntu 20.04 aarch32 GCC Cross Compile (dpdk_meson_compile): ====
[761/2212] Generating rte_dma_dpaa.pmd.c with a custom command.
[762/2212] Compiling C object 'drivers/a715181@@rte_dma_dpaa at sha/meson-generated_.._rte_dma_dpaa.pmd.c.o'.
[763/2212] Compiling C object 'drivers/a715181@@rte_dma_dpaa at sta/meson-generated_.._rte_dma_dpaa.pmd.c.o'.
[764/2212] Linking static target drivers/librte_dma_dpaa.a.
[765/2212] Compiling C object 'drivers/a715181@@tmp_rte_dma_dpaa2 at sta/dma_dpaa2_dpaa2_qdma.c.o'.
[766/2212] Linking static target drivers/libtmp_rte_dma_dpaa2.a.
[767/2212] Linking target drivers/librte_dma_dpaa.so.24.0.
[768/2212] Generating rte_dma_dpaa2.pmd.c with a custom command.
[769/2212] Compiling C object 'app/a172ced@@dpdk-test-dma-perf at exe/test-dma-perf_benchmark.c.o'.
FAILED: app/a172ced@@dpdk-test-dma-perf at exe/test-dma-perf_benchmark.c.o
ccache arm-linux-gnueabihf-gcc -Iapp/a172ced@@dpdk-test-dma-perf at exe -Iapp -I../app -Ilib/dmadev -I../lib/dmadev -I. -I../ -Iconfig -I../config -Ilib/eal/include -I../lib/eal/include -Ilib/eal/linux/include -I../lib/eal/linux/include -Ilib/eal/arm/include -I../lib/eal/arm/include -Ilib/eal/common -I../lib/eal/common -Ilib/eal -I../lib/eal -Ilib/kvargs -I../lib/kvargs -Ilib/log -I../lib/log -Ilib/telemetry/../metrics -I../lib/telemetry/../metrics -Ilib/telemetry -I../lib/telemetry -Ilib/mbuf -I../lib/mbuf -Ilib/mempool -I../lib/mempool -Ilib/ring -I../lib/ring -Ilib/cfgfile -I../lib/cfgfile -fdiagnostics-color=always -pipe -D_FILE_OFFSET_BITS=64 -Wall -Winvalid-pch -Wextra -Werror -std=c11 -O3 -include rte_config.h -Wcast-qual -Wdeprecated -Wformat -Wformat-nonliteral -Wformat-security -Wmissing-declarations -Wmissing-prototypes -Wnested-externs -Wold-style-definition -Wpointer-arith -Wsign-compare -Wstrict-prototypes -Wundef -Wwrite-strings -Wno-address-of-packed-member -Wno-packed-n
ot-aligned -Wno-missing-field-initializers -Wno-pointer-to-int-cast -D_GNU_SOURCE -march=armv8-a+simd -mfpu=auto -DALLOW_EXPERIMENTAL_API -MD -MQ 'app/a172ced@@dpdk-test-dma-perf at exe/test-dma-perf_benchmark.c.o' -MF 'app/a172ced@@dpdk-test-dma-perf at exe/test-dma-perf_benchmark.c.o.d' -o 'app/a172ced@@dpdk-test-dma-perf at exe/test-dma-perf_benchmark.c.o' -c ../app/test-dma-perf/benchmark.c
../app/test-dma-perf/benchmark.c: In function 'setup_memory_env':
../app/test-dma-perf/benchmark.c:510:42: error: cast to pointer from integer of different size [-Werror=int-to-pointer-cast]
510 | rte_pktmbuf_attach_extbuf((*srcs)[i], (void *)cfg->raddr,
| ^
../app/test-dma-perf/benchmark.c:521:42: error: cast to pointer from integer of different size [-Werror=int-to-pointer-cast]
521 | rte_pktmbuf_attach_extbuf((*dsts)[i], (void *)cfg->raddr,
| ^
cc1: all warnings being treated as errors
ninja: build stopped: subcommand failed.
==== End log output ====
Ubuntu 20.04 ARM SVE
Kernel: 5.4.0-80-generic
Compiler: gcc 10.3.0 (Ubuntu 10.3.0-1ubuntu1~20.04)
Fedora 37 (ARM)
Kernel: Depends on container host
Compiler: gcc 12.3.1
Ubuntu 20.04 (ARM)
Kernel: Container Host Kernel
Compiler: gcc 9.4.0
Fedora 38 (ARM)
Kernel: Depends on container host
Compiler: gcc 13.1.1
CentOS Stream 9 (ARM)
Kernel: Container Host Kernel
Compiler: gcc 11.3.1
Debian 11 (Buster) (ARM)
Kernel: Container Host Kernel
Compiler: gcc 10.2.1
Ubuntu 20.04 ARM Clang Cross Compile
Kernel: 5.4.0-72-generic
Compiler: clang version 10.0.0-4ubuntu1
Ubuntu 20.04 aarch32 GCC Cross Compile
Kernel: 5.4.0-72-generic
Compiler: gcc 9.3.0
Ubuntu 20.04 ARM GCC Cross Compile
Kernel: 5.4.0-72-generic
Compiler: aarch64-linux-gnu-gcc (Ubuntu 9.3.0-17ubuntu1~20.04) 9.3.0
To view detailed results, visit:
https://lab.dpdk.org/results/dashboard/patchsets/28339/
UNH-IOL DPDK Community Lab
To manage your email subscriptions, visit:
https://lab.dpdk.org/results/dashboard/preferences/subscriptions/
More information about the test-report
mailing list