|FAILURE| [GIT MASTER] 0ba23e6339ab7230a64d83f12ddb5f2c46804e8a
dpdklab at iol.unh.edu
dpdklab at iol.unh.edu
Mon Nov 13 21:36:37 CET 2023
_Testing issues_
Branch: dpdk-next-crypto
0ba23e6339ab7230a64d83f12ddb5f2c46804e8a --> testing fail
Test environment and result as below:
+------------------+----------------+
| Environment | dpdk_unit_test |
+==================+================+
| CentOS Stream 8 | PASS |
+------------------+----------------+
| CentOS Stream 9 | PASS |
+------------------+----------------+
| Debian Buster | PASS |
+------------------+----------------+
| Debian Bullseye | PASS |
+------------------+----------------+
| Fedora 37 | PASS |
+------------------+----------------+
| Fedora 38 | PASS |
+------------------+----------------+
| openSUSE Leap 15 | PASS |
+------------------+----------------+
| RHEL8 | FAIL |
+------------------+----------------+
| Ubuntu 20.04 | PASS |
+------------------+----------------+
| Ubuntu 22.04 | PASS |
+------------------+----------------+
==== 20 line log output for RHEL8 (dpdk_unit_test): ====
100/110 DPDK:fast-tests / telemetry_data_autotest OK 0.22 s
101/110 DPDK:fast-tests / telemetry_json_autotest OK 0.22 s
102/110 DPDK:fast-tests / thash_autotest OK 0.22 s
103/110 DPDK:fast-tests / threads_autotest OK 0.37 s
104/110 DPDK:fast-tests / ticketlock_autotest OK 0.22 s
105/110 DPDK:fast-tests / timer_autotest OK 2.52 s
106/110 DPDK:fast-tests / trace_autotest OK 0.22 s
107/110 DPDK:fast-tests / trace_autotest_with_traces OK 0.22 s
108/110 DPDK:fast-tests / vdev_autotest OK 0.22 s
109/110 DPDK:fast-tests / version_autotest OK 0.22 s
110/110 DPDK:fast-tests / telemetry_all SKIP 0.01 s
Ok: 99
Expected Fail: 0
Fail: 1
Unexpected Pass: 0
Skipped: 10
Timeout: 0
Full log written to /home-local/jenkins-local/jenkins-agent/workspace/Generic-Unit-Test-DPDK/dpdk/build/meson-logs/testlog.txt
==== End log output ====
CentOS Stream 8
Kernel: 4.18.0-240.10.1.el8_3.x86_64
Compiler: gcc 8.4.1 20200928
CentOS Stream 9
Kernel: 4.18.0-240.10.1.el8_3.x86_64
Compiler: gcc 11.3.1 20220421
Debian Buster
Kernel: 5.4.0-122-generic
Compiler: gcc 8.3.0-6
Debian Bullseye
Kernel: 5.4.0-122-generic
Compiler: gcc 10.2.1-6
Fedora 37
Kernel: Depends on container host system
Compiler: gcc 12.3.1
Fedora 38
Kernel: Depends on container host
Compiler: gcc 13.1.1
openSUSE Leap 15
Kernel: 4.18.0-240.10.1.el8_3.x86_64
Compiler: gcc 7.5.0
RHEL8
Kernel: 4.18.0-240.10.1.el8_3.x86_64
Compiler: gcc 8.3.1 20191121 (Red Hat 8.3.1-5)
Ubuntu 20.04
Kernel: 5.4.0-153-generic
Compiler: gcc 9.4.0-1ubuntu1~20.04.1
Ubuntu 22.04
Kernel: 4.18.0-240.10.1.el8_3.x86_64
Compiler: gcc 11.3.0
To view detailed results, visit:
https://lab.dpdk.org/results/dashboard/tarballs/26975/
UNH-IOL DPDK Community Lab
To manage your email subscriptions, visit:
https://lab.dpdk.org/results/dashboard/preferences/subscriptions/
More information about the test-report
mailing list