|FAILURE| pw134186 [PATCH] [v2] net/axgbe: invoke correct API when o

dpdklab at iol.unh.edu dpdklab at iol.unh.edu
Tue Nov 14 09:11:49 CET 2023


Test-Label: iol-unit-arm64-testing
Test-Status: FAILURE
http://dpdk.org/patch/134186

_Testing issues_

Submitter: Jesna K E <jesna.k.e at amd.com>
Date: Tuesday, November 14 2023 06:07:16 
DPDK git baseline: Repo:dpdk
  Branch: master
  CommitID:737faa1b4331f6395bc3a665159a489f404e6052

134186 --> testing fail

Test environment and result as below:

+--------------------------+------------------------------+---------------------------+----------------+
|       Environment        | cryptodev_sw_snow3g_autotest | cryptodev_sw_zuc_autotest | dpdk_unit_test |
+==========================+==============================+===========================+================+
| Debian 11 (arm)          | FAIL                         | FAIL                      | SKIPPED        |
+--------------------------+------------------------------+---------------------------+----------------+
| CentOS Stream 9 (ARM)    | SKIPPED                      | SKIPPED                   | FAIL           |
+--------------------------+------------------------------+---------------------------+----------------+
| Debian 11 (Buster) (ARM) | SKIPPED                      | SKIPPED                   | FAIL           |
+--------------------------+------------------------------+---------------------------+----------------+
| Fedora 38 (ARM Clang)    | SKIPPED                      | SKIPPED                   | FAIL           |
+--------------------------+------------------------------+---------------------------+----------------+
| Fedora 38 (ARM)          | SKIPPED                      | SKIPPED                   | FAIL           |
+--------------------------+------------------------------+---------------------------+----------------+
| Ubuntu 20.04 (ARM)       | SKIPPED                      | SKIPPED                   | FAIL           |
+--------------------------+------------------------------+---------------------------+----------------+

==== 20 line log output for Ubuntu 20.04 (ARM) (dpdk_unit_test): ====
[1093/3090] Compiling C object 'drivers/a715181@@tmp_rte_net_bnxt at sta/net_bnxt_tf_ulp_ulp_matcher.c.o'.
[1094/3090] Compiling C object 'drivers/a715181@@tmp_rte_net_bnxt at sta/net_bnxt_tf_ulp_ulp_ha_mgr.c.o'.
[1095/3090] Compiling C object 'drivers/a715181@@tmp_rte_net_bnxt at sta/net_bnxt_tf_ulp_ulp_mapper.c.o'.
[1096/3090] Compiling C object 'drivers/a715181@@tmp_rte_net_bnxt at sta/net_bnxt_tf_ulp_ulp_tun.c.o'.
[1097/3090] Compiling C object 'drivers/a715181@@tmp_rte_net_bnxt at sta/net_bnxt_tf_ulp_ulp_port_db.c.o'.
[1098/3090] Generating rte_common_sfc_efx.sym_chk with a meson_exe.py custom command.
[1099/3090] Compiling C object 'drivers/a715181@@tmp_rte_net_bnxt at sta/net_bnxt_tf_ulp_ulp_rte_handler_tbl.c.o'.
[1100/3090] Compiling C object 'drivers/a715181@@tmp_rte_net_bnxt at sta/net_bnxt_tf_ulp_ulp_utils.c.o'.
[1101/3090] Compiling C object 'drivers/a715181@@tmp_rte_net_axgbe at sta/net_axgbe_axgbe_ethdev.c.o'.
FAILED: drivers/a715181@@tmp_rte_net_axgbe at sta/net_axgbe_axgbe_ethdev.c.o
ccache cc -Idrivers/a715181@@tmp_rte_net_axgbe at sta -Idrivers -I../drivers -Idrivers/net/axgbe -I../drivers/net/axgbe -Ilib/ethdev -I../lib/ethdev -I. -I../ -Iconfig -I../config -Ilib/eal/include -I../lib/eal/include -Ilib/eal/linux/include -I../lib/eal/linux/include -Ilib/eal/arm/include -I../lib/eal/arm/include -Ilib/eal/common -I../lib/eal/common -Ilib/eal -I../lib/eal -Ilib/kvargs -I../lib/kvargs -Ilib/log -I../lib/log -Ilib/telemetry/../metrics -I../lib/telemetry/../metrics -Ilib/telemetry -I../lib/telemetry -Ilib/net -I../lib/net -Ilib/mbuf -I../lib/mbuf -Ilib/mempool -I../lib/mempool -Ilib/ring -I../lib/ring -Ilib/meter -I../lib/meter -Idrivers/bus/pci -I../drivers/bus/pci -I../drivers/bus/pci/linux -Ilib/pci -I../lib/pci -Idrivers/bus/vdev -I../drivers/bus/vdev -fdiagnostics-color=always -pipe -D_FILE_OFFSET_BITS=64 -Wall -Winvalid-pch -Wextra -Werror -std=c11 -O3 -include rte_config.h -Wcast-qual -Wdeprecated -Wformat -Wformat-nonliteral -Wformat-security -Wmissing-declaratio
 ns -Wmissing-prototypes -Wnested-externs -Wold-style-definition -Wpointer-arith -Wsign-compare -Wstrict-prototypes -Wundef -Wwrite-strings -Wno-address-of-packed-member -Wno-packed-not-aligned -Wno-missing-field-initializers -D_GNU_SOURCE -fPIC -march=armv8.1-a+crc+crypto -mcpu=thunderx2t99 -DALLOW_EXPERIMENTAL_API -DALLOW_INTERNAL_API -Wno-format-truncation -Wno-cast-qual -DRTE_LOG_DEFAULT_LOGTYPE=pmd.net.axgbe -MD -MQ 'drivers/a715181@@tmp_rte_net_axgbe at sta/net_axgbe_axgbe_ethdev.c.o' -MF 'drivers/a715181@@tmp_rte_net_axgbe at sta/net_axgbe_axgbe_ethdev.c.o.d' -o 'drivers/a715181@@tmp_rte_net_axgbe at sta/net_axgbe_axgbe_ethdev.c.o' -c ../drivers/net/axgbe/axgbe_ethdev.c
../drivers/net/axgbe/axgbe_ethdev.c: In function 'axgbe_set_tx_function':
../drivers/net/axgbe/axgbe_ethdev.c:2141:25: error: unused variable 'txq' [-Werror=unused-variable]
2141 |  struct axgbe_tx_queue *txq = dev->data->tx_queues[0];
|                         ^~~
cc1: all warnings being treated as errors
[1102/3090] Compiling C object 'drivers/a715181@@tmp_rte_net_bnxt at sta/net_bnxt_tf_ulp_generic_templates_ulp_template_db_class.c.o'.
[1103/3090] Linking target drivers/librte_common_sfc_efx.so.24.0.
[1104/3090] Generating rte_common_cnxk.sym_chk with a meson_exe.py custom command.
ninja: build stopped: subcommand failed.
==== End log output ====

Debian 11 (arm)
	Kernel: Container Host Kernel
	Compiler: gcc 10.2.1

CentOS Stream 9 (ARM)
	Kernel: Container Host Kernel
	Compiler: gcc 11.3.1

Debian 11 (Buster) (ARM)
	Kernel: Container Host Kernel
	Compiler: gcc 10.2.1

Fedora 38 (ARM Clang)
	Kernel: Depends on container host
	Compiler: clang 16.0.3

Fedora 38 (ARM)
	Kernel: Depends on container host
	Compiler: gcc 13.1.1

Ubuntu 20.04 (ARM)
	Kernel: Container Host Kernel
	Compiler: gcc 9.4.0

To view detailed results, visit:
https://lab.dpdk.org/results/dashboard/patchsets/28366/

UNH-IOL DPDK Community Lab

To manage your email subscriptions, visit: 
https://lab.dpdk.org/results/dashboard/preferences/subscriptions/


More information about the test-report mailing list