|FAILURE| pw134192-134229 [PATCH] [43/43] vdpa/sfc: use rte strerror
dpdklab at iol.unh.edu
dpdklab at iol.unh.edu
Tue Nov 14 10:24:29 CET 2023
Test-Label: iol-unit-arm64-testing
Test-Status: FAILURE
http://dpdk.org/patch/134229
_Testing issues_
Submitter: Dengdui Huang <huangdengdui at huawei.com>
Date: Tuesday, November 14 2023 08:25:39
DPDK git baseline: Repo:dpdk
Branch: master
CommitID:737faa1b4331f6395bc3a665159a489f404e6052
134192-134229 --> testing fail
Test environment and result as below:
+-----------------------+--------------+---------------------------+------------------------------+----------------+
| Environment | lpm_autotest | cryptodev_sw_zuc_autotest | cryptodev_sw_snow3g_autotest | dpdk_unit_test |
+=======================+==============+===========================+==============================+================+
| Ubuntu 20.04 ARM SVE | FAIL | SKIPPED | SKIPPED | SKIPPED |
+-----------------------+--------------+---------------------------+------------------------------+----------------+
| Debian 11 (arm) | SKIPPED | PASS | PASS | SKIPPED |
+-----------------------+--------------+---------------------------+------------------------------+----------------+
| Fedora 37 (ARM) | SKIPPED | SKIPPED | SKIPPED | FAIL |
+-----------------------+--------------+---------------------------+------------------------------+----------------+
| Fedora 38 (ARM) | SKIPPED | SKIPPED | SKIPPED | FAIL |
+-----------------------+--------------+---------------------------+------------------------------+----------------+
| Fedora 38 (ARM Clang) | SKIPPED | SKIPPED | SKIPPED | FAIL |
+-----------------------+--------------+---------------------------+------------------------------+----------------+
==== 20 line log output for Fedora 38 (ARM Clang) (dpdk_unit_test): ====
"VHOST_CONFIG: (%s) " fmt, prefix, ##args)
~~~ ^~~~
../lib/vhost/vduse.c:403:5: error: call to undeclared function 'rte_strerror'; ISO C99 and later do not support implicit function declarations [-Wimplicit-function-declaration]
rte_strerror(errno));
^
../lib/vhost/vduse.c:403:5: error: format specifies type 'char *' but the argument has type 'int' [-Werror,-Wformat]
rte_strerror(errno));
^~~~~~~~~~~~~~~~~~~
../lib/vhost/vhost.h:680:40: note: expanded from macro 'VHOST_LOG_CONFIG'
"VHOST_CONFIG: (%s) " fmt, prefix, ##args)
~~~ ^~~~
../lib/vhost/vduse.c:456:22: error: call to undeclared function 'rte_strerror'; ISO C99 and later do not support implicit function declarations [-Wimplicit-function-declaration]
VDUSE_CTRL_PATH, rte_strerror(errno));
^
fatal error: too many errors emitted, stopping now [-ferror-limit=]
20 errors generated.
[401/3086] Compiling C object 'lib/76b5a35@@rte_ipsec at sta/ipsec_esp_inb.c.o'.
[402/3086] Compiling C object 'lib/76b5a35@@rte_vhost at sta/vhost_vhost_crypto.c.o'.
[403/3086] Compiling C object 'lib/76b5a35@@rte_vhost at sta/vhost_virtio_net.c.o'.
ninja: build stopped: subcommand failed.
==== End log output ====
Ubuntu 20.04 ARM SVE
Kernel: 5.4.0-80-generic
Compiler: gcc 10.3.0 (Ubuntu 10.3.0-1ubuntu1~20.04)
Debian 11 (arm)
Kernel: Container Host Kernel
Compiler: gcc 10.2.1
Fedora 37 (ARM)
Kernel: Depends on container host
Compiler: gcc 12.3.1
Fedora 38 (ARM)
Kernel: Depends on container host
Compiler: gcc 13.1.1
Fedora 38 (ARM Clang)
Kernel: Depends on container host
Compiler: clang 16.0.3
To view detailed results, visit:
https://lab.dpdk.org/results/dashboard/patchsets/28369/
UNH-IOL DPDK Community Lab
To manage your email subscriptions, visit:
https://lab.dpdk.org/results/dashboard/preferences/subscriptions/
More information about the test-report
mailing list