|FAILURE| pw134192-134229 [PATCH] [43/43] vdpa/sfc: use rte strerror
    dpdklab at iol.unh.edu 
    dpdklab at iol.unh.edu
       
    Tue Nov 14 10:33:37 CET 2023
    
    
  
Test-Label: iol-compile-amd64-testing
Test-Status: FAILURE
http://dpdk.org/patch/134229
_Testing issues_
Submitter: Dengdui Huang <huangdengdui at huawei.com>
Date: Tuesday, November 14 2023 08:25:39 
DPDK git baseline: Repo:dpdk
  Branch: master
  CommitID:737faa1b4331f6395bc3a665159a489f404e6052
134192-134229 --> testing fail
Test environment and result as below:
+---------------------+--------------------+----------------------+
|     Environment     | dpdk_meson_compile | dpdk_mingw64_compile |
+=====================+====================+======================+
| Debian Bullseye     | FAIL               | SKIPPED              |
+---------------------+--------------------+----------------------+
| Fedora 37           | FAIL               | SKIPPED              |
+---------------------+--------------------+----------------------+
| CentOS Stream 9     | FAIL               | SKIPPED              |
+---------------------+--------------------+----------------------+
| Debian Buster       | FAIL               | SKIPPED              |
+---------------------+--------------------+----------------------+
| RHEL8               | FAIL               | SKIPPED              |
+---------------------+--------------------+----------------------+
| Fedora 38           | FAIL               | SKIPPED              |
+---------------------+--------------------+----------------------+
| CentOS Stream 8     | FAIL               | SKIPPED              |
+---------------------+--------------------+----------------------+
| Ubuntu 22.04        | FAIL               | SKIPPED              |
+---------------------+--------------------+----------------------+
| Ubuntu 20.04        | FAIL               | SKIPPED              |
+---------------------+--------------------+----------------------+
| Windows Server 2019 | PASS               | PASS                 |
+---------------------+--------------------+----------------------+
| openSUSE Leap 15    | FAIL               | SKIPPED              |
+---------------------+--------------------+----------------------+
| FreeBSD 13          | FAIL               | SKIPPED              |
+---------------------+--------------------+----------------------+
| Alpine              | FAIL               | SKIPPED              |
+---------------------+--------------------+----------------------+
==== 20 line log output for Alpine (dpdk_meson_compile): ====
[01m[K../drivers/dma/idxd/idxd_internal.h:25:35:[m[K [01;31m[Kerror: [m[Kformat '[01m[K%s[m[K' expects argument of type '[01m[Kchar *[m[K', but argument 7 has type '[01m[Kint[m[K' [[01;31m[K-Werror=format=[m[K]
25 |                 idxd_pmd_logtype, [01;31m[K"IDXD: %s(): "[m[K fmt "\n", __func__, ##args)
|                                   [01;31m[K^~~~~~~~~~~~~~[m[K
[01m[K../drivers/dma/idxd/idxd_internal.h:29:39:[m[K [01;36m[Knote: [m[Kin expansion of macro '[01m[KIDXD_PMD_LOG[m[K'
29 | #define IDXD_PMD_ERR(fmt, args...)    [01;36m[KIDXD_PMD_LOG[m[K(ERR, fmt, ## args)
|                                       [01;36m[K^~~~~~~~~~~~[m[K
[01m[K../drivers/dma/idxd/idxd_bus.c:208:17:[m[K [01;36m[Knote: [m[Kin expansion of macro '[01m[KIDXD_PMD_ERR[m[K'
208 |                 [01;36m[KIDXD_PMD_ERR[m[K("%s(): error reading file '%s': %s",
|                 [01;36m[K^~~~~~~~~~~~[m[K
[01m[K../drivers/dma/idxd/idxd_bus.c:[m[K In function '[01m[Kdsa_scan[m[K':
[01m[K../drivers/dma/idxd/idxd_internal.h:25:35:[m[K [01;31m[Kerror: [m[Kformat '[01m[K%s[m[K' expects argument of type '[01m[Kchar *[m[K', but argument 7 has type '[01m[Kint[m[K' [[01;31m[K-Werror=format=[m[K]
25 |                 idxd_pmd_logtype, [01;31m[K"IDXD: %s(): "[m[K fmt "\n", __func__, ##args)
|                                   [01;31m[K^~~~~~~~~~~~~~[m[K
[01m[K../drivers/dma/idxd/idxd_internal.h:29:39:[m[K [01;36m[Knote: [m[Kin expansion of macro '[01m[KIDXD_PMD_LOG[m[K'
29 | #define IDXD_PMD_ERR(fmt, args...)    [01;36m[KIDXD_PMD_LOG[m[K(ERR, fmt, ## args)
|                                       [01;36m[K^~~~~~~~~~~~[m[K
[01m[K../drivers/dma/idxd/idxd_bus.c:319:17:[m[K [01;36m[Knote: [m[Kin expansion of macro '[01m[KIDXD_PMD_ERR[m[K'
319 |                 [01;36m[KIDXD_PMD_ERR[m[K("%s(): opendir '%s' failed: %s",
|                 [01;36m[K^~~~~~~~~~~~[m[K
cc1: all warnings being treated as errors
==== End log output ====
Debian Bullseye
	Kernel: 5.4.0-122-generic
	Compiler: gcc 10.2.1-6
Fedora 37
	Kernel: Depends on container host system
	Compiler: gcc 12.3.1
CentOS Stream 9
	Kernel: 4.18.0-240.10.1.el8_3.x86_64
	Compiler: gcc 11.3.1 20220421
Debian Buster
	Kernel: 5.4.0-122-generic
	Compiler: gcc 8.3.0-6
RHEL8
	Kernel: 4.18.0-240.10.1.el8_3.x86_64
	Compiler: gcc 8.3.1 20191121 (Red Hat 8.3.1-5)
Fedora 38
	Kernel: Depends on container host
	Compiler: clang 16.0.3
CentOS Stream 8
	Kernel: 4.18.0-240.10.1.el8_3.x86_64
	Compiler: gcc 8.4.1 20200928
Ubuntu 22.04
	Kernel: 4.18.0-240.10.1.el8_3.x86_64
	Compiler: gcc 11.3.0
Ubuntu 20.04
	Kernel: 5.4.0-153-generic
	Compiler: gcc 9.4.0-1ubuntu1~20.04.1
Windows Server 2019
	Kernel: 10.0
	Compiler: clang 14.0 and gcc 8.1.0 (MinGW)
openSUSE Leap 15
	Kernel: 4.18.0-240.10.1.el8_3.x86_64
	Compiler: gcc 7.5.0
FreeBSD 13
	Kernel: 13.0
	Compiler: clang 11.0.1
Alpine
	Kernel: 5.4.0-73-generic
	Compiler: gcc (Alpine 10.3.1_git20210424) 10.3.1 20210424
To view detailed results, visit:
https://lab.dpdk.org/results/dashboard/patchsets/28369/
UNH-IOL DPDK Community Lab
To manage your email subscriptions, visit: 
https://lab.dpdk.org/results/dashboard/preferences/subscriptions/
    
    
More information about the test-report
mailing list