|FAILURE| pw134192-134229 [PATCH] [43/43] vdpa/sfc: use rte strerror
dpdklab at iol.unh.edu
dpdklab at iol.unh.edu
Tue Nov 14 10:38:13 CET 2023
Test-Label: iol-unit-arm64-testing
Test-Status: FAILURE
http://dpdk.org/patch/134229
_Testing issues_
Submitter: Dengdui Huang <huangdengdui at huawei.com>
Date: Tuesday, November 14 2023 08:25:39
DPDK git baseline: Repo:dpdk
Branch: master
CommitID:737faa1b4331f6395bc3a665159a489f404e6052
134192-134229 --> testing fail
Test environment and result as below:
+--------------------------+--------------+---------------------------+------------------------------+----------------+
| Environment | lpm_autotest | cryptodev_sw_zuc_autotest | cryptodev_sw_snow3g_autotest | dpdk_unit_test |
+==========================+==============+===========================+==============================+================+
| Ubuntu 20.04 ARM SVE | FAIL | SKIPPED | SKIPPED | SKIPPED |
+--------------------------+--------------+---------------------------+------------------------------+----------------+
| Debian 11 (arm) | SKIPPED | PASS | PASS | SKIPPED |
+--------------------------+--------------+---------------------------+------------------------------+----------------+
| Fedora 37 (ARM) | SKIPPED | SKIPPED | SKIPPED | FAIL |
+--------------------------+--------------+---------------------------+------------------------------+----------------+
| Fedora 38 (ARM) | SKIPPED | SKIPPED | SKIPPED | FAIL |
+--------------------------+--------------+---------------------------+------------------------------+----------------+
| Fedora 38 (ARM Clang) | SKIPPED | SKIPPED | SKIPPED | FAIL |
+--------------------------+--------------+---------------------------+------------------------------+----------------+
| Debian 11 (Buster) (ARM) | SKIPPED | SKIPPED | SKIPPED | PASS |
+--------------------------+--------------+---------------------------+------------------------------+----------------+
| Ubuntu 20.04 (ARM) | SKIPPED | SKIPPED | SKIPPED | FAIL |
+--------------------------+--------------+---------------------------+------------------------------+----------------+
| CentOS Stream 9 (ARM) | SKIPPED | SKIPPED | SKIPPED | PASS |
+--------------------------+--------------+---------------------------+------------------------------+----------------+
==== 20 line log output for Ubuntu 20.04 (ARM) (dpdk_unit_test): ====
../lib/telemetry/telemetry.c: In function 'socket_listener':
../lib/telemetry/telemetry.c:439:4: error: ignoring return value of 'strerror_r', declared with attribute warn_unused_result [-Werror=unused-result]
439 | strerror_r(rc, err_buf, sizeof(err_buf));
| ^~~~~~~~~~~~~~~~~~~~~~~~~~~~~~~~~~~~~~~~
../lib/telemetry/telemetry.c: In function 'create_socket':
../lib/telemetry/telemetry.c:479:3: error: ignoring return value of 'strerror_r', declared with attribute warn_unused_result [-Werror=unused-result]
479 | strerror_r(errno, err_buf, sizeof(err_buf));
| ^~~~~~~~~~~~~~~~~~~~~~~~~~~~~~~~~~~~~~~~~~~
../lib/telemetry/telemetry.c:510:4: error: ignoring return value of 'strerror_r', declared with attribute warn_unused_result [-Werror=unused-result]
510 | strerror_r(errno, err_buf, sizeof(err_buf));
| ^~~~~~~~~~~~~~~~~~~~~~~~~~~~~~~~~~~~~~~~~~~
../lib/telemetry/telemetry.c:518:3: error: ignoring return value of 'strerror_r', declared with attribute warn_unused_result [-Werror=unused-result]
518 | strerror_r(errno, err_buf, sizeof(err_buf));
| ^~~~~~~~~~~~~~~~~~~~~~~~~~~~~~~~~~~~~~~~~~~
../lib/telemetry/telemetry.c: In function 'telemetry_legacy_init':
../lib/telemetry/telemetry.c:567:3: error: ignoring return value of 'strerror_r', declared with attribute warn_unused_result [-Werror=unused-result]
567 | strerror_r(rc, err_buf, sizeof(err_buf));
| ^~~~~~~~~~~~~~~~~~~~~~~~~~~~~~~~~~~~~~~~
cc1: all warnings being treated as errors
ninja: build stopped: subcommand failed.
==== End log output ====
Ubuntu 20.04 ARM SVE
Kernel: 5.4.0-80-generic
Compiler: gcc 10.3.0 (Ubuntu 10.3.0-1ubuntu1~20.04)
Debian 11 (arm)
Kernel: Container Host Kernel
Compiler: gcc 10.2.1
Fedora 37 (ARM)
Kernel: Depends on container host
Compiler: gcc 12.3.1
Fedora 38 (ARM)
Kernel: Depends on container host
Compiler: gcc 13.1.1
Fedora 38 (ARM Clang)
Kernel: Depends on container host
Compiler: clang 16.0.3
Debian 11 (Buster) (ARM)
Kernel: Container Host Kernel
Compiler: gcc 10.2.1
Ubuntu 20.04 (ARM)
Kernel: Container Host Kernel
Compiler: gcc 9.4.0
CentOS Stream 9 (ARM)
Kernel: Container Host Kernel
Compiler: gcc 11.3.1
To view detailed results, visit:
https://lab.dpdk.org/results/dashboard/patchsets/28369/
UNH-IOL DPDK Community Lab
To manage your email subscriptions, visit:
https://lab.dpdk.org/results/dashboard/preferences/subscriptions/
More information about the test-report
mailing list