|FAILURE| pw134192-134229 [PATCH] [43/43] vdpa/sfc: use rte strerror
dpdklab at iol.unh.edu
dpdklab at iol.unh.edu
Tue Nov 14 10:42:29 CET 2023
Test-Label: iol-compile-arm64-testing
Test-Status: FAILURE
http://dpdk.org/patch/134229
_Testing issues_
Submitter: Dengdui Huang <huangdengdui at huawei.com>
Date: Tuesday, November 14 2023 08:25:39
DPDK git baseline: Repo:dpdk
Branch: master
CommitID:737faa1b4331f6395bc3a665159a489f404e6052
134192-134229 --> testing fail
Test environment and result as below:
+----------------------------------------+--------------------+
| Environment | dpdk_meson_compile |
+========================================+====================+
| Ubuntu 20.04 ARM GCC Cross Compile | FAIL |
+----------------------------------------+--------------------+
| Ubuntu 20.04 ARM SVE | FAIL |
+----------------------------------------+--------------------+
| Ubuntu 20.04 (ARM) | FAIL |
+----------------------------------------+--------------------+
| Fedora 38 (ARM) | FAIL |
+----------------------------------------+--------------------+
| Ubuntu 20.04 aarch32 GCC Cross Compile | FAIL |
+----------------------------------------+--------------------+
| Fedora 37 (ARM) | FAIL |
+----------------------------------------+--------------------+
| Debian 11 (Buster) (ARM) | PASS |
+----------------------------------------+--------------------+
| Fedora 38 (ARM Clang) | FAIL |
+----------------------------------------+--------------------+
| Ubuntu 20.04 ARM Clang Cross Compile | PASS |
+----------------------------------------+--------------------+
| CentOS Stream 9 (ARM) | PASS |
+----------------------------------------+--------------------+
==== 20 line log output for Fedora 38 (ARM Clang) (dpdk_meson_compile): ====
rte_strerror(errno));
^~~~~~~~~~~~~~~~~~~
../lib/vhost/vhost.h:680:40: note: expanded from macro 'VHOST_LOG_CONFIG'
"VHOST_CONFIG: (%s) " fmt, prefix, ##args)
~~~ ^~~~
../lib/vhost/vduse.c:403:5: error: call to undeclared function 'rte_strerror'; ISO C99 and later do not support implicit function declarations [-Wimplicit-function-declaration]
rte_strerror(errno));
^
../lib/vhost/vduse.c:403:5: error: format specifies type 'char *' but the argument has type 'int' [-Werror,-Wformat]
rte_strerror(errno));
^~~~~~~~~~~~~~~~~~~
../lib/vhost/vhost.h:680:40: note: expanded from macro 'VHOST_LOG_CONFIG'
"VHOST_CONFIG: (%s) " fmt, prefix, ##args)
~~~ ^~~~
../lib/vhost/vduse.c:456:22: error: call to undeclared function 'rte_strerror'; ISO C99 and later do not support implicit function declarations [-Wimplicit-function-declaration]
VDUSE_CTRL_PATH, rte_strerror(errno));
^
fatal error: too many errors emitted, stopping now [-ferror-limit=]
20 errors generated.
ninja: build stopped: subcommand failed.
==== End log output ====
Ubuntu 20.04 ARM GCC Cross Compile
Kernel: 5.4.0-72-generic
Compiler: aarch64-linux-gnu-gcc (Ubuntu 9.3.0-17ubuntu1~20.04) 9.3.0
Ubuntu 20.04 ARM SVE
Kernel: 5.4.0-80-generic
Compiler: gcc 10.3.0 (Ubuntu 10.3.0-1ubuntu1~20.04)
Ubuntu 20.04 (ARM)
Kernel: Container Host Kernel
Compiler: gcc 9.4.0
Fedora 38 (ARM)
Kernel: Depends on container host
Compiler: gcc 13.1.1
Ubuntu 20.04 aarch32 GCC Cross Compile
Kernel: 5.4.0-72-generic
Compiler: gcc 9.3.0
Fedora 37 (ARM)
Kernel: Depends on container host
Compiler: gcc 12.3.1
Debian 11 (Buster) (ARM)
Kernel: Container Host Kernel
Compiler: gcc 10.2.1
Fedora 38 (ARM Clang)
Kernel: Depends on container host
Compiler: clang 16.0.3
Ubuntu 20.04 ARM Clang Cross Compile
Kernel: 5.4.0-72-generic
Compiler: clang version 10.0.0-4ubuntu1
CentOS Stream 9 (ARM)
Kernel: Container Host Kernel
Compiler: gcc 11.3.1
To view detailed results, visit:
https://lab.dpdk.org/results/dashboard/patchsets/28369/
UNH-IOL DPDK Community Lab
To manage your email subscriptions, visit:
https://lab.dpdk.org/results/dashboard/preferences/subscriptions/
More information about the test-report
mailing list