|FAILURE| pw134280-134316 [PATCH] [v2,43/43] vdpa/sfc: use rte strer

dpdklab at iol.unh.edu dpdklab at iol.unh.edu
Tue Nov 14 13:19:52 CET 2023


Test-Label: iol-compile-arm64-testing
Test-Status: FAILURE
http://dpdk.org/patch/134316

_Testing issues_

Submitter: Dengdui Huang <huangdengdui at huawei.com>
Date: Tuesday, November 14 2023 11:24:07 
DPDK git baseline: Repo:dpdk
  Branch: master
  CommitID:737faa1b4331f6395bc3a665159a489f404e6052

134280-134316 --> testing fail

Test environment and result as below:

+----------------------------------------+--------------------+
|              Environment               | dpdk_meson_compile |
+========================================+====================+
| Ubuntu 20.04 ARM SVE                   | FAIL               |
+----------------------------------------+--------------------+
| Ubuntu 20.04 ARM GCC Cross Compile     | FAIL               |
+----------------------------------------+--------------------+
| Ubuntu 20.04 (ARM)                     | FAIL               |
+----------------------------------------+--------------------+
| Ubuntu 20.04 ARM Clang Cross Compile   | PASS               |
+----------------------------------------+--------------------+
| Ubuntu 20.04 aarch32 GCC Cross Compile | FAIL               |
+----------------------------------------+--------------------+
| Fedora 37 (ARM)                        | PASS               |
+----------------------------------------+--------------------+
| CentOS Stream 9 (ARM)                  | PASS               |
+----------------------------------------+--------------------+
| Fedora 38 (ARM)                        | PASS               |
+----------------------------------------+--------------------+

==== 20 line log output for Ubuntu 20.04 aarch32 GCC Cross Compile (dpdk_meson_compile): ====
../lib/telemetry/telemetry.c: In function 'socket_listener':
../lib/telemetry/telemetry.c:439:10: error: ignoring return value of 'strerror_r', declared with attribute warn_unused_result [-Werror=unused-result]
439 |    (void)strerror_r(rc, err_buf, sizeof(err_buf));
|          ^~~~~~~~~~~~~~~~~~~~~~~~~~~~~~~~~~~~~~~~
../lib/telemetry/telemetry.c: In function 'create_socket':
../lib/telemetry/telemetry.c:479:9: error: ignoring return value of 'strerror_r', declared with attribute warn_unused_result [-Werror=unused-result]
479 |   (void)strerror_r(errno, err_buf, sizeof(err_buf));
|         ^~~~~~~~~~~~~~~~~~~~~~~~~~~~~~~~~~~~~~~~~~~
../lib/telemetry/telemetry.c:510:10: error: ignoring return value of 'strerror_r', declared with attribute warn_unused_result [-Werror=unused-result]
510 |    (void)strerror_r(errno, err_buf, sizeof(err_buf));
|          ^~~~~~~~~~~~~~~~~~~~~~~~~~~~~~~~~~~~~~~~~~~
../lib/telemetry/telemetry.c:518:9: error: ignoring return value of 'strerror_r', declared with attribute warn_unused_result [-Werror=unused-result]
518 |   (void)strerror_r(errno, err_buf, sizeof(err_buf));
|         ^~~~~~~~~~~~~~~~~~~~~~~~~~~~~~~~~~~~~~~~~~~
../lib/telemetry/telemetry.c: In function 'telemetry_legacy_init':
../lib/telemetry/telemetry.c:567:9: error: ignoring return value of 'strerror_r', declared with attribute warn_unused_result [-Werror=unused-result]
567 |   (void)strerror_r(rc, err_buf, sizeof(err_buf));
|         ^~~~~~~~~~~~~~~~~~~~~~~~~~~~~~~~~~~~~~~~
cc1: all warnings being treated as errors
ninja: build stopped: subcommand failed.
==== End log output ====

Ubuntu 20.04 ARM SVE
	Kernel: 5.4.0-80-generic
	Compiler: gcc 10.3.0 (Ubuntu 10.3.0-1ubuntu1~20.04)

Ubuntu 20.04 ARM GCC Cross Compile
	Kernel: 5.4.0-72-generic
	Compiler: aarch64-linux-gnu-gcc (Ubuntu 9.3.0-17ubuntu1~20.04) 9.3.0

Ubuntu 20.04 (ARM)
	Kernel: Container Host Kernel
	Compiler: gcc 9.4.0

Ubuntu 20.04 ARM Clang Cross Compile
	Kernel: 5.4.0-72-generic
	Compiler: clang version 10.0.0-4ubuntu1

Ubuntu 20.04 aarch32 GCC Cross Compile
	Kernel: 5.4.0-72-generic
	Compiler: gcc 9.3.0

Fedora 37 (ARM)
	Kernel: Depends on container host
	Compiler: gcc 12.3.1

CentOS Stream 9 (ARM)
	Kernel: Container Host Kernel
	Compiler: gcc 11.3.1

Fedora 38 (ARM)
	Kernel: Depends on container host
	Compiler: gcc 13.1.1

To view detailed results, visit:
https://lab.dpdk.org/results/dashboard/patchsets/28376/

UNH-IOL DPDK Community Lab

To manage your email subscriptions, visit: 
https://lab.dpdk.org/results/dashboard/preferences/subscriptions/


More information about the test-report mailing list