|FAILURE| pw134280-134316 [PATCH] [v2,43/43] vdpa/sfc: use rte strer
dpdklab at iol.unh.edu
dpdklab at iol.unh.edu
Tue Nov 14 13:21:08 CET 2023
Test-Label: iol-compile-amd64-testing
Test-Status: FAILURE
http://dpdk.org/patch/134316
_Testing issues_
Submitter: Dengdui Huang <huangdengdui at huawei.com>
Date: Tuesday, November 14 2023 11:24:07
DPDK git baseline: Repo:dpdk
Branch: master
CommitID:737faa1b4331f6395bc3a665159a489f404e6052
134280-134316 --> testing fail
Test environment and result as below:
+---------------------+--------------------+----------------------+
| Environment | dpdk_meson_compile | dpdk_mingw64_compile |
+=====================+====================+======================+
| Ubuntu 20.04 | FAIL | SKIPPED |
+---------------------+--------------------+----------------------+
| FreeBSD 13 | FAIL | SKIPPED |
+---------------------+--------------------+----------------------+
| Ubuntu 22.04 | FAIL | SKIPPED |
+---------------------+--------------------+----------------------+
| Debian Bullseye | PASS | SKIPPED |
+---------------------+--------------------+----------------------+
| Debian Buster | PASS | SKIPPED |
+---------------------+--------------------+----------------------+
| CentOS Stream 8 | PASS | SKIPPED |
+---------------------+--------------------+----------------------+
| CentOS Stream 9 | PASS | SKIPPED |
+---------------------+--------------------+----------------------+
| Windows Server 2019 | PASS | PASS |
+---------------------+--------------------+----------------------+
| Fedora 37 | PASS | SKIPPED |
+---------------------+--------------------+----------------------+
| openSUSE Leap 15 | PASS | SKIPPED |
+---------------------+--------------------+----------------------+
| Fedora 38 | PASS | SKIPPED |
+---------------------+--------------------+----------------------+
| Alpine | PASS | SKIPPED |
+---------------------+--------------------+----------------------+
| RHEL8 | PASS | SKIPPED |
+---------------------+--------------------+----------------------+
==== 20 line log output for Ubuntu 22.04 (dpdk_meson_compile): ====
../lib/telemetry/telemetry.c: In function 'socket_listener':
../lib/telemetry/telemetry.c:439:31: error: ignoring return value of 'strerror_r' declared with attribute 'warn_unused_result' [-Werror=unused-result]
439 | (void)strerror_r(rc, err_buf, sizeof(err_buf));
| ^~~~~~~~~~~~~~~~~~~~~~~~~~~~~~~~~~~~~~~~
../lib/telemetry/telemetry.c: In function 'create_socket':
../lib/telemetry/telemetry.c:479:23: error: ignoring return value of 'strerror_r' declared with attribute 'warn_unused_result' [-Werror=unused-result]
479 | (void)strerror_r(errno, err_buf, sizeof(err_buf));
| ^~~~~~~~~~~~~~~~~~~~~~~~~~~~~~~~~~~~~~~~~~~
../lib/telemetry/telemetry.c:510:31: error: ignoring return value of 'strerror_r' declared with attribute 'warn_unused_result' [-Werror=unused-result]
510 | (void)strerror_r(errno, err_buf, sizeof(err_buf));
| ^~~~~~~~~~~~~~~~~~~~~~~~~~~~~~~~~~~~~~~~~~~
../lib/telemetry/telemetry.c:518:23: error: ignoring return value of 'strerror_r' declared with attribute 'warn_unused_result' [-Werror=unused-result]
518 | (void)strerror_r(errno, err_buf, sizeof(err_buf));
| ^~~~~~~~~~~~~~~~~~~~~~~~~~~~~~~~~~~~~~~~~~~
../lib/telemetry/telemetry.c: In function 'telemetry_legacy_init':
../lib/telemetry/telemetry.c:567:23: error: ignoring return value of 'strerror_r' declared with attribute 'warn_unused_result' [-Werror=unused-result]
567 | (void)strerror_r(rc, err_buf, sizeof(err_buf));
| ^~~~~~~~~~~~~~~~~~~~~~~~~~~~~~~~~~~~~~~~
cc1: all warnings being treated as errors
ninja: build stopped: subcommand failed.
==== End log output ====
Ubuntu 20.04
Kernel: 5.4.0-153-generic
Compiler: gcc 9.4.0-1ubuntu1~20.04.1
FreeBSD 13
Kernel: 13.0
Compiler: clang 11.0.1
Ubuntu 22.04
Kernel: 4.18.0-240.10.1.el8_3.x86_64
Compiler: gcc 11.3.0
Debian Bullseye
Kernel: 5.4.0-122-generic
Compiler: gcc 10.2.1-6
Debian Buster
Kernel: 5.4.0-122-generic
Compiler: gcc 8.3.0-6
CentOS Stream 8
Kernel: 4.18.0-240.10.1.el8_3.x86_64
Compiler: gcc 8.4.1 20200928
CentOS Stream 9
Kernel: 4.18.0-240.10.1.el8_3.x86_64
Compiler: gcc 11.3.1 20220421
Windows Server 2019
Kernel: 10.0
Compiler: clang 14.0 and gcc 8.1.0 (MinGW)
Fedora 37
Kernel: Depends on container host system
Compiler: gcc 12.3.1
openSUSE Leap 15
Kernel: 4.18.0-240.10.1.el8_3.x86_64
Compiler: gcc 7.5.0
Fedora 38
Kernel: Depends on container host
Compiler: gcc 13.1.1
Alpine
Kernel: 5.4.0-73-generic
Compiler: gcc (Alpine 10.3.1_git20210424) 10.3.1 20210424
RHEL8
Kernel: 4.18.0-240.10.1.el8_3.x86_64
Compiler: gcc 8.3.1 20191121 (Red Hat 8.3.1-5)
To view detailed results, visit:
https://lab.dpdk.org/results/dashboard/patchsets/28376/
UNH-IOL DPDK Community Lab
To manage your email subscriptions, visit:
https://lab.dpdk.org/results/dashboard/preferences/subscriptions/
More information about the test-report
mailing list