|WARNING| pw134280-134316 [PATCH] [v2,43/43] vdpa/sfc: use rte strer

dpdklab at iol.unh.edu dpdklab at iol.unh.edu
Tue Nov 14 13:23:08 CET 2023


Test-Label: iol-unit-arm64-testing
Test-Status: WARNING
http://dpdk.org/patch/134316

_Testing issues_

Submitter: Dengdui Huang <huangdengdui at huawei.com>
Date: Tuesday, November 14 2023 11:24:07 
DPDK git baseline: Repo:dpdk
  Branch: master
  CommitID:737faa1b4331f6395bc3a665159a489f404e6052

134280-134316 --> testing fail

Test environment and result as below:

+-----------------------+--------------+---------------------------+----------------+
|      Environment      | lpm_autotest | cryptodev_sw_zuc_autotest | dpdk_unit_test |
+=======================+==============+===========================+================+
| Ubuntu 20.04 ARM SVE  | FAIL         | SKIPPED                   | SKIPPED        |
+-----------------------+--------------+---------------------------+----------------+
| Debian 11 (arm)       | SKIPPED      | PASS                      | SKIPPED        |
+-----------------------+--------------+---------------------------+----------------+
| CentOS Stream 9 (ARM) | SKIPPED      | SKIPPED                   | PASS           |
+-----------------------+--------------+---------------------------+----------------+
| Fedora 37 (ARM)       | SKIPPED      | SKIPPED                   | PASS           |
+-----------------------+--------------+---------------------------+----------------+

==== 20 line log output for Ubuntu 20.04 ARM SVE (lpm_autotest): ====
439 |    (void)strerror_r(rc, err_buf, sizeof(err_buf));
|          ^~~~~~~~~~~~~~~~~~~~~~~~~~~~~~~~~~~~~~~~
../lib/telemetry/telemetry.c: In function 'create_socket':
../lib/telemetry/telemetry.c:479:9: error: ignoring return value of 'strerror_r' declared with attribute 'warn_unused_result' [-Werror=unused-result]
479 |   (void)strerror_r(errno, err_buf, sizeof(err_buf));
|         ^~~~~~~~~~~~~~~~~~~~~~~~~~~~~~~~~~~~~~~~~~~
../lib/telemetry/telemetry.c:510:10: error: ignoring return value of 'strerror_r' declared with attribute 'warn_unused_result' [-Werror=unused-result]
510 |    (void)strerror_r(errno, err_buf, sizeof(err_buf));
|          ^~~~~~~~~~~~~~~~~~~~~~~~~~~~~~~~~~~~~~~~~~~
../lib/telemetry/telemetry.c:518:9: error: ignoring return value of 'strerror_r' declared with attribute 'warn_unused_result' [-Werror=unused-result]
518 |   (void)strerror_r(errno, err_buf, sizeof(err_buf));
|         ^~~~~~~~~~~~~~~~~~~~~~~~~~~~~~~~~~~~~~~~~~~
../lib/telemetry/telemetry.c: In function 'telemetry_legacy_init':
../lib/telemetry/telemetry.c:567:9: error: ignoring return value of 'strerror_r' declared with attribute 'warn_unused_result' [-Werror=unused-result]
567 |   (void)strerror_r(rc, err_buf, sizeof(err_buf));
|         ^~~~~~~~~~~~~~~~~~~~~~~~~~~~~~~~~~~~~~~~
cc1: all warnings being treated as errors
[11/416] Compiling C object 'lib/76b5a35@@rte_eal at sta/eal_common_eal_common_class.c.o'.
[12/416] Generating log.sym_chk with a meson_exe.py custom command.
ninja: build stopped: subcommand failed.
==== End log output ====

Ubuntu 20.04 ARM SVE
	Kernel: 5.4.0-80-generic
	Compiler: gcc 10.3.0 (Ubuntu 10.3.0-1ubuntu1~20.04)

Debian 11 (arm)
	Kernel: Container Host Kernel
	Compiler: gcc 10.2.1

CentOS Stream 9 (ARM)
	Kernel: Container Host Kernel
	Compiler: gcc 11.3.1

Fedora 37 (ARM)
	Kernel: Depends on container host
	Compiler: gcc 12.3.1

To view detailed results, visit:
https://lab.dpdk.org/results/dashboard/patchsets/28376/

UNH-IOL DPDK Community Lab

To manage your email subscriptions, visit: 
https://lab.dpdk.org/results/dashboard/preferences/subscriptions/


More information about the test-report mailing list