|FAILURE| pw134258-134279 [PATCH] [v3,22/22] devtools: check for som

dpdklab at iol.unh.edu dpdklab at iol.unh.edu
Tue Nov 14 14:32:24 CET 2023


Test-Label: iol-unit-amd64-testing
Test-Status: FAILURE
http://dpdk.org/patch/134279

_Testing issues_

Submitter: Jie Hai <haijie1 at huawei.com>
Date: Tuesday, November 14 2023 11:00:06 
DPDK git baseline: Repo:dpdk
  Branch: master
  CommitID:737faa1b4331f6395bc3a665159a489f404e6052

134258-134279 --> testing fail

Test environment and result as below:

+---------------------+----------------+
|     Environment     | dpdk_unit_test |
+=====================+================+
| Windows Server 2019 | FAIL           |
+---------------------+----------------+
| CentOS Stream 8     | PASS           |
+---------------------+----------------+
| CentOS Stream 9     | PASS           |
+---------------------+----------------+
| Debian Buster       | PASS           |
+---------------------+----------------+
| Fedora 38           | PASS           |
+---------------------+----------------+
| Debian Bullseye     | PASS           |
+---------------------+----------------+
| Fedora 37           | PASS           |
+---------------------+----------------+
| RHEL8               | PASS           |
+---------------------+----------------+
| openSUSE Leap 15    | PASS           |
+---------------------+----------------+
| Ubuntu 20.04        | PASS           |
+---------------------+----------------+
| Ubuntu 22.04        | PASS           |
+---------------------+----------------+

==== 20 line log output for Windows Server 2019 (dpdk_unit_test): ====
         _ A C R T I M P   c h a r *     _ _ c d e c l   s t r t o k _ s ( 
 
                                                         ^ 
 
 . . / l i b / e t h d e v / r t e _ e t h d e v _ t e l e m e t r y . c : 4 9 3 : 1 3 :   e r r o r :   i n c o m p a t i b l e   i n t e g e r   t o   p o i n t e r   c o n v e r s i o n   a s s i g n i n g   t o   ' c o n s t   c h a r   * '   f r o m   ' i n t '   [ - W e r r o r , - W i n t - c o n v e r s i o n ] 
 
                                 q i d _ p a r a m   =   s t r t o k _ r ( e n d _ p a r a m ,   " , " ,   & s p ) ; 
 
                                                     ^   ~ ~ ~ ~ ~ ~ ~ ~ ~ ~ ~ ~ ~ ~ ~ ~ ~ ~ ~ ~ ~ ~ ~ ~ ~ ~ ~ ~ ~ 
 
 . . / l i b / e t h d e v / r t e _ e t h d e v _ t e l e m e t r y . c : 1 2 2 8 : 1 8 :   e r r o r :   i m p l i c i t   d e c l a r a t i o n   o f   f u n c t i o n   ' s t r t o k _ r '   i s   i n v a l i d   i n   C 9 9   [ - W e r r o r , - W i m p l i c i t - f u n c t i o n - d e c l a r a t i o n ] 
 
                 s p l i t e d _ p a r a m   =   s t r t o k _ r ( p a r a m s ,   " , " ,   & s p ) ; 
 
                                                 ^ 
 
 . . / l i b / e t h d e v / r t e _ e t h d e v _ t e l e m e t r y . c : 1 2 2 8 : 1 6 :   e r r o r :   i n c o m p a t i b l e   i n t e g e r   t o   p o i n t e r   c o n v e r s i o n   a s s i g n i n g   t o   ' c o n s t   c h a r   * '   f r o m   ' i n t '   [ - W e r r o r , - W i n t - c o n v e r s i o n ] 
 
                 s p l i t e d _ p a r a m   =   s t r t o k _ r ( p a r a m s ,   " , " ,   & s p ) ; 
 
                                             ^   ~ ~ ~ ~ ~ ~ ~ ~ ~ ~ ~ ~ ~ ~ ~ ~ ~ ~ ~ ~ ~ ~ ~ ~ ~ ~ 
 
 4   e r r o r s   g e n e r a t e d . 
 
 [ 4 / 5 2 8 ]   C o m p i l i n g   C   o b j e c t   l i b / l i b r t e _ c m d l i n e . a . p / c m d l i n e _ c m d l i n e _ c i r b u f . c . o b j 
 
 [ 5 / 5 2 8 ]   C o m p i l i n g   C   o b j e c t   l i b / l i b r t e _ c m d l i n e . a . p / c m d l i n e _ c m d l i n e _ p a r s e _ i p a d d r . c . o b j 
 
 [ 6 / 5 2 8 ]   C o m p i l i n g   C   o b j e c t   l i b / l i b r t e _ e t h d e v . a . p / e t h d e v _ r t e _ c l a s s _ e t h . c . o b j 
 
 [ 7 / 5 2 8 ]   C o m p i l i n g   C   o b j e c t   l i b / l i b r t e _ e t h d e v . a . p / e t h d e v _ r t e _ f l o w . c . o b j 
 
 [ 8 / 5 2 8 ]   C o m p i l i n g   C   o b j e c t   l i b / l i b r t e _ e t h d e v . a . p / e t h d e v _ r t e _ e t h d e v . c . o b j 
 
 n i n j a :   b u i l d   s t o p p e d :   s u b c o m m a n d   f a i l e d . 
 
 C o u l d   n o t   r e b u i l d   C : \ U s e r s \ b u i l d e r \ j e n k i n s \ w o r k s p a c e \ G e n e r i c - V M - U n i t - T e s t - D P D K \ d p d k \ b u i l d 
 
 
==== End log output ====

Windows Server 2019
	Kernel: 10.0
	Compiler: clang 14.0 and gcc 8.1.0 (MinGW)

CentOS Stream 8
	Kernel: 4.18.0-240.10.1.el8_3.x86_64
	Compiler: gcc 8.4.1 20200928

CentOS Stream 9
	Kernel: 4.18.0-240.10.1.el8_3.x86_64
	Compiler: gcc 11.3.1 20220421

Debian Buster
	Kernel: 5.4.0-122-generic
	Compiler: gcc 8.3.0-6

Fedora 38
	Kernel: Depends on container host
	Compiler: gcc 13.1.1

Debian Bullseye
	Kernel: 5.4.0-122-generic
	Compiler: gcc 10.2.1-6

Fedora 37
	Kernel: Depends on container host system
	Compiler: gcc 12.3.1

RHEL8
	Kernel: 4.18.0-240.10.1.el8_3.x86_64
	Compiler: gcc 8.3.1 20191121 (Red Hat 8.3.1-5)

openSUSE Leap 15
	Kernel: 4.18.0-240.10.1.el8_3.x86_64
	Compiler: gcc 7.5.0

Ubuntu 20.04
	Kernel: 5.4.0-153-generic
	Compiler: gcc 9.4.0-1ubuntu1~20.04.1

Ubuntu 22.04
	Kernel: 4.18.0-240.10.1.el8_3.x86_64
	Compiler: gcc 11.3.0

To view detailed results, visit:
https://lab.dpdk.org/results/dashboard/patchsets/28375/

UNH-IOL DPDK Community Lab

To manage your email subscriptions, visit: 
https://lab.dpdk.org/results/dashboard/preferences/subscriptions/


More information about the test-report mailing list